000
CXUS56 KPDT 241832
CF6ALW
PRELIMINARY LOCAL CLIMATOLOGICAL DATA (WS FORM: F-6)

                                          STATION:   WALLA WALLA WA
                                          MONTH:     MAY
                                          YEAR:      2015
                                          LATITUDE:   46  5 N
                                          LONGITUDE: 118 17 W

  TEMPERATURE IN F:       :PCPN:    SNOW:  WIND      :SUNSHINE: SKY     :PK WND
================================================================================
1   2   3   4   5  6A  6B    7    8   9   10  11  12  13   14  15   16   17  18
                                     12Z  AVG MX 2MIN
DY MAX MIN AVG DEP HDD CDD  WTR  SNW DPTH SPD SPD DIR MIN PSBL S-S WX    SPD DR
================================================================================

 1  81  51  66  11   0   1 0.00  0.0    0  6.0 13 220   M    M   0 8      15 240
 2  72  48  60   4   5   0 0.00  0.0    0  5.8 12  90   M    M   0 8      16 310
 3  77  42  60   4   5   0 0.00  0.0    0  4.8 10  90   M    M   0        14 260
 4  81  47  64   8   1   0 0.00  0.0    0  8.8 24 210   M    M   0        32 230
 5  66  49  58   2   7   0 0.00  0.0    0 12.7 23 240   M    M   2        27 240
 6  65  42  54  -3  11   0 0.00  0.0    0  9.1 21 200   M    M   4        25 200
 7  74  45  60   3   5   0 0.00  0.0    0  7.6 18  20   M    M   2        23  10
 8  77  44  61   4   4   0 0.00  0.0    0  5.8 13  80   M    M   0        16  30
 9  78  44  61   3   4   0 0.00  0.0    0  6.9 17  30   M    M   0        23  10
10  80  46  63   5   2   0 0.00  0.0    0  5.8 12 100   M    M   0        14  40
11  74  54  64   6   1   0    T  0.0    0 10.5 18 200   M    M   4 38     23 200
12  62  50  56  -2   9   0 0.67  0.0    0  8.0 30 210   M    M   9 1      38 210
13  61  47  54  -5  11   0 0.98  0.0    0 11.9 28 200   M    M   9 1      35 170
14  71  45  58  -1   7   0 0.00  0.0    0  5.3 14 340   M    M   3        15 340
15  66  53  60   1   5   0    T  0.0    0  8.9 21 200   M    M   9        24 200
16  73  54  64   4   1   0 0.00  0.0    0 12.3 21 190   M    M   4        25 190
17  70  54  62   2   3   0    T  0.0    0  4.8 17 200   M    M   8        22 200
18  78  57  68   8   0   3    T  0.0    0  4.9 14 130   M    M   4        18 140
19  76  60  68   8   0   3 0.02  0.0    0  4.8 12 290   M    M   3        15 300
20  78  59  69   9   0   4 0.01  0.0    0  6.2 26 150   M    M   3 3      32 150
21  79  59  69   8   0   4 0.14  0.0    0  6.7 20 160   M    M   3 3      26  90
22  74  61  68   7   0   3    T  0.0    0 10.2 24 180   M    M   4 3      31 180
23  77  57  67   6   0   2 0.00  0.0    0  9.4 21 200   M    M   4        25 200
================================================================================
SM 1690 1168        81  20  1.82     0.0 177.2          M       75
================================================================================
AV 73.5 50.8                               7.7 FASTST   M    M   3    MAX(MPH)
                                 MISC ---->  # 30 210               # 38  210
================================================================================
NOTES:
# LAST OF SEVERAL OCCURRENCES

COLUMN 17 PEAK WIND IN M.P.H.

PRELIMINARY LOCAL CLIMATOLOGICAL DATA (WS FORM: F-6) , PAGE 2

                                          STATION:  WALLA WALLA WA
                                          MONTH:    MAY
                                          YEAR:     2015
                                          LATITUDE:   46  5 N
                                          LONGITUDE: 118 17 W

[TEMPERATURE DATA]      [PRECIPITATION DATA]       SYMBOLS USED IN COLUMN 16

AVERAGE MONTHLY: 62.1   TOTAL FOR MONTH:   1.82    1 = FOG OR MIST
DPTR FM NORMAL:   3.8   DPTR FM NORMAL:    0.26    2 = FOG REDUCING VISIBILITY
HIGHEST:    81 ON  4, 1 GRTST 24HR  1.64 ON 12-13      TO 1/4 MILE OR LESS
LOWEST:     42 ON  6, 3                            3 = THUNDER
                        SNOW, ICE PELLETS, HAIL    4 = ICE PELLETS
                        TOTAL MONTH:   0.0 INCH    5 = HAIL
                        GRTST 24HR     0.0         6 = FREEZING RAIN OR DRIZZLE
                        GRTST DEPTH:   0           7 = DUSTSTORM OR SANDSTORM:
                                                       VSBY 1/2 MILE OR LESS
                                                   8 = SMOKE OR HAZE
[NO. OF DAYS WITH]      [WEATHER - DAYS WITH]      9 = BLOWING SNOW
                                                   X = TORNADO
MAX 32 OR BELOW:   0    0.01 INCH OR MORE:   5
MAX 90 OR ABOVE:   0    0.10 INCH OR MORE:   3
MIN 32 OR BELOW:   0    0.50 INCH OR MORE:   2
MIN  0 OR BELOW:   0    1.00 INCH OR MORE:   0

[HDD (BASE 65) ]
TOTAL THIS MO.    81    CLEAR  (SCALE 0-3)  11
DPTR FM NORMAL   -92    PTCLDY (SCALE 4-7)   9
TOTAL FM JUL 1  3977    CLOUDY (SCALE 8-10)  3
DPTR FM NORMAL  -937

[CDD (BASE 65) ]
TOTAL THIS MO.    20
DPTR FM NORMAL     0    [PRESSURE DATA]
TOTAL FM JAN 1    22    HIGHEST SLP 29.99 ON 23
DPTR FM NORMAL     0    LOWEST  SLP 29.67 ON 15

[REMARKS]
