000
CXUS56 KPDT 300532
CF6ALW
PRELIMINARY LOCAL CLIMATOLOGICAL DATA (WS FORM: F-6)

                                          STATION:   WALLA WALLA WA
                                          MONTH:     JUNE
                                          YEAR:      2015
                                          LATITUDE:   46  5 N
                                          LONGITUDE: 118 17 W

  TEMPERATURE IN F:       :PCPN:    SNOW:  WIND      :SUNSHINE: SKY     :PK WND
================================================================================
1   2   3   4   5  6A  6B    7    8   9   10  11  12  13   14  15   16   17  18
                                     12Z  AVG MX 2MIN
DY MAX MIN AVG DEP HDD CDD  WTR  SNW DPTH SPD SPD DIR MIN PSBL S-S WX    SPD DR
================================================================================

 1  81  62  72   9   0   7    T  0.0    0 10.3 20 180   M    M   2 8      26 210
 2  76  57  67   4   0   2 0.02  0.0    0 15.1 24 240   M    M   5        30 210
 3  75  54  65   1   0   0 0.00  0.0    0 10.0 20 220   M    M   3        27 240
 4  81  54  68   4   0   3 0.00  0.0    0  7.0 13  30   M    M   1        18  40
 5  88  55  72   8   0   7 0.00  0.0    0  6.7 15 340   M    M   0        22 340
 6  92  60  76  12   0  11 0.00  0.0    0  6.5 12 200   M    M   0        16 280
 7  97  67  82  18   0  17 0.00  0.0    0  4.6 12 120   M    M   0        18 210
 8 102  66  84  20   0  19 0.00  0.0    0  5.6 15 270   M    M   0        17 270
 9  95  70  83  18   0  18 0.00  0.0    0  6.4 16 170   M    M   0 8      20 180
10  91  69  80  15   0  15 0.00  0.0    0 10.4 20 230   M    M   0        24 240
11  91  63  77  12   0  12 0.00  0.0    0  9.4 15 220   M    M   0        20 180
12  83  58  71   6   0   6 0.00  0.0    0 11.4 25 230   M    M   0        31 230
13  78  51  65  -1   0   0 0.00  0.0    0  8.3 14 200   M    M   0        17 270
14  87  51  69   3   0   4 0.00  0.0    0  6.4 17  10   M    M   0        21  10
15  87  54  71   5   0   6 0.00  0.0    0  5.8 12  90   M    M   0        17 270
16  92  59  76  10   0  11 0.00  0.0    0  6.8 14 210   M    M   0        20 200
17  89  64  77  10   0  12 0.00  0.0    0  9.3 18 220   M    M   0        23 210
18  92  65  79  12   0  14 0.00  0.0    0 10.6 21 240   M    M   0        26 210
19  82  63  73   6   0   8 0.00  0.0    0 11.4 22 230   M    M   0        27 270
20  84  59  72   4   0   7 0.00  0.0    0  8.0 14 100   M    M   0        20 250
21  83  59  71   3   0   6 0.00  0.0    0  6.5 17 310   M    M   0        20 310
22  88  64  76   8   0  11 0.00  0.0    0  8.6 16 190   M    M   0        21 180
23  87  63  75   7   0  10 0.00  0.0    0  8.9 18 220   M    M   0        22 220
24  89  66  78   9   0  13    T  0.0    0  7.4 15 210   M    M   0        20 230
25  95  62  79  10   0  14 0.00  0.0    0  6.6 14 230   M    M   0        17 210
26 106  67  87  18   0  22 0.00  0.0    0  5.6 13 230   M    M   0        16 250
27 109  76  93  23   0  28 0.00  0.0    0  7.4 33 220   M    M   1 8      42 210
28 113  77  95  25   0  30 0.03  0.0    0  8.0 36 210   M    M   0 8      46 210
================================================================================
SM 2513 1735         0 313  0.05     0.0 229.0          M       12
================================================================================
AV 89.8 62.0                               8.2 FASTST   M    M   0    MAX(MPH)
                                 MISC ---->  # 36 210               # 46  210
================================================================================
NOTES:
# LAST OF SEVERAL OCCURRENCES

COLUMN 17 PEAK WIND IN M.P.H.

PRELIMINARY LOCAL CLIMATOLOGICAL DATA (WS FORM: F-6) , PAGE 2

                                          STATION:  WALLA WALLA WA
                                          MONTH:    JUNE
                                          YEAR:     2015
                                          LATITUDE:   46  5 N
                                          LONGITUDE: 118 17 W

[TEMPERATURE DATA]      [PRECIPITATION DATA]       SYMBOLS USED IN COLUMN 16

AVERAGE MONTHLY: 75.9   TOTAL FOR MONTH:   0.05    1 = FOG OR MIST
DPTR FM NORMAL:   9.6   DPTR FM NORMAL:   -1.18    2 = FOG REDUCING VISIBILITY
HIGHEST:   113 ON 28    GRTST 24HR  0.18 ON 31- 1      TO 1/4 MILE OR LESS
LOWEST:     51 ON 14,13                            3 = THUNDER
                        SNOW, ICE PELLETS, HAIL    4 = ICE PELLETS
                        TOTAL MONTH:   0.0 INCH    5 = HAIL
                        GRTST 24HR     0.0         6 = FREEZING RAIN OR DRIZZLE
                        GRTST DEPTH:   0           7 = DUSTSTORM OR SANDSTORM:
                                                       VSBY 1/2 MILE OR LESS
                                                   8 = SMOKE OR HAZE
[NO. OF DAYS WITH]      [WEATHER - DAYS WITH]      9 = BLOWING SNOW
                                                   X = TORNADO
MAX 32 OR BELOW:   0    0.01 INCH OR MORE:   2
MAX 90 OR ABOVE:  12    0.10 INCH OR MORE:   0
MIN 32 OR BELOW:   0    0.50 INCH OR MORE:   0
MIN  0 OR BELOW:   0    1.00 INCH OR MORE:   0

[HDD (BASE 65) ]
TOTAL THIS MO.     0    CLEAR  (SCALE 0-3)  27
DPTR FM NORMAL   -60    PTCLDY (SCALE 4-7)   1
TOTAL FM JUL 1  3977    CLOUDY (SCALE 8-10)  0
DPTR FM NORMAL -1032

[CDD (BASE 65) ]
TOTAL THIS MO.   313
DPTR FM NORMAL   219    [PRESSURE DATA]
TOTAL FM JAN 1   384    HIGHEST SLP 29.92 ON 27
DPTR FM NORMAL   255    LOWEST  SLP 29.66 ON  9

[REMARKS]
