000
CXUS56 KPDT 291032
CF6ALW
PRELIMINARY LOCAL CLIMATOLOGICAL DATA (WS FORM: F-6)

                                          STATION:   WALLA WALLA WA
                                          MONTH:     APRIL
                                          YEAR:      2017
                                          LATITUDE:   46  5 N
                                          LONGITUDE: 118 17 W

  TEMPERATURE IN F:       :PCPN:    SNOW:  WIND      :SUNSHINE: SKY     :PK WND
================================================================================
1   2   3   4   5  6A  6B    7    8   9   10  11  12  13   14  15   16   17  18
                                     12Z  AVG MX 2MIN
DY MAX MIN AVG DEP HDD CDD  WTR  SNW DPTH SPD SPD DIR MIN PSBL S-S WX    SPD DR
================================================================================

 1  63  40  52   2  13   0    T  0.0    0  9.2 23 220   M    M   7        27 220
 2  57  42  50   0  15   0    T  0.0    0 12.6 26 270   M    M   6        33 280
 3  53  36  45  -5  20   0 0.00  0.0    0  6.8 15  80   M    M   2        17  80
 4  63  37  50   0  15   0    T  0.0    0  4.9 15 120   M    M   3        16 120
 5  67  45  56   5   9   0    T  0.0    0  5.3 14 250   M    M   4        16 250
 6  68  50  59   8   6   0    T  0.0    0  5.8 29 130   M    M   6        36 130
 7  68  46  57   6   8   0 0.01  0.0    0 16.0 47 180   M    M   5 3      58 180
 8  56  41  49  -2  16   0 0.04  0.0    0 13.9 24 270   M    M   7 1      30 280
 9  57  37  47  -4  18   0 0.00  0.0    0 10.2 25 150   M    M   2        32 160
10  59  39  49  -2  16   0 0.27  0.0    0 12.9 28 220   M    M   6 1      34 210
11  64  34  49  -2  16   0    T  0.0    0  5.4 20 160   M    M   4        23 180
12  65  48  57   5   8   0 0.26  0.0    0  8.9 24 150   M    M  10 12     35 140
13  58  45  52   0  13   0 0.13  0.0    0 10.3 23 200   M    M   7 12     28 200
14  56  42  49  -3  16   0    T  0.0    0 12.7 29 270   M    M   5        34 260
15  59  39  49  -3  16   0 0.00  0.0    0  8.9 16 190   M    M   2        22 190
16  69  37  53   1  12   0    T  0.0    0  5.3 15  70   M    M   2        18 190
17  63  49  56   4   9   0 0.14  0.0    0  8.5 24 240   M    M   8 1      30 240
18  62  43  53   1  12   0 0.10  0.0    0  9.4 21 190   M    M   5 1      24 180
19  68  43  56   3   9   0 0.03  0.0    0  9.6 28 150   M    M   3 13     37 170
20  62  47  55   2  10   0 0.08  0.0    0 13.5 24 240   M    M   6 1      29 240
21  66  43  55   2  10   0 0.00  0.0    0 10.1 18  30   M    M   1        22  30
22  73  52  63  10   2   0    T  0.0    0 10.3 26 160   M    M   4        33 150
23  65  49  57   3   8   0 0.17    M    0  9.2 26 220   M    M   8 13     34 240
24  58  47  53  -1  12   0 0.46  0.0    0  8.7 21 250   M    M   7 1      26 210
25  62  46  54   0  11   0 0.08  0.0    0 11.0 18 200   M    M   8 1      22 200
26  55  46  51  -3  14   0 0.27  0.0    0 13.4 26 230   M    M   8 1      33 230
27  59  43  51  -3  14   0    T  0.0    0 12.8 21 250   M    M   8        28 240
28  61  42  52  -3  13   0 0.00  0.0    0  9.3 16 220   M    M   4        24 190
================================================================================
SM 1736 1208       341   0  2.04     0.0 274.9          M      148
================================================================================
AV 62.0 43.1                               9.8 FASTST   M    M   5    MAX(MPH)
                                 MISC ---->  # 47 180               # 58  180
================================================================================
NOTES:
# LAST OF SEVERAL OCCURRENCES

COLUMN 17 PEAK WIND IN M.P.H.

PRELIMINARY LOCAL CLIMATOLOGICAL DATA (WS FORM: F-6) , PAGE 2

                                          STATION:  WALLA WALLA WA
                                          MONTH:    APRIL
                                          YEAR:     2017
                                          LATITUDE:   46  5 N
                                          LONGITUDE: 118 17 W

[TEMPERATURE DATA]      [PRECIPITATION DATA]       SYMBOLS USED IN COLUMN 16

AVERAGE MONTHLY: 52.6   TOTAL FOR MONTH:   2.04    1 = FOG OR MIST
DPTR FM NORMAL:   0.5   DPTR FM NORMAL:    0.25    2 = FOG REDUCING VISIBILITY
HIGHEST:    73 ON 22    GRTST 24HR  0.46 ON 24-24      TO 1/4 MILE OR LESS
LOWEST:     34 ON 11                               3 = THUNDER
                        SNOW, ICE PELLETS, HAIL    4 = ICE PELLETS
                        TOTAL MONTH:   0.0 INCH    5 = HAIL
                        GRTST 24HR     0.0         6 = FREEZING RAIN OR DRIZZLE
                        GRTST DEPTH:   0           7 = DUSTSTORM OR SANDSTORM:
                                                       VSBY 1/2 MILE OR LESS
                                                   8 = SMOKE OR HAZE
[NO. OF DAYS WITH]      [WEATHER - DAYS WITH]      9 = BLOWING SNOW
                                                   X = TORNADO
MAX 32 OR BELOW:   0    0.01 INCH OR MORE:  13
MAX 90 OR ABOVE:   0    0.10 INCH OR MORE:   8
MIN 32 OR BELOW:   0    0.50 INCH OR MORE:   0
MIN  0 OR BELOW:   0    1.00 INCH OR MORE:   0

[HDD (BASE 65) ]
TOTAL THIS MO.   341    CLEAR  (SCALE 0-3)   6
DPTR FM NORMAL   -23    PTCLDY (SCALE 4-7)  21
TOTAL FM JUL 1  4889    CLOUDY (SCALE 8-10)  1
DPTR FM NORMAL   168

[CDD (BASE 65) ]
TOTAL THIS MO.     0
DPTR FM NORMAL     0    [PRESSURE DATA]
TOTAL FM JAN 1     0    HIGHEST SLP 30.23 ON  2
DPTR FM NORMAL     0    LOWEST  SLP 29.24 ON  7

[REMARKS]
