000
CXUS54 KAMA 251015
CF6AMA
PRELIMINARY LOCAL CLIMATOLOGICAL DATA (WS FORM: F-6)

                                          STATION:   AMARILLO
                                          MONTH:     JULY
                                          YEAR:      2014
                                          LATITUDE:   35 13 N
                                          LONGITUDE: 101 42 W

  TEMPERATURE IN F:       :PCPN:    SNOW:  WIND      :SUNSHINE: SKY     :PK WND
================================================================================
1   2   3   4   5  6A  6B    7    8   9   10  11  12  13   14  15   16   17  18
                                     12Z  AVG MX 2MIN
DY MAX MIN AVG DEP HDD CDD  WTR  SNW DPTH SPD SPD DIR MIN PSBL S-S WX    SPD DR
================================================================================

 1  83  65  74  -4   0   9    T  0.0    0 13.2 30  80   M    M   4        37  80
 2  73  62  68 -10   0   3 0.04  0.0    0 10.2 26 190   M    M   6 3      29 190
 3  82  60  71  -7   0   6 0.00  0.0    0 12.4 21 170   M    M   3        27 180
 4  88  65  77  -1   0  12 0.00  0.0    0 15.5 25 160   M    M   4        39 150
 5  90  64  77  -1   0  12 0.00  0.0    0 16.1 28 220   M    M   0        33 210
 6  91  71  81   3   0  16 0.00  0.0    0 13.4 22 220   M    M   1        27 230
 7  93  66  80   2   0  15 0.00  0.0    0 10.9 20 200   M    M   0        26 210
 8  90  62  76  -2   0  11 0.00  0.0    0  9.9 18  60   M    M   1        24  50
 9  91  63  77  -1   0  12    T  0.0    0 13.2 24 150   M    M   1 3      30 150
10  93  70  82   4   0  17 0.00  0.0    0 16.1 28 190   M    M   0        33 170
11  90  66  78   0   0  13 0.00  0.0    0 14.6 23 160   M    M   0        31 180
12  88  67  78   0   0  13 0.00  0.0    0 15.0 29 200   M    M   1        35 190
13  92  70  81   3   0  16 0.01  0.0    0  9.1 22 350   M    M   4 3      27 160
14  93  66  80   2   0  15 0.51  0.0    0  6.9 32 280   M    M   2 13     48 320
15  78  64  71  -7   0   6 0.00  0.0    0 12.7 21 120   M    M   4        24 110
16  79  59  69  -9   0   4 0.84  0.0    0 16.1 26  10   M    M   1 13     34 120
17  73  59  66 -12   0   1 0.08  0.0    0  9.6 20 100   M    M   9 13     25 100
18  78  59  69  -9   0   4 0.00  0.0    0  9.3 21 170   M    M   6 1      26 170
19  87  63  75  -3   0  10 0.00  0.0    0 15.1 22 170   M    M   3        26 190
20  93  68  81   3   0  16 0.00  0.0    0 15.0 22 180   M    M   0        28 170
21  94  72  83   5   0  18 0.00  0.0    0 15.5 25 160   M    M   0        30 160
22  93  71  82   4   0  17    T  0.0    0  7.2 23 170   M    M   1 3      30 170
23  94  66  80   2   0  15 0.00  0.0    0  6.5 13 160   M    M   0        15 160
24  96  68  82   4   0  17 0.00  0.0    0 12.1 20 160   M    M   0        24 160
================================================================================
SM 2102 1566         0 278  1.48     0.0 295.6          M       51
================================================================================
AV 87.6 65.2                              12.3 FASTST   M    M   2    MAX(MPH)
                                 MISC ---->  # 32 280               # 48  320
================================================================================
NOTES:
# LAST OF SEVERAL OCCURRENCES

COLUMN 17 PEAK WIND IN M.P.H.

PRELIMINARY LOCAL CLIMATOLOGICAL DATA (WS FORM: F-6) , PAGE 2

                                          STATION:  AMARILLO
                                          MONTH:    JULY
                                          YEAR:     2014
                                          LATITUDE:   35 13 N
                                          LONGITUDE: 101 42 W

[TEMPERATURE DATA]      [PRECIPITATION DATA]       SYMBOLS USED IN COLUMN 16

AVERAGE MONTHLY: 76.4   TOTAL FOR MONTH:   1.48    1 = FOG OR MIST
DPTR FM NORMAL:  -1.6   DPTR FM NORMAL:   -0.66    2 = FOG REDUCING VISIBILITY
HIGHEST:    96 ON 24    GRTST 24HR  0.92 ON 16-17      TO 1/4 MILE OR LESS
LOWEST:     59 ON 18,17                            3 = THUNDER
                        SNOW, ICE PELLETS, HAIL    4 = ICE PELLETS
                        TOTAL MONTH:   0.0 INCH    5 = HAIL
                        GRTST 24HR     0.0         6 = FREEZING RAIN OR DRIZZLE
                        GRTST DEPTH:   0           7 = DUSTSTORM OR SANDSTORM:
                                                       VSBY 1/2 MILE OR LESS
                                                   8 = SMOKE OR HAZE
[NO. OF DAYS WITH]      [WEATHER - DAYS WITH]      9 = BLOWING SNOW
                                                   X = TORNADO
MAX 32 OR BELOW:   0    0.01 INCH OR MORE:   5
MAX 90 OR ABOVE:  14    0.10 INCH OR MORE:   2
MIN 32 OR BELOW:   0    0.50 INCH OR MORE:   2
MIN  0 OR BELOW:   0    1.00 INCH OR MORE:   0

[HDD (BASE 65) ]
TOTAL THIS MO.     0    CLEAR  (SCALE 0-3)  16
DPTR FM NORMAL     0    PTCLDY (SCALE 4-7)   7
TOTAL FM JUL 1     0    CLOUDY (SCALE 8-10)  1
DPTR FM NORMAL     0

[CDD (BASE 65) ]
TOTAL THIS MO.   278
DPTR FM NORMAL   -42    [PRESSURE DATA]
TOTAL FM JAN 1   793    HIGHEST SLP M ON M
DPTR FM NORMAL    60    LOWEST  SLP 29.75 ON 16

[REMARKS]
