000
CXUS52 KJAX 290800
CF6AMG
PRELIMINARY LOCAL CLIMATOLOGICAL DATA (WS FORM: F-6)

                                          STATION:   ALMA GA
                                          MONTH:     APRIL
                                          YEAR:      2016
                                          LATITUDE:   31 32 N
                                          LONGITUDE:  82 30 W

  TEMPERATURE IN F:       :PCPN:    SNOW:  WIND      :SUNSHINE: SKY     :PK WND
================================================================================
1   2   3   4   5  6A  6B    7    8   9   10  11  12  13   14  15   16   17  18
                                     12Z  AVG MX 2MIN
DY MAX MIN AVG DEP HDD CDD  WTR  SNW DPTH SPD SPD DIR MIN PSBL S-S WX    SPD DR
================================================================================

 1  82  65  74  11   0   9 1.35  0.0    0  6.9 23 320   M    M   6 13     33 330
 2  74  57  66   3   0   1 0.86  0.0    0 10.0 22 300   M    M   5 1      29 280
 3  74  50  62  -2   3   0 0.00  0.0    0  5.8 16 320   M    M   0        23 300
 4  78  45  62  -2   3   0 0.00  0.0    0  3.2 13 290   M    M   0 1      17 270
 5  78  50  64   0   1   0 0.00  0.0    0  6.2 15 320   M    M   0        20 350
 6  75  50  63  -1   2   0    T  0.0    0  7.6 15 150   M    M   2        22 150
 7  76  56  66   2   0   1 0.14  0.0    0  7.4 20 250   M    M   3 13     24 240
 8  74  47  61  -4   4   0 0.00  0.0    0  7.7 21 290   M    M   0        29 300
 9  73  42  58  -7   7   0 0.00  0.0    0  8.3 24 290   M    M   0        33 310
10  72  42  57  -8   8   0 0.00  0.0    0  6.6 17 120   M    M   1        24 140
11  80  48  64  -1   1   0 0.00  0.0    0  5.8 16 160   M    M   3 1      21 150
12  78  58  68   3   0   3 0.06  0.0    0  5.3 18 350   M    M   7 1      24 200
13  70  55  63  -3   2   0 0.00  0.0    0  5.0 10 110   M    M   8 12     19  70
14  63  56  60  -6   5   0 0.32  0.0    0  4.4 12  70   M    M  10 1      19  50
15  58  55  57  -9   8   0 0.52  0.0    0  7.0 13  60   M    M  10 1      20  60
16  73  51  62  -4   3   0 0.00  0.0    0  6.9 15  60   M    M   6        21 100
17  75  46  61  -5   4   0 0.00  0.0    0  4.0 15  70   M    M   0        24  60
18  80  41  61  -6   4   0 0.00  0.0    0  3.5 12 100   M    M   0 1      17  60
19  83  44  64  -3   1   0 0.00  0.0    0  2.1 10 120   M    M   0        14 120
20  79  50  65  -2   0   0 0.00  0.0    0  3.6 10 110   M    M   0        15 110
21  81  55  68   1   0   3 0.01  0.0    0  5.5 16 160   M    M   2 1      23 150
22  82  62  72   4   0   7 0.05  0.0    0  4.6 20 290   M    M   4 13     27 280
23  82  58  70   2   0   5 0.00  0.0    0  5.8 16 270   M    M   6 1      20 270
24  83  53  68   0   0   3 0.00  0.0    0  4.0 13 100   M    M   1 1      18 120
25  84  55  70   2   0   5 0.00  0.0    0  4.8 13 160   M    M   1 12     16 170
26  84  59  72   4   0   7 0.00  0.0    0  4.7 10 140   M    M   2        14 140
27  89  63  76   7   0  11 0.00  0.0    0  4.6 14 160   M    M   5 8      21 190
28  85  66  76   7   0  11    T  0.0    0  4.1 13 300   M    M   4 13     17 350
================================================================================
SM 2165 1479        56  66  3.31     0.0 155.4          M       86
================================================================================
AV 77.3 52.8                               5.6 FASTST   M    M   3    MAX(MPH)
                                 MISC ---->  # 24 290               # 33  330
================================================================================
NOTES:
# LAST OF SEVERAL OCCURRENCES

COLUMN 17 PEAK WIND IN M.P.H.

PRELIMINARY LOCAL CLIMATOLOGICAL DATA (WS FORM: F-6) , PAGE 2

                                          STATION:  ALMA GA
                                          MONTH:    APRIL
                                          YEAR:     2016
                                          LATITUDE:   31 32 N
                                          LONGITUDE:  82 30 W

[TEMPERATURE DATA]      [PRECIPITATION DATA]       SYMBOLS USED IN COLUMN 16

AVERAGE MONTHLY: 65.1   TOTAL FOR MONTH:   3.31    1 = FOG OR MIST
DPTR FM NORMAL:  -0.9   DPTR FM NORMAL:    0.65    2 = FOG REDUCING VISIBILITY
HIGHEST:    89 ON 27    GRTST 24HR  2.21 ON  1- 2      TO 1/4 MILE OR LESS
LOWEST:     41 ON 18                               3 = THUNDER
                        SNOW, ICE PELLETS, HAIL    4 = ICE PELLETS
                        TOTAL MONTH:   0.0 INCH    5 = HAIL
                        GRTST 24HR     0.0         6 = FREEZING RAIN OR DRIZZLE
                        GRTST DEPTH:   0           7 = DUSTSTORM OR SANDSTORM:
                                                       VSBY 1/2 MILE OR LESS
                                                   8 = SMOKE OR HAZE
[NO. OF DAYS WITH]      [WEATHER - DAYS WITH]      9 = BLOWING SNOW
                                                   X = TORNADO
MAX 32 OR BELOW:   0    0.01 INCH OR MORE:   8
MAX 90 OR ABOVE:   0    0.10 INCH OR MORE:   5
MIN 32 OR BELOW:   0    0.50 INCH OR MORE:   3
MIN  0 OR BELOW:   0    1.00 INCH OR MORE:   1

[HDD (BASE 65) ]
TOTAL THIS MO.    56    CLEAR  (SCALE 0-3)  17
DPTR FM NORMAL    -5    PTCLDY (SCALE 4-7)   8
TOTAL FM JUL 1  1267    CLOUDY (SCALE 8-10)  3
DPTR FM NORMAL  -383

[CDD (BASE 65) ]
TOTAL THIS MO.    66
DPTR FM NORMAL   -24    [PRESSURE DATA]
TOTAL FM JAN 1   159    HIGHEST SLP M ON M
DPTR FM NORMAL    15    LOWEST  SLP 29.77 ON  2

[REMARKS]
