000
CXUS52 KJAX 300800
CF6AMG
PRELIMINARY LOCAL CLIMATOLOGICAL DATA (WS FORM: F-6)

                                          STATION:   ALMA GA
                                          MONTH:     SEPTEMBER
                                          YEAR:      2014
                                          LATITUDE:   31 32 N
                                          LONGITUDE:  82 30 W

  TEMPERATURE IN F:       :PCPN:    SNOW:  WIND      :SUNSHINE: SKY     :PK WND
================================================================================
1   2   3   4   5  6A  6B    7    8   9   10  11  12  13   14  15   16   17  18
                                     12Z  AVG MX 2MIN
DY MAX MIN AVG DEP HDD CDD  WTR  SNW DPTH SPD SPD DIR MIN PSBL S-S WX    SPD DR
================================================================================

 1  95  72  84   4   0  19 0.00  0.0    0  2.1 10 120   M    M   0 13     15 130
 2  95  72  84   4   0  19 0.01  0.0    0  2.5 20 100   M    M   2 138    30 100
 3  92  69  81   1   0  16 0.00  0.0    0  2.7 13 190   M    M   1 1      17 140
 4  90  70  80   0   0  15    T  0.0    0  3.6 12 110   M    M   2 1      18 120
 5  90  70  80   1   0  15 0.00  0.0    0  4.1 13 100   M    M   5 13     17 110
 6  87  74  81   2   0  16 0.18  0.0    0  3.5  9 200   M    M   7 13     12 190
 7  88  74  81   2   0  16 0.72  0.0    0  3.5 17 110   M    M   6 13     23 100
 8  87  73  80   1   0  15 1.37  0.0    0  3.1 24 300   M    M   8 1238   32 290
 9  86  73  80   1   0  15    T  0.0    0  3.0  8  50   M    M   8 1      11 100
10  92  72  82   4   0  17 0.00  0.0    0  3.8 15 150   M    M   5 128    19 150
11  92  71  82   4   0  17 0.00  0.0    0  2.2  8 140   M    M   2 12     11 230
12  95  71  83   5   0  18 0.03  0.0    0  2.1 13 310   M    M   3 138    16  60
13  93  72  83   5   0  18 0.10  0.0    0  3.3 15 160   M    M   2 13     19 160
14  90  72  81   3   0  16    T  0.0    0  3.4  9  90   M    M   2 1      13  70
15  91  73  82   5   0  17 0.25  0.0    0  2.6 16 240   M    M   4 123    22 240
16  87  71  79   2   0  14 0.18  0.0    0  2.3  9 170   M    M   6 138    14  40
17  91  69  80   3   0  15 0.00  0.0    0  1.2  9 270   M    M   1 138    16 270
18  87  65  76  -1   0  11 0.00  0.0    0  2.5 10 320   M    M   1 128    15 350
19  84  70  77   1   0  12    T  0.0    0  3.1 14 130   M    M   2 138    19 140
20  84  63  74  -2   0   9 0.00  0.0    0  5.0 15  70   M    M   4        22  80
21  89  60  75  -1   0  10 0.00  0.0    0  3.1 12 310   M    M   0 1      15 320
22  91  59  75  -1   0  10 0.00  0.0    0  3.5 17 340   M    M   2 1      26 350
23  83  65  74  -1   0   9 0.00  0.0    0  6.6 14  10   M    M   5        21  10
24  66  59  63 -12   2   0 0.00  0.0    0  5.7 12 350   M    M  10 18     21  40
25  75  61  68  -7   0   3 0.00  0.0    0  3.5  9 350   M    M   9 1      12 350
26  77  68  73  -2   0   8 0.00  0.0    0  4.5  9  50   M    M  10 1      15  20
27  79  67  73  -1   0   8 0.00  0.0    0  3.6  9  50   M    M  10 1      13  80
28  78  70  74   0   0   9 0.18  0.0    0  3.5  9  80   M    M   9 1      14  30
29  78  68  73  -1   0   8 0.30  0.0    0  4.1  9  40   M    M  10 1      15  20
================================================================================
SM 2512 1993         2 375  3.32     0.0  97.7          M      136
================================================================================
AV 86.6 68.7                               3.4 FASTST   M    M   5    MAX(MPH)
                                 MISC ---->  # 24 300               # 32  290
================================================================================
NOTES:
# LAST OF SEVERAL OCCURRENCES

COLUMN 17 PEAK WIND IN M.P.H.

PRELIMINARY LOCAL CLIMATOLOGICAL DATA (WS FORM: F-6) , PAGE 2

                                          STATION:  ALMA GA
                                          MONTH:    SEPTEMBER
                                          YEAR:     2014
                                          LATITUDE:   31 32 N
                                          LONGITUDE:  82 30 W

[TEMPERATURE DATA]      [PRECIPITATION DATA]       SYMBOLS USED IN COLUMN 16

AVERAGE MONTHLY: 77.7   TOTAL FOR MONTH:   3.32    1 = FOG OR MIST
DPTR FM NORMAL:   0.5   DPTR FM NORMAL:   -0.21    2 = FOG REDUCING VISIBILITY
HIGHEST:    95 ON 12, 2 GRTST 24HR  1.70 ON 31- 1      TO 1/4 MILE OR LESS
LOWEST:     59 ON 24,22                            3 = THUNDER
                        SNOW, ICE PELLETS, HAIL    4 = ICE PELLETS
                        TOTAL MONTH:   0.0 INCH    5 = HAIL
                        GRTST 24HR     0.0         6 = FREEZING RAIN OR DRIZZLE
                        GRTST DEPTH:   0           7 = DUSTSTORM OR SANDSTORM:
                                                       VSBY 1/2 MILE OR LESS
                                                   8 = SMOKE OR HAZE
[NO. OF DAYS WITH]      [WEATHER - DAYS WITH]      9 = BLOWING SNOW
                                                   X = TORNADO
MAX 32 OR BELOW:   0    0.01 INCH OR MORE:  10
MAX 90 OR ABOVE:  13    0.10 INCH OR MORE:   8
MIN 32 OR BELOW:   0    0.50 INCH OR MORE:   2
MIN  0 OR BELOW:   0    1.00 INCH OR MORE:   1

[HDD (BASE 65) ]
TOTAL THIS MO.     2    CLEAR  (SCALE 0-3)  13
DPTR FM NORMAL     2    PTCLDY (SCALE 4-7)  10
TOTAL FM JUL 1     2    CLOUDY (SCALE 8-10)  6
DPTR FM NORMAL     2

[CDD (BASE 65) ]
TOTAL THIS MO.   375
DPTR FM NORMAL    22    [PRESSURE DATA]
TOTAL FM JAN 1  2282    HIGHEST SLP M ON M
DPTR FM NORMAL    22    LOWEST  SLP 29.82 ON 29

[REMARKS]
