000
CXUS53 KDMX 220920
CF6AMW
PRELIMINARY LOCAL CLIMATOLOGICAL DATA (WS FORM: F-6)

                                          STATION:   AMES IA
                                          MONTH:     JANUARY
                                          YEAR:      2017
                                          LATITUDE:   41 59 N
                                          LONGITUDE:  93 37 W

  TEMPERATURE IN F:       :PCPN:    SNOW:  WIND      :SUNSHINE: SKY     :PK WND
================================================================================
1   2   3   4   5  6A  6B    7    8   9   10  11  12  13   14  15   16   17  18
                                     12Z  AVG MX 2MIN
DY MAX MIN AVG DEP HDD CDD  WTR  SNW DPTH SPD SPD DIR MIN PSBL S-S WX    SPD DR
================================================================================

 1  34  14  24   4  41   0 0.00  0.0    M  6.4 13 100   M    M   3        17 110
 2  35  32  34  14  31   0 0.12    M    M  7.3 14 110   M    M  10 1      19 120
 3  34   7  21   1  44   0    T    M    M 18.1 28 330   M    M   6 1      36 310
 4  12   3   8 -12  57   0    T    M    M 13.0 21 310   M    M   3 18     28 300
 5  11   1   6 -14  59   0    T    M    M 12.1 22 340   M    M   5 18     27 330
 6  14  -3   6 -14  59   0 0.00  0.0    0  8.6 17 250   M    M   4        21 340
 7  20   2  11  -9  54   0 0.00  0.0    0  7.0 17 340   M    M   3        20 320
 8  22  -2  10 -10  55   0 0.00  0.0    0  9.7 23 160   M    M   5        28 140
 9  29  12  21   2  44   0 0.00  0.0    M  8.3 22 150   M    M   3        29 140
10  38  21  30  11  35   0 0.39    M    M 11.8 35 300   M    M   7 18     43 290
11  31  12  22   3  43   0    T    M    M 12.7 28 360   M    M   5 1      34 350
12  22  11  17  -2  48   0    T    M    M 11.9 20 320   M    M   5 1      24 350
13  20   8  14  -5  51   0 0.00  0.0    M  8.2 16  10   M    M   7        20  10
14  32  17  25   5  40   0 0.00  0.0    0  2.3  8 310   M    M   3        11 320
15  33  17  25   5  40   0 0.03    M    0  4.4 12 120   M    M   5 16     14 120
16  35  30  33  13  32   0 0.82    M    0  6.7 13  80   M    M  10 16     16 110
17  35  31  33  13  32   0 0.00  0.0    0 10.7 18 310   M    M  10 1      22 310
18  47  29  38  18  27   0 0.00  0.0    0  9.1 20 230   M    M   5 12     22 220
19  38  31  35  15  30   0    T    M    0  4.9 10 120   M    M  10 12     14 200
20  40  34  37  17  28   0 0.04    M    0  4.1  8 110   M    M  10 12     11 130
21  46  29  38  18  27   0 0.23  0.0    0  6.1 14 250   M    M   8 12     17 240
================================================================================
SM  628  336       877   0  1.63     0.0 183.4          M      127
================================================================================
AV 29.9 16.0                               8.7 FASTST   M    M   6    MAX(MPH)
                                 MISC ---->  # 35 300               # 43  290
================================================================================
NOTES:
# LAST OF SEVERAL OCCURRENCES

COLUMN 17 PEAK WIND IN M.P.H.

PRELIMINARY LOCAL CLIMATOLOGICAL DATA (WS FORM: F-6) , PAGE 2

                                          STATION:  AMES IA
                                          MONTH:    JANUARY
                                          YEAR:     2017
                                          LATITUDE:   41 59 N
                                          LONGITUDE:  93 37 W

[TEMPERATURE DATA]      [PRECIPITATION DATA]       SYMBOLS USED IN COLUMN 16

AVERAGE MONTHLY: 23.0   TOTAL FOR MONTH:   1.63    1 = FOG OR MIST
DPTR FM NORMAL:   3.2   DPTR FM NORMAL:    1.27    2 = FOG REDUCING VISIBILITY
HIGHEST:    47 ON 18    GRTST 24HR  0.85 ON 15-16      TO 1/4 MILE OR LESS
LOWEST:     -3 ON  6                               3 = THUNDER
                        SNOW, ICE PELLETS, HAIL    4 = ICE PELLETS
                        TOTAL MONTH:   0.0 INCH    5 = HAIL
                        GRTST 24HR     0.0         6 = FREEZING RAIN OR DRIZZLE
                        GRTST DEPTH:   0           7 = DUSTSTORM OR SANDSTORM:
                                                       VSBY 1/2 MILE OR LESS
                                                   8 = SMOKE OR HAZE
[NO. OF DAYS WITH]      [WEATHER - DAYS WITH]      9 = BLOWING SNOW
                                                   X = TORNADO
MAX 32 OR BELOW:  10    0.01 INCH OR MORE:   6
MAX 90 OR ABOVE:   0    0.10 INCH OR MORE:   4
MIN 32 OR BELOW:  20    0.50 INCH OR MORE:   1
MIN  0 OR BELOW:   2    1.00 INCH OR MORE:   0

[HDD (BASE 65) ]
TOTAL THIS MO.   877    CLEAR  (SCALE 0-3)   3
DPTR FM NORMAL   -77    PTCLDY (SCALE 4-7)  13
TOTAL FM JUL 1  3039    CLOUDY (SCALE 8-10)  5
DPTR FM NORMAL  -669

[CDD (BASE 65) ]
TOTAL THIS MO.     0
DPTR FM NORMAL     0    [PRESSURE DATA]
TOTAL FM JAN 1     0    HIGHEST SLP M ON M
DPTR FM NORMAL     0    LOWEST  SLP 29.31 ON 10

[REMARKS]
