000
CXUS52 KGSP 230817
CF6AND
PRELIMINARY LOCAL CLIMATOLOGICAL DATA (WS FORM: F-6)

                                          STATION:   ANDERSON SC
                                          MONTH:     AUGUST
                                          YEAR:      2017
                                          LATITUDE:   34 30 N
                                          LONGITUDE:  82 43 W

  TEMPERATURE IN F:       :PCPN:    SNOW:  WIND      :SUNSHINE: SKY     :PK WND
================================================================================
1   2   3   4   5  6A  6B    7    8   9   10  11  12  13   14  15   16   17  18
                                     12Z  AVG MX 2MIN
DY MAX MIN AVG DEP HDD CDD  WTR  SNW DPTH SPD SPD DIR MIN PSBL S-S WX    SPD DR
================================================================================

 1  89  61  75  -4   0  10 0.00    M    M  2.2 12 100   M    M   0        14  90
 2  87  68  78  -1   0  13 0.00    M    M  2.2  9 170   M    M   0        12 210
 3  88  67  78  -1   0  13 0.00    M    M  2.6 10 180   M    M   0        14 180
 4  90  68  79   0   0  14 0.02    M    M  6.8 20 210   M    M   5 3      24 220
 5  91  68  80   1   0  15 0.00    M    M  4.9 14 240   M    M   2        21 250
 6  93  67  80   1   0  15 0.35    M    M  4.8 23 220   M    M   2 1      27 200
 7  87  72  80   1   0  15 0.42    M    M  7.8 29 230   M    M   7 13     38 210
 8  80  72  76  -3   0  11 0.12    M    M  4.6 13 240   M    M   6 13     18 240
 9  79  70  75  -4   0  10    T    M    M  7.7 17  70   M    M   9        22  30
10  83  72  78  -1   0  13    T    M    M  4.0 12 120   M    M  10        13 120
11  84  72  78  -1   0  13 0.02    M    M  5.1 16 160   M    M   8 1      19 160
12  90  72  81   2   0  16    T    M    M  3.1 13 230   M    M   6        15 220
13  90  72  81   2   0  16 0.00    M    M  2.6 10  80   M    M   4 38     13  70
14  91  74  83   4   0  18 0.19    M    M  4.0 17 300   M    M   5 13     20 260
15  92  73  83   4   0  18 0.00    M    M  6.7 16 290   M    M   2 1      23 280
16  94  72  83   4   0  18    T    M    M  2.9 12 230   M    M   1        14 220
17  94  74  84   5   0  19 0.00    M    M  5.8 16 240   M    M   0        22 230
18  94  75  85   6   0  20 0.00    M    M  8.4 21 240   M    M   0        26 210
19  93  68  81   3   0  16 0.00    M    M  2.3 10 320   M    M   1        14 330
20  95  68  82   4   0  17 0.00    M    M  2.2 12 130   M    M   1        16 130
21  94  73  84   6   0  19 0.00    M    M  3.3 12 180   M    M   4        22 120
22  94  71  83   5   0  18 0.00    M    M  4.7 15 210   M    M   1        20 240
================================================================================
SM 1972 1549         0 337  1.12    M     98.7          M       74
================================================================================
AV 89.6 70.4                               4.5 FASTST   M    M   3    MAX(MPH)
                                 MISC ---->  # 29 230               # 38  210
================================================================================
NOTES:
# LAST OF SEVERAL OCCURRENCES

COLUMN 17 PEAK WIND IN M.P.H.

PRELIMINARY LOCAL CLIMATOLOGICAL DATA (WS FORM: F-6) , PAGE 2

                                          STATION:  ANDERSON SC
                                          MONTH:    AUGUST
                                          YEAR:     2017
                                          LATITUDE:   34 30 N
                                          LONGITUDE:  82 43 W

[TEMPERATURE DATA]      [PRECIPITATION DATA]       SYMBOLS USED IN COLUMN 16

AVERAGE MONTHLY: 80.0   TOTAL FOR MONTH:   1.12    1 = FOG OR MIST
DPTR FM NORMAL:   1.2   DPTR FM NORMAL:   -1.53    2 = FOG REDUCING VISIBILITY
HIGHEST:    95 ON 20    GRTST 24HR  0.76 ON  6- 7      TO 1/4 MILE OR LESS
LOWEST:     61 ON  1                               3 = THUNDER
                        SNOW, ICE PELLETS, HAIL    4 = ICE PELLETS
                        TOTAL MONTH:    M          5 = HAIL
                        GRTST 24HR    M  ON   M    6 = FREEZING RAIN OR DRIZZLE
                        GRTST DEPTH:  M  ON   M    7 = DUSTSTORM OR SANDSTORM:
                                                       VSBY 1/2 MILE OR LESS
                                                   8 = SMOKE OR HAZE
[NO. OF DAYS WITH]      [WEATHER - DAYS WITH]      9 = BLOWING SNOW
                                                   X = TORNADO
MAX 32 OR BELOW:   0    0.01 INCH OR MORE:   6
MAX 90 OR ABOVE:  14    0.10 INCH OR MORE:   4
MIN 32 OR BELOW:   0    0.50 INCH OR MORE:   0
MIN  0 OR BELOW:   0    1.00 INCH OR MORE:   0

[HDD (BASE 65) ]
TOTAL THIS MO.     0    CLEAR  (SCALE 0-3)  12
DPTR FM NORMAL     0    PTCLDY (SCALE 4-7)   8
TOTAL FM JUL 1     0    CLOUDY (SCALE 8-10)  2
DPTR FM NORMAL     0

[CDD (BASE 65) ]
TOTAL THIS MO.   337
DPTR FM NORMAL    33    [PRESSURE DATA]
TOTAL FM JAN 1  1447    HIGHEST SLP M ON M
DPTR FM NORMAL   168    LOWEST  SLP 29.84 ON 18

[REMARKS]
