000
CXUS53 KAPX 240631
CF6ANJ
PRELIMINARY LOCAL CLIMATOLOGICAL DATA (WS FORM: F-6)

                                          STATION:   SAULT STE MARIE MI
                                          MONTH:     MARCH
                                          YEAR:      2017
                                          LATITUDE:   46 28 N
                                          LONGITUDE:  84 21 W

  TEMPERATURE IN F:       :PCPN:    SNOW:  WIND      :SUNSHINE: SKY     :PK WND
================================================================================
1   2   3   4   5  6A  6B    7    8   9   10  11  12  13   14  15   16   17  18
                                     12Z  AVG MX 2MIN
DY MAX MIN AVG DEP HDD CDD  WTR  SNW DPTH SPD SPD DIR MIN PSBL S-S WX    SPD DR
================================================================================

 1  37   8  23   2  42   0 0.20  2.4   15 10.7 21  30   M    M   9 1      28  20
 2  24   4  14  -7  51   0 0.02  0.6   17  7.8 18 320   M    M   5 1      24 310
 3  16  -4   6 -16  59   0 0.08  1.4   17  5.3 15 290   M    M   5 1      19 270
 4  20   3  12 -10  53   0    T  0.2   18  6.8 14 120   M    M   3        19 120
 5  33  13  23   1  42   0    T    T   18 12.9 26 150   M    M   8 8      36 150
 6  39  32  36  14  29   0 0.06  0.0   17 10.8 17 120   M    M  10 18     28 130
 7  48  38  43  20  22   0 0.23  0.0   14 20.4 32 240   M    M   6 12     54 200
 8  39  19  29   6  36   0 0.08  1.3   12 19.3 30 290   M    M   8 12     41 280
 9  27  19  23  -1  42   0 0.06  0.9   13 16.3 26 310   M    M  10 128    37 320
10  20   2  11 -13  54   0 0.21  3.6   13 14.2 26 310   M    M   9 129    37 300
11  16   4  10 -14  55   0 0.07  1.2   15  8.6 21 330   M    M  10        30 300
12  17  -3   7 -17  58   0 0.00  0.0   15  4.4 14 320   M    M   2        19 310
13  21   7  14 -11  51   0 0.00  0.0   15  5.9 13 300   M    M   3        16 280
14  22   4  13 -12  52   0 0.00  0.0   15  8.3 22 310   M    M   0        29 320
15  26  10  18  -8  47   0 0.00  0.0   15 11.6 24 310   M    M   0        34 300
16  36  14  25  -1  40   0 0.00  0.0   15  5.9 17 320   M    M   0        23 330
17  39  17  28   2  37   0 0.08  0.8   15  7.8 18 120   M    M   3 18     24 150
18  36  32  34   7  31   0 0.09  0.7   16  4.5  9 100   M    M  10 18     14 110
19  45  28  37  10  28   0 0.02    T   15  4.4 10 150   M    M   5 12     14 150
20  44  30  37   9  28   0 0.03  0.3   14  5.7 13 310   M    M   5 1      17 310
21  37  18  28   0  37   0 0.00  0.0   12 13.0 30 310   M    M   1        42 310
22  26  12  19  -9  46   0 0.00  0.0   12  7.0 15 360   M    M   0        20 350
23  37  14  26  -3  39   0 0.07  0.1   12  7.0 16 130   M    M   5 6      22 130
================================================================================
SM  705  321       979   0  1.30    13.5 218.6          M      117
================================================================================
AV 30.7 14.0                               9.5 FASTST   M    M   5    MAX(MPH)
                                 MISC ---->    32   M                 54    M
================================================================================
NOTES:
# LAST OF SEVERAL OCCURRENCES

COLUMN 17 PEAK WIND IN M.P.H.

PRELIMINARY LOCAL CLIMATOLOGICAL DATA (WS FORM: F-6) , PAGE 2

                                          STATION:  SAULT STE MARIE MI
                                          MONTH:    MARCH
                                          YEAR:     2017
                                          LATITUDE:   46 28 N
                                          LONGITUDE:  84 21 W

[TEMPERATURE DATA]      [PRECIPITATION DATA]       SYMBOLS USED IN COLUMN 16

AVERAGE MONTHLY: 22.3   TOTAL FOR MONTH:   1.30    1 = FOG OR MIST
DPTR FM NORMAL:  -2.3   DPTR FM NORMAL:   -0.08    2 = FOG REDUCING VISIBILITY
HIGHEST:    48 ON  7    GRTST 24HR  0.23 ON  7- 7      TO 1/4 MILE OR LESS
LOWEST:     -4 ON  3                               3 = THUNDER
                        SNOW, ICE PELLETS, HAIL    4 = ICE PELLETS
                        TOTAL MONTH:  13.5 INCHES  5 = HAIL
                        GRTST 24HR   3.6 ON   M    6 = FREEZING RAIN OR DRIZZLE
                        GRTST DEPTH:  18 ON  5, 4  7 = DUSTSTORM OR SANDSTORM:
                                                       VSBY 1/2 MILE OR LESS
                                                   8 = SMOKE OR HAZE
[NO. OF DAYS WITH]      [WEATHER - DAYS WITH]      9 = BLOWING SNOW
                                                   X = TORNADO
MAX 32 OR BELOW:  11    0.01 INCH OR MORE:  14
MAX 90 OR ABOVE:   0    0.10 INCH OR MORE:   3
MIN 32 OR BELOW:  22    0.50 INCH OR MORE:   0
MIN  0 OR BELOW:   2    1.00 INCH OR MORE:   0

[HDD (BASE 65) ]
TOTAL THIS MO.   979    CLEAR  (SCALE 0-3)   9
DPTR FM NORMAL    51    PTCLDY (SCALE 4-7)   8
TOTAL FM JUL 1  5853    CLOUDY (SCALE 8-10)  6
DPTR FM NORMAL -1201

[CDD (BASE 65) ]
TOTAL THIS MO.     0
DPTR FM NORMAL     0    [PRESSURE DATA]
TOTAL FM JAN 1     0    HIGHEST SLP M ON M
DPTR FM NORMAL     0    LOWEST  SLP 29.43 ON  1

[REMARKS]
