000
CXUS55 KCTP 271131
CF6AOO
PRELIMINARY LOCAL CLIMATOLOGICAL DATA (WS FORM: F-6)

                                          STATION:   ALTOONA
                                          MONTH:     MARCH
                                          YEAR:      2017
                                          LATITUDE:   40 17 N
                                          LONGITUDE:  78 19 W

  TEMPERATURE IN F:       :PCPN:    SNOW:  WIND      :SUNSHINE: SKY     :PK WND
================================================================================
1   2   3   4   5  6A  6B    7    8   9   10  11  12  13   14  15   16   17  18
                                     12Z  AVG MX 2MIN
DY MAX MIN AVG DEP HDD CDD  WTR  SNW DPTH SPD SPD DIR MIN PSBL S-S WX    SPD DR
================================================================================

 1  64  46  55  23  10   0 1.04    M    M 15.0 36 260   M    M   7 13     45 270
 2  46  27  37   5  28   0    T    M    M 20.8 38 270   M    M   9 1      49 280
 3  29  19  24  -9  41   0 0.10    M    M 10.7 26 310   M    M   9 128    35 320
 4  32  18  25  -8  40   0 0.00    M    M 11.3 22 300   M    M   4        27 310
 5  38  10  24  -9  41   0 0.00    M    M  4.9  9 180   M    M   0        12  40
 6  50  30  40   6  25   0 0.07    M    M  3.3 12 190   M    M   8 1      15 180
 7  55  40  48  14  17   0 0.39    M    M  8.1 22 200   M    M  10 1      29 210
 8  56  39  48  14  17   0 0.11    M    M 21.2 40 270   M    M   3 1      54 280
 9  58  37  48  13  17   0 0.00  0.0    0 14.0 32 270   M    M   1        41 260
10  40  19  30  -5  35   0 0.32    M    M 13.8 30 310   M    M   9 18     42 310
11  24  14  19 -16  46   0    T    M    M 13.8 25 310   M    M   7 8      31 300
12  28  10  19 -17  46   0    T    M    M  7.1 20 300   M    M   5        27 270
13  36  12  24 -12  41   0 0.06    M    M  7.6 17 160   M    M   2 1      22 160
14  29  15  22 -14  43   0 0.48    M    M 14.3 29 310   M    M  10 128    37 310
15  25  14  20 -17  45   0    T    M    M 20.7 37 300   M    M   9 8      46 300
16  32  20  26 -11  39   0    T    M    M 17.0 26 290   M    M   5        35 280
17  41  18  30  -8  35   0    T    M    M  6.0 22 210   M    M   3        25 210
18  45  34  40   2  25   0 0.23    M    M  3.6 10 320   M    M   9 12     11 320
19  39  33  36  -2  29   0    T    M    M  6.1 16 330   M    M  10 12     20 340
20  45  29  37  -2  28   0 0.00    M    M  2.0  9 320   M    M   7        12 320
21  57  37  47   8  18   0 0.02    M    M  7.8 23 300   M    M   7 18     28 290
22  45  24  35  -5  30   0 0.00    M    M 15.7 30 330   M    M   3        42 320
23  46  15  31  -9  34   0 0.00    M    M  3.5 16 350   M    M   0        19 360
24  72  34  53  13  12   0 0.01    M    M  9.9 22 240   M    M   3        26 240
25  72  46  59  18   6   0 0.00    M    M  8.2 20  10   M    M   2        25  10
26  50  44  47   6  18   0 0.18    M    M  8.1 15 120   M    M  10 18     20 130
================================================================================
SM 1154  684       766   0  3.01     0.0 274.5          M      152
================================================================================
AV 44.4 26.3                              10.6 FASTST   M    M   6    MAX(MPH)
                                 MISC ---->  # 40 270               # 54  280
================================================================================
NOTES:
# LAST OF SEVERAL OCCURRENCES

COLUMN 17 PEAK WIND IN M.P.H.

PRELIMINARY LOCAL CLIMATOLOGICAL DATA (WS FORM: F-6) , PAGE 2

                                          STATION:  ALTOONA
                                          MONTH:    MARCH
                                          YEAR:     2017
                                          LATITUDE:   40 17 N
                                          LONGITUDE:  78 19 W

[TEMPERATURE DATA]      [PRECIPITATION DATA]       SYMBOLS USED IN COLUMN 16

AVERAGE MONTHLY: 35.4   TOTAL FOR MONTH:   3.01    1 = FOG OR MIST
DPTR FM NORMAL:  -1.0   DPTR FM NORMAL:    0.49    2 = FOG REDUCING VISIBILITY
HIGHEST:    72 ON 25,24 GRTST 24HR  1.04 ON  1- 1      TO 1/4 MILE OR LESS
LOWEST:     10 ON 12, 5                            3 = THUNDER
                        SNOW, ICE PELLETS, HAIL    4 = ICE PELLETS
                        TOTAL MONTH:   0.0 INCH    5 = HAIL
                        GRTST 24HR     0.0         6 = FREEZING RAIN OR DRIZZLE
                        GRTST DEPTH:   0           7 = DUSTSTORM OR SANDSTORM:
                                                       VSBY 1/2 MILE OR LESS
                                                   8 = SMOKE OR HAZE
[NO. OF DAYS WITH]      [WEATHER - DAYS WITH]      9 = BLOWING SNOW
                                                   X = TORNADO
MAX 32 OR BELOW:   7    0.01 INCH OR MORE:  12
MAX 90 OR ABOVE:   0    0.10 INCH OR MORE:   8
MIN 32 OR BELOW:  16    0.50 INCH OR MORE:   1
MIN  0 OR BELOW:   0    1.00 INCH OR MORE:   1

[HDD (BASE 65) ]
TOTAL THIS MO.   766    CLEAR  (SCALE 0-3)   8
DPTR FM NORMAL    21    PTCLDY (SCALE 4-7)   9
TOTAL FM JUL 1  4433    CLOUDY (SCALE 8-10)  9
DPTR FM NORMAL  -867

[CDD (BASE 65) ]
TOTAL THIS MO.     0
DPTR FM NORMAL     0    [PRESSURE DATA]
TOTAL FM JAN 1     0    HIGHEST SLP M ON M
DPTR FM NORMAL     0    LOWEST  SLP 29.39 ON  1

[REMARKS]
