000
CXUS55 KCTP 291131
CF6AOO
PRELIMINARY LOCAL CLIMATOLOGICAL DATA (WS FORM: F-6)

                                          STATION:   ALTOONA
                                          MONTH:     AUGUST
                                          YEAR:      2015
                                          LATITUDE:   40 17 N
                                          LONGITUDE:  78 19 W

  TEMPERATURE IN F:       :PCPN:    SNOW:  WIND      :SUNSHINE: SKY     :PK WND
================================================================================
1   2   3   4   5  6A  6B    7    8   9   10  11  12  13   14  15   16   17  18
                                     12Z  AVG MX 2MIN
DY MAX MIN AVG DEP HDD CDD  WTR  SNW DPTH SPD SPD DIR MIN PSBL S-S WX    SPD DR
================================================================================

 1  82  62  72   1   0   7 0.00    M    M  4.9 13 280   M    M   5        19 270
 2  83  58  71   0   0   6 0.00    M    M  5.8 13 230   M    M   2        20 220
 3  84  62  73   3   0   8 0.22    M    M  6.5 18 320   M    M   2 13     26 330
 4  82  60  71   1   0   6 0.19    M    M  6.6 16 270   M    M   0 13     22 260
 5  81  57  69  -1   0   4 0.00    M    M  6.5 17 280   M    M   1        24 320
 6  76  52  64  -6   1   0    T    M    M  1.6 12 210   M    M   2 1      15 200
 7  76  55  66  -4   0   1 0.00    M    M  2.3  8 100   M    M   9 12     11 110
 8  82  58  70   0   0   5 0.00    M    M  1.6  9 110   M    M   8 1      15 170
 9  83  63  73   3   0   8    T    M    M  1.8  7 120   M    M   5 1      10  30
10  76  60  68  -2   0   3 0.06    M    M  5.3 14 160   M    M   8 123    19 180
11  81  60  71   1   0   6 0.02    M    M  7.5 17 330   M    M   6 1      22 330
12  78  60  69  -1   0   4 0.00    M    M  6.7 17 300   M    M   4        23 310
13  78  51  65  -5   0   0 0.00    M    M  4.2 15 310   M    M   1        20 330
14  85  54  70   0   0   5 0.00    M    M  2.3  9 240   M    M   0 1      14 250
15  88  57  73   3   0   8 0.00    M    M  2.5  9 200   M    M   1 1      13 220
16  89  58  74   4   0   9 0.00    M    M  1.3  9 300   M    M   1 18     14 300
17  91  61  76   7   0  11 0.00    M    M  1.9  7 220   M    M   1 18      M  M
18  83  64  74   5   0   9    T    M    M  3.0 13 190   M    M   6 18     19 190
19  86  69  78   9   0  13    T    M    M  6.8 16 150   M    M   7        21 160
20  82  60  71   2   0   6 0.51    M    M  5.2 18 290   M    M   7 13     27 280
21  79  54  67  -2   0   2    T    M    M  4.5 13 340   M    M   1        16 340
22  78  50  64  -5   1   0 0.00    M    M  2.6  9  90   M    M   0 18     13 320
23  80  49  65  -4   0   0 0.00    M    M  2.2 10 160   M    M   0 1      13 150
24  84  56  70   2   0   5 0.00  0.0    0  4.6 16 280   M    M   1 18     21 250
25  78  52  65  -3   0   0 0.00  0.0    0  6.6 15 260   M    M   4        21 260
26  73  49  61  -7   4   0 0.00  0.0    0  4.4 14 290   M    M   5        18 330
27  71  51  61  -7   4   0 0.00    M    M  2.8 10 320   M    M   7 1      15 320
28  79  48  64  -4   1   0 0.00    M    M  1.4  9 160   M    M   1 18     14  10
================================================================================
SM 2268 1590        11 126  1.00     0.0 113.4          M       95
================================================================================
AV 81.0 56.8                               4.1 FASTST   M    M   3    MAX(MPH)
                                 MISC ---->  # 18 320               # 27  280
================================================================================
NOTES:
# LAST OF SEVERAL OCCURRENCES

COLUMN 17 PEAK WIND IN M.P.H.

PRELIMINARY LOCAL CLIMATOLOGICAL DATA (WS FORM: F-6) , PAGE 2

                                          STATION:  ALTOONA
                                          MONTH:    AUGUST
                                          YEAR:     2015
                                          LATITUDE:   40 17 N
                                          LONGITUDE:  78 19 W

[TEMPERATURE DATA]      [PRECIPITATION DATA]       SYMBOLS USED IN COLUMN 16

AVERAGE MONTHLY: 68.9   TOTAL FOR MONTH:   1.00    1 = FOG OR MIST
DPTR FM NORMAL:  -0.6   DPTR FM NORMAL:   -1.70    2 = FOG REDUCING VISIBILITY
HIGHEST:    91 ON 17    GRTST 24HR  0.51 ON 20-20      TO 1/4 MILE OR LESS
LOWEST:     48 ON 28                               3 = THUNDER
                        SNOW, ICE PELLETS, HAIL    4 = ICE PELLETS
                        TOTAL MONTH:   0.0 INCH    5 = HAIL
                        GRTST 24HR     0.0         6 = FREEZING RAIN OR DRIZZLE
                        GRTST DEPTH:   0           7 = DUSTSTORM OR SANDSTORM:
                                                       VSBY 1/2 MILE OR LESS
                                                   8 = SMOKE OR HAZE
[NO. OF DAYS WITH]      [WEATHER - DAYS WITH]      9 = BLOWING SNOW
                                                   X = TORNADO
MAX 32 OR BELOW:   0    0.01 INCH OR MORE:   5
MAX 90 OR ABOVE:   1    0.10 INCH OR MORE:   3
MIN 32 OR BELOW:   0    0.50 INCH OR MORE:   1
MIN  0 OR BELOW:   0    1.00 INCH OR MORE:   0

[HDD (BASE 65) ]
TOTAL THIS MO.    11    CLEAR  (SCALE 0-3)  15
DPTR FM NORMAL    -9    PTCLDY (SCALE 4-7)  12
TOTAL FM JUL 1    14    CLOUDY (SCALE 8-10)  1
DPTR FM NORMAL   -16

[CDD (BASE 65) ]
TOTAL THIS MO.   126
DPTR FM NORMAL   -18    [PRESSURE DATA]
TOTAL FM JAN 1   564    HIGHEST SLP M ON M
DPTR FM NORMAL    93    LOWEST  SLP 29.72 ON 11

[REMARKS]
