000
CXUS52 KMFL 181000
CF6APF
PRELIMINARY LOCAL CLIMATOLOGICAL DATA (WS FORM: F-6)

                                          STATION:   NAPLES
                                          MONTH:     APRIL
                                          YEAR:      2014
                                          LATITUDE:   26  8 N
                                          LONGITUDE:  81 46 W

  TEMPERATURE IN F:       :PCPN:    SNOW:  WIND      :SUNSHINE: SKY     :PK WND
================================================================================
1   2   3   4   5  6A  6B    7    8   9   10  11  12  13   14  15   16   17  18
                                     12Z  AVG MX 2MIN
DY MAX MIN AVG DEP HDD CDD  WTR  SNW DPTH SPD SPD DIR MIN PSBL S-S WX    SPD DR
================================================================================

 1  83  58  71   0   0   6 0.00  0.0    0  5.2 14 260   M    M   0 1      19  80
 2  82  59  71  -1   0   6 0.00  0.0    0  6.1 15 230   M    M   1        19 240
 3  83  61  72   0   0   7 0.00  0.0    0  8.7 21 200   M    M   0        24 150
 4  84  65  75   3   0  10 0.00  0.0    0  7.1 17 150   M    M   1        22 140
 5  83  66  75   3   0  10 0.00  0.0    0  4.6 14 270   M    M   1 1      17 210
 6  85  66  76   4   0  11 0.00  0.0    0  7.1 21 190   M    M   0        27 160
 7  88  70  79   7   0  14 0.00  0.0    0 12.4 24 160   M    M   2        31 140
 8  84  66  75   3   0  10 0.53  0.0    0 14.7 28 250   M    M   7 12     36 260
 9  75  62  69  -3   0   4 0.00  0.0    0 14.2 25 280   M    M   4        34 280
10  83  59  71  -1   0   6 0.00  0.0    0 10.2 18  60   M    M   2        26  70
11  85  60  73   0   0   8 0.00  0.0    0  7.1 15  70   M    M   3        25 100
12  87  65  76   3   0  11 0.00  0.0    0  8.4 17  70   M    M   4        22  60
13  87  65  76   3   0  11 0.00  0.0    0  9.7 20  70   M    M   4        25  70
14  86  69  78   5   0  13 0.00  0.0    0  8.2 17 220   M    M   4 1      21 200
15  86  71  79   6   0  14 0.00  0.0    0 11.3 24 210   M    M   5 1      31 210
16  81  68  75   2   0  10 0.00  0.0    0 10.4 20  70   M    M   8        24  70
17  90  69  80   7   0  15 0.66  0.0    0 10.8 25 140   M    M   5 13     32  90
================================================================================
SM 1432 1099         0 166  1.19     0.0 156.2          M       51
================================================================================
AV 84.2 64.6                               9.2 FASTST   M    M   3    MAX(MPH)
                                 MISC ---->  # 28 250               # 36  260
================================================================================
NOTES:
# LAST OF SEVERAL OCCURRENCES

COLUMN 17 PEAK WIND IN M.P.H.

PRELIMINARY LOCAL CLIMATOLOGICAL DATA (WS FORM: F-6) , PAGE 2

                                          STATION:  NAPLES
                                          MONTH:    APRIL
                                          YEAR:     2014
                                          LATITUDE:   26  8 N
                                          LONGITUDE:  81 46 W

[TEMPERATURE DATA]      [PRECIPITATION DATA]       SYMBOLS USED IN COLUMN 16

AVERAGE MONTHLY: 74.4   TOTAL FOR MONTH:   1.19    1 = FOG OR MIST
DPTR FM NORMAL:   2.1   DPTR FM NORMAL:   -0.23    2 = FOG REDUCING VISIBILITY
HIGHEST:    90 ON 17    GRTST 24HR  0.66 ON 17-17      TO 1/4 MILE OR LESS
LOWEST:     58 ON  1                               3 = THUNDER
                        SNOW, ICE PELLETS, HAIL    4 = ICE PELLETS
                        TOTAL MONTH:   0.0 INCH    5 = HAIL
                        GRTST 24HR     0.0         6 = FREEZING RAIN OR DRIZZLE
                        GRTST DEPTH:   0           7 = DUSTSTORM OR SANDSTORM:
                                                       VSBY 1/2 MILE OR LESS
                                                   8 = SMOKE OR HAZE
[NO. OF DAYS WITH]      [WEATHER - DAYS WITH]      9 = BLOWING SNOW
                                                   X = TORNADO
MAX 32 OR BELOW:   0    0.01 INCH OR MORE:   2
MAX 90 OR ABOVE:   1    0.10 INCH OR MORE:   2
MIN 32 OR BELOW:   0    0.50 INCH OR MORE:   2
MIN  0 OR BELOW:   0    1.00 INCH OR MORE:   0

[HDD (BASE 65) ]
TOTAL THIS MO.     0    CLEAR  (SCALE 0-3)   9
DPTR FM NORMAL     0    PTCLDY (SCALE 4-7)   8
TOTAL FM JUL 1   149    CLOUDY (SCALE 8-10)  0
DPTR FM NORMAL  -107

[CDD (BASE 65) ]
TOTAL THIS MO.   166
DPTR FM NORMAL    39    [PRESSURE DATA]
TOTAL FM JAN 1   597    HIGHEST SLP M ON M
DPTR FM NORMAL   103    LOWEST  SLP 29.78 ON  8

[REMARKS]
