000
CXUS53 KAPX 010631
CF6APX
PRELIMINARY LOCAL CLIMATOLOGICAL DATA (WS FORM: F-6)

                                          STATION:   GAYLORD  WFO
                                          MONTH:     JANUARY
                                          YEAR:      2015
                                          LATITUDE:   45  4 N
                                          LONGITUDE:  84 43 W

  TEMPERATURE IN F:       :PCPN:    SNOW:  WIND      :SUNSHINE: SKY     :PK WND
================================================================================
1   2   3   4   5  6A  6B    7    8   9   10  11  12  13   14  15   16   17  18
                                     12Z  AVG MX 2MIN
DY MAX MIN AVG DEP HDD CDD  WTR  SNW DPTH SPD SPD DIR MIN PSBL S-S WX    SPD DR
================================================================================

 1  22  15  19   0  46   0 0.24  4.0    2   M   M   M   M    M   M         M  M
 2  23   8  16  -2  49   0    T    T    4   M   M   M   M    M   M         M  M
 3  28   8  18   0  47   0 0.11  1.6    4   M   M   M   M    M   M         M  M
 4  28   6  17  -1  48   0 0.15  2.5    6   M   M   M   M    M   M         M  M
 5   6   2   4 -14  61   0 0.14  3.1    7   M   M   M   M    M   M         M  M
 6  13   3   8 -10  57   0 0.15  1.6    7   M   M   M   M    M   M         M  M
 7   7  -3   2 -16  63   0 0.17  2.0    9   M   M   M   M    M   M         M  M
 8  12   4   8  -9  57   0 0.10  1.8    9   M   M   M   M    M   M         M  M
 9  13   4   9  -8  56   0 0.36  6.1   12   M   M   M   M    M   M         M  M
10  15   3   9  -8  56   0 0.05  0.6   13   M   M   M   M    M   M         M  M
11  22  14  18   1  47   0    T    T   13   M   M   M   M    M   M         M  M
12  19  -2   9  -8  56   0 0.01  0.2   13   M   M   M   M    M   M         M  M
13  15  -5   5 -12  60   0 0.00  0.0   11   M   M   M   M    M   M         M  M
14  21   4  13  -4  52   0    T  0.1   10   M   M   M   M    M   M         M  M
15  28  18  23   7  42   0 0.03  0.5   10   M   M   M   M    M   M         M  M
16  22   8  15  -1  50   0 0.01  0.2   10   M   M   M   M    M   M         M  M
17  36  10  23   7  42   0    T    T   10   M   M   M   M    M   M         M  M
18  34  23  29  13  36   0 0.07  0.6   10   M   M   M   M    M   M         M  M
19  23  11  17   1  48   0    T    T   10   M   M   M   M    M   M         M  M
20  26  10  18   2  47   0    T    T   10   M   M   M   M    M   M         M  M
21  27  11  19   3  46   0    T    T   10   M   M   M   M    M   M         M  M
22  28   8  18   2  47   0    T    T   10   M   M   M   M    M   M         M  M
23  32  20  26  10  39   0 0.01  0.1   10   M   M   M   M    M   M         M  M
24  32  16  24   8  41   0 0.04  0.4   10   M   M   M   M    M   M         M  M
25  17   3  10  -6  55   0    T    T   10   M   M   M   M    M   M         M  M
26  22   3  13  -3  52   0    T    T   10   M   M   M   M    M   M         M  M
27  23   8  16   0  49   0    T    T   10   M   M   M   M    M   M         M  M
28  31   6  19   3  46   0 0.00  0.0   10   M   M   M   M    M   M         M  M
29  28  14  21   5  44   0 0.44  6.2   12   M   M   M   M    M   M 69      M  M
30  16   5  11  -5  54   0    T    T   15   M   M   M   M    M   M 9       M  M
31  23  11  17   1  48   0 0.01  0.4   14   M   M   M   M    M   M         M  M
================================================================================
SM  692  246      1541   0  2.09    32.0     M          M        M
================================================================================
AV 22.3  7.9                                 M FASTST   M    M   7    MAX(MPH)
                                 MISC ---->     M   M                  M    M
================================================================================
NOTES:
# LAST OF SEVERAL OCCURRENCES

COLUMN 17 PEAK WIND IN M.P.H.

PRELIMINARY LOCAL CLIMATOLOGICAL DATA (WS FORM: F-6) , PAGE 2

                                          STATION:  GAYLORD  WFO
                                          MONTH:    JANUARY
                                          YEAR:     2015
                                          LATITUDE:   45  4 N
                                          LONGITUDE:  84 43 W

[TEMPERATURE DATA]      [PRECIPITATION DATA]       SYMBOLS USED IN COLUMN 16

AVERAGE MONTHLY: 15.1   TOTAL FOR MONTH:   2.09    1 = FOG OR MIST
DPTR FM NORMAL:  -1.7   DPTR FM NORMAL:   -0.58    2 = FOG REDUCING VISIBILITY
HIGHEST:    36 ON 17    GRTST 24HR  0.44 ON 29-29      TO 1/4 MILE OR LESS
LOWEST:     -5 ON 13                               3 = THUNDER
                        SNOW, ICE PELLETS, HAIL    4 = ICE PELLETS
                        TOTAL MONTH:  32.0 INCHES  5 = HAIL
                        GRTST 24HR   6.2 ON   M    6 = FREEZING RAIN OR DRIZZLE
                        GRTST DEPTH:  15 ON 30     7 = DUSTSTORM OR SANDSTORM:
                                                       VSBY 1/2 MILE OR LESS
                                                   8 = SMOKE OR HAZE
[NO. OF DAYS WITH]      [WEATHER - DAYS WITH]      9 = BLOWING SNOW
                                                   X = TORNADO
MAX 32 OR BELOW:  29    0.01 INCH OR MORE:  17
MAX 90 OR ABOVE:   0    0.10 INCH OR MORE:   9
MIN 32 OR BELOW:  31    0.50 INCH OR MORE:   0
MIN  0 OR BELOW:   3    1.00 INCH OR MORE:   0

[HDD (BASE 65) ]
TOTAL THIS MO.  1541    CLEAR  (SCALE 0-3)   0
DPTR FM NORMAL    47    PTCLDY (SCALE 4-7)   0
TOTAL FM JUL 1  4870    CLOUDY (SCALE 8-10)  0
DPTR FM NORMAL   114

[CDD (BASE 65) ]
TOTAL THIS MO.     0
DPTR FM NORMAL     0    [PRESSURE DATA]
TOTAL FM JAN 1     0    HIGHEST SLP M ON M
DPTR FM NORMAL     0    LOWEST  SLP M ON M

[REMARKS]
#FINAL-01-15#
