000
CXUS53 KAPX 300631
CF6APX
PRELIMINARY LOCAL CLIMATOLOGICAL DATA (WS FORM: F-6)

                                          STATION:   GAYLORD  WFO
                                          MONTH:     SEPTEMBER
                                          YEAR:      2014
                                          LATITUDE:   45  4 N
                                          LONGITUDE:  84 43 W

  TEMPERATURE IN F:       :PCPN:    SNOW:  WIND      :SUNSHINE: SKY     :PK WND
================================================================================
1   2   3   4   5  6A  6B    7    8   9   10  11  12  13   14  15   16   17  18
                                     12Z  AVG MX 2MIN
DY MAX MIN AVG DEP HDD CDD  WTR  SNW DPTH SPD SPD DIR MIN PSBL S-S WX    SPD DR
================================================================================

 1  75  61  68   6   0   3 0.86  0.0    0   M   M   M   M    M   M 3       M  M
 2  71  58  65   3   0   0 0.03  0.0    0   M   M   M   M    M   M 12      M  M
 3  77  55  66   5   0   1 0.00  0.0    0   M   M   M   M    M   M         M  M
 4  76  59  68   7   0   3 1.30  0.0    0   M   M   M   M    M   M 3       M  M
 5  75  57  66   5   0   1 0.95  0.0    0   M   M   M   M    M   M         M  M
 6  67  48  58  -2   7   0 0.00  0.0    0   M   M   M   M    M   M         M  M
 7  74  45  60   0   5   0 0.00  0.0    0   M   M   M   M    M   M         M  M
 8  74  53  64   4   1   0 0.00  0.0    0   M   M   M   M    M   M         M  M
 9  78  56  67   7   0   2 0.00  0.0    0   M   M   M   M    M   M         M  M
10  67  48  58  -1   7   0 0.55  0.0    0   M   M   M   M    M   M         M  M
11  49  42  46 -13  19   0 0.11  0.0    0   M   M   M   M    M   M         M  M
12  48  41  45 -13  20   0 0.28  0.0    0   M   M   M   M    M   M         M  M
13  50  37  44 -14  21   0 0.39  0.0    0   M   M   M   M    M   M         M  M
14  58  35  47 -11  18   0 0.00  0.0    0   M   M   M   M    M   M         M  M
15  55  41  48  -9  17   0 0.00  0.0    0   M   M   M   M    M   M         M  M
16  60  40  50  -7  15   0 0.00  0.0    0   M   M   M   M    M   M         M  M
17  64  44  54  -3  11   0 0.00  0.0    0   M   M   M   M    M   M         M  M
18  56  41  49  -7  16   0    T  0.0    0   M   M   M   M    M   M         M  M
19  65  41  53  -3  12   0 0.00  0.0    0   M   M   M   M    M   M         M  M
20  72  55  64   9   1   0 0.70  0.0    0   M   M   M   M    M   M         M  M
21  60  43  52  -3  13   0 0.68  0.0    0   M   M   M   M    M   M         M  M
22  59  37  48  -7  17   0 0.00  0.0    0   M   M   M   M    M   M         M  M
23  71  46  59   5   6   0 0.00  0.0    0   M   M   M   M    M   M         M  M
24  74  49  62   8   3   0 0.00  0.0    0   M   M   M   M    M   M         M  M
25  74  49  62   9   3   0 0.00  0.0    0   M   M   M   M    M   M         M  M
26  77  52  65  12   0   0 0.00  0.0    0   M   M   M   M    M   M         M  M
27  77  52  65  12   0   0 0.00  0.0    0   M   M   M   M    M   M         M  M
28  75  53  64  12   1   0 0.00  0.0    0   M   M   M   M    M   M         M  M
29  70  44  57   5   8   0 0.29  0.0    0   M   M   M   M    M   M 1       M  M
================================================================================
SM 1948 1382       221  10  6.14     0.0     M          M        M
================================================================================
AV 67.2 47.7                                 M FASTST   M    M   4    MAX(MPH)
                                 MISC ---->     M   M                  M    M
================================================================================
NOTES:
# LAST OF SEVERAL OCCURRENCES

COLUMN 17 PEAK WIND IN M.P.H.

PRELIMINARY LOCAL CLIMATOLOGICAL DATA (WS FORM: F-6) , PAGE 2

                                          STATION:  GAYLORD  WFO
                                          MONTH:    SEPTEMBER
                                          YEAR:     2014
                                          LATITUDE:   45  4 N
                                          LONGITUDE:  84 43 W

[TEMPERATURE DATA]      [PRECIPITATION DATA]       SYMBOLS USED IN COLUMN 16

AVERAGE MONTHLY: 57.4   TOTAL FOR MONTH:   6.14    1 = FOG OR MIST
DPTR FM NORMAL:   0.2   DPTR FM NORMAL:    2.71    2 = FOG REDUCING VISIBILITY
HIGHEST:    78 ON  9    GRTST 24HR  1.30 ON  4- 4      TO 1/4 MILE OR LESS
LOWEST:     35 ON 14                               3 = THUNDER
                        SNOW, ICE PELLETS, HAIL    4 = ICE PELLETS
                        TOTAL MONTH:   0.0 INCH    5 = HAIL
                        GRTST 24HR     0.0         6 = FREEZING RAIN OR DRIZZLE
                        GRTST DEPTH:   0           7 = DUSTSTORM OR SANDSTORM:
                                                       VSBY 1/2 MILE OR LESS
                                                   8 = SMOKE OR HAZE
[NO. OF DAYS WITH]      [WEATHER - DAYS WITH]      9 = BLOWING SNOW
                                                   X = TORNADO
MAX 32 OR BELOW:   0    0.01 INCH OR MORE:  11
MAX 90 OR ABOVE:   0    0.10 INCH OR MORE:  10
MIN 32 OR BELOW:   0    0.50 INCH OR MORE:   6
MIN  0 OR BELOW:   0    1.00 INCH OR MORE:   1

[HDD (BASE 65) ]
TOTAL THIS MO.   221    CLEAR  (SCALE 0-3)   0
DPTR FM NORMAL   -22    PTCLDY (SCALE 4-7)   0
TOTAL FM JUL 1   391    CLOUDY (SCALE 8-10)  0
DPTR FM NORMAL    17

[CDD (BASE 65) ]
TOTAL THIS MO.    10
DPTR FM NORMAL    -4    [PRESSURE DATA]
TOTAL FM JAN 1   193    HIGHEST SLP M ON M
DPTR FM NORMAL   -61    LOWEST  SLP M ON M

[REMARKS]
