000
CXUS54 KLCH 241453
CF6ARA
PRELIMINARY LOCAL CLIMATOLOGICAL DATA (WS FORM: F-6)

                                          STATION:   NEW IBERIA
                                          MONTH:     NOVEMBER
                                          YEAR:      2017
                                          LATITUDE:   30  1 N
                                          LONGITUDE:  91 53 W

  TEMPERATURE IN F:       :PCPN:    SNOW:  WIND      :SUNSHINE: SKY     :PK WND
================================================================================
1   2   3   4   5  6A  6B    7    8   9   10  11  12  13   14  15   16   17  18
                                     12Z  AVG MX 2MIN
DY MAX MIN AVG DEP HDD CDD  WTR  SNW DPTH SPD SPD DIR MIN PSBL S-S WX    SPD DR
================================================================================

 1  77  62  70   5   0   5 0.19  0.0    0 12.5 24 160   M    M   8 13     33 160
 2  83  71  77  12   0  12 0.00  0.0    0  9.8 20 180   M    M   6        25 160
 3  84  67  76  11   0  11 0.00  0.0    0  6.6 15 200   M    M   5 12     17 160
 4  84  67  76  12   0  11 0.01  0.0    0  5.7 15 180   M    M   7 128    21 160
 5  84  66  75  11   0  10 0.00  0.0    0  8.1 16 200   M    M   5 12     22 210
 6  84  66  75  11   0  10    T  0.0    0  6.3 15 210   M    M   4 128    19 190
 7  84  66  75  11   0  10    T  0.0    0  4.3 12 200   M    M   3 12     15 280
 8  70  58  64   1   1   0    T  0.0    0 10.3 18  20   M    M  10 12     22  10
 9  61  48  55  -8  10   0 0.04  0.0    0  9.7 20  30   M    M   8        27  30
10  70  48  59  -4   6   0 0.00  0.0    0  8.3 14  30   M    M   0        20  90
11  75  47  61  -1   4   0 0.00  0.0    0  4.8 13  90   M    M   0 1      15 100
12  81  57  69   7   0   4 0.00  0.0    0  5.7 14  40   M    M   3 1      17  40
13  76  58  67   5   0   2 0.00  0.0    0  9.5 17  60   M    M   0        22  70
14  74  52  63   1   2   0 0.00  0.0    0  5.6 12  30   M    M   0        14  20
15  77  51  64   3   1   0 0.00  0.0    0  3.2 12 140   M    M   1 12     17 150
16  79  52  66   5   0   1 0.00  0.0    0  2.3 10 210   M    M   4 128    13 220
17  78  54  66   5   0   1 0.00  0.0    0  7.5 17 170   M    M   2 12     22 170
18  81  60  71  11   0   6 0.01  0.0    0 12.7 29 360   M    M   5        37 360
19  63  44  54  -6  11   0    T    M    0 13.1 29 360   M    M   1        36 360
20  63  39  51  -9  14   0 0.00  0.0    0  4.3 15 120   M    M   0        17 120
21  73  44  59  -1   6   0 0.03    M    0  7.1 17  50   M    M   7 8      20  50
22  66  45  56  -3   9   0 0.03    M    0 12.1 20  20   M    M   2        25  30
23  61  35  48 -11  17   0 0.00  0.0    0  7.1 16  10   M    M   0        22 360
================================================================================
SM 1728 1257        81  83  0.31     0.0 176.6          M       81
================================================================================
AV 75.1 54.7                               7.7 FASTST   M    M   4    MAX(MPH)
                                 MISC ---->  # 29 360               # 37  360
================================================================================
NOTES:
# LAST OF SEVERAL OCCURRENCES

COLUMN 17 PEAK WIND IN M.P.H.

PRELIMINARY LOCAL CLIMATOLOGICAL DATA (WS FORM: F-6) , PAGE 2

                                          STATION:  NEW IBERIA
                                          MONTH:    NOVEMBER
                                          YEAR:     2017
                                          LATITUDE:   30  1 N
                                          LONGITUDE:  91 53 W

[TEMPERATURE DATA]      [PRECIPITATION DATA]       SYMBOLS USED IN COLUMN 16

AVERAGE MONTHLY: 64.9   TOTAL FOR MONTH:   0.31    1 = FOG OR MIST
DPTR FM NORMAL:   2.8   DPTR FM NORMAL:   -2.58    2 = FOG REDUCING VISIBILITY
HIGHEST:    84 ON  7, 6 GRTST 24HR  0.19 ON  1- 1      TO 1/4 MILE OR LESS
LOWEST:     35 ON 23                               3 = THUNDER
                        SNOW, ICE PELLETS, HAIL    4 = ICE PELLETS
                        TOTAL MONTH:   0.0 INCH    5 = HAIL
                        GRTST 24HR     0.0         6 = FREEZING RAIN OR DRIZZLE
                        GRTST DEPTH:   0           7 = DUSTSTORM OR SANDSTORM:
                                                       VSBY 1/2 MILE OR LESS
                                                   8 = SMOKE OR HAZE
[NO. OF DAYS WITH]      [WEATHER - DAYS WITH]      9 = BLOWING SNOW
                                                   X = TORNADO
MAX 32 OR BELOW:   0    0.01 INCH OR MORE:   6
MAX 90 OR ABOVE:   0    0.10 INCH OR MORE:   1
MIN 32 OR BELOW:   0    0.50 INCH OR MORE:   0
MIN  0 OR BELOW:   0    1.00 INCH OR MORE:   0

[HDD (BASE 65) ]
TOTAL THIS MO.    81    CLEAR  (SCALE 0-3)  10
DPTR FM NORMAL   -23    PTCLDY (SCALE 4-7)  12
TOTAL FM JUL 1   132    CLOUDY (SCALE 8-10)  1
DPTR FM NORMAL    -6

[CDD (BASE 65) ]
TOTAL THIS MO.    83
DPTR FM NORMAL    47    [PRESSURE DATA]
TOTAL FM JAN 1  3082    HIGHEST SLP M ON M
DPTR FM NORMAL   301    LOWEST  SLP 29.83 ON 18

[REMARKS]
