000
CXUS54 KHGX 261454
CF6ARM
PRELIMINARY LOCAL CLIMATOLOGICAL DATA (WS FORM: F-6)

                                          STATION:   Wharton
                                          MONTH:     FEBRUARY
                                          YEAR:      2015
                                          LATITUDE:   29 15 N
                                          LONGITUDE:  96  9 W

  TEMPERATURE IN F:       :PCPN:    SNOW:  WIND      :SUNSHINE: SKY     :PK WND
================================================================================
1   2   3   4   5  6A  6B    7    8   9   10  11  12  13   14  15   16   17  18
                                     12Z  AVG MX 2MIN
DY MAX MIN AVG DEP HDD CDD  WTR  SNW DPTH SPD SPD DIR MIN PSBL S-S WX    SPD DR
================================================================================

 1  75  51  63   M   2   0 0.00  0.0    0  9.1 21 340   M    M   5 12     37 350
 2  51  37  44   M  21   0 0.00  0.0    0 11.6 27 350   M    M   0        32 350
 3  46  41  44   M  21   0 0.07    M    0  3.6  7 340   M    M   7 1       M  M
 4  59  43  51   M  14   0 0.01  0.0    0  3.9 12  50   M    M  10 1       M  M
 5  56  41  49   M  16   0 0.00  0.0    0 11.8 21 350   M    M  10 1      25 330
 6  56  41  49   M  16   0 0.00  0.0    0  4.1  8 350   M    M   7 1       M  M
 7  68  40  54   M  11   0 0.00  0.0    0  5.9 14 170   M    M   4 12     18 170
 8  73  50  62   M   3   0 0.00  0.0    0 10.1 22 180   M    M   5 12     30 200
 9  80  49  65   M   0   0 0.00  0.0    0  5.3 15 330   M    M   3 12      M  M
10  77  44  61   M   4   0 0.00  0.0    0  5.0 12 170   M    M   0 12      M  M
11  77  49  63   M   2   0 0.00  0.0    0  4.2 12 140   M    M   5 12     17 170
12  65  45  55   M  10   0 0.00  0.0    0  9.3 20 360   M    M   1 12     25 360
13  68  41  55   M  10   0 0.00  0.0    0  4.2  9 160   M    M   1         M  M
14  76  44  60   M   5   0 0.00  0.0    0  4.9 13 190   M    M   2 12      M  M
15  71  53  62   M   3   0 0.00  0.0    0  7.0 15 140   M    M   8 12      M  M
16  68  37  53   M  12   0 0.06    M    0 14.8 25 340   M    M   9 1      33 340
17  51  34  43   M  22   0 0.00  0.0    0 10.7 16  10   M    M   6        24 360
18  62  30  46   M  19   0 0.00  0.0    0  3.6  8 290   M    M   0         M  M
19  68  37  53   M  12   0 0.00  0.0    0  8.7 20 150   M    M   3        23 150
20  72  57  65   M   0   0 0.00  0.0    0 16.0 27 170   M    M   9        37 170
21  76  64  70   M   0   5 0.00  0.0    0 14.0 23 190   M    M   8 18     29 190
22  79  46  63   M   2   0 0.00  0.0    0  9.7 25 350   M    M   9 12     32 350
23  46  35  41   M  24   0 0.01  0.0    0 15.4 22  10   M    M  10 1      27 360
24  38  33  36   M  29   0 0.00  0.0    0  8.1 13 350   M    M  10 1      18 350
25  53  37  45   M  20   0 0.01  0.0    0  9.7 17 310   M    M   6 1      23 320
================================================================================
SM 1611 1079       278   5  0.16     0.0 210.7          M      138
================================================================================
AV 64.4 43.2                               8.4 FASTST   M    M   6    MAX(MPH)
                                 MISC ---->  # 27 350                 37    M
================================================================================
NOTES:
# LAST OF SEVERAL OCCURRENCES

COLUMN 17 PEAK WIND IN M.P.H.

PRELIMINARY LOCAL CLIMATOLOGICAL DATA (WS FORM: F-6) , PAGE 2

                                          STATION:  Wharton
                                          MONTH:    FEBRUARY
                                          YEAR:     2015
                                          LATITUDE:   29 15 N
                                          LONGITUDE:  96  9 W

[TEMPERATURE DATA]      [PRECIPITATION DATA]       SYMBOLS USED IN COLUMN 16

AVERAGE MONTHLY: 53.8   TOTAL FOR MONTH:   0.16    1 = FOG OR MIST
DPTR FM NORMAL:     M   DPTR FM NORMAL:       M    2 = FOG REDUCING VISIBILITY
HIGHEST:    80 ON  9    GRTST 24HR  0.07 ON  3- 3      TO 1/4 MILE OR LESS
LOWEST:     30 ON 18                               3 = THUNDER
                        SNOW, ICE PELLETS, HAIL    4 = ICE PELLETS
                        TOTAL MONTH:   0.0 INCH    5 = HAIL
                        GRTST 24HR     0.0         6 = FREEZING RAIN OR DRIZZLE
                        GRTST DEPTH:   0           7 = DUSTSTORM OR SANDSTORM:
                                                       VSBY 1/2 MILE OR LESS
                                                   8 = SMOKE OR HAZE
[NO. OF DAYS WITH]      [WEATHER - DAYS WITH]      9 = BLOWING SNOW
                                                   X = TORNADO
MAX 32 OR BELOW:   0    0.01 INCH OR MORE:   5
MAX 90 OR ABOVE:   0    0.10 INCH OR MORE:   0
MIN 32 OR BELOW:   1    0.50 INCH OR MORE:   0
MIN  0 OR BELOW:   0    1.00 INCH OR MORE:   0

[HDD (BASE 65) ]
TOTAL THIS MO.   278    CLEAR  (SCALE 0-3)   7
DPTR FM NORMAL     M    PTCLDY (SCALE 4-7)  11
TOTAL FM JUL 1  1260    CLOUDY (SCALE 8-10)  7
DPTR FM NORMAL     M

[CDD (BASE 65) ]
TOTAL THIS MO.     5
DPTR FM NORMAL     M    [PRESSURE DATA]
TOTAL FM JAN 1     5    HIGHEST SLP M ON M
DPTR FM NORMAL     M    LOWEST  SLP M ON M

[REMARKS]
