000
CXUS51 KBUF 231205
CF6ART
PRELIMINARY LOCAL CLIMATOLOGICAL DATA (WS FORM: F-6)

                                          STATION:   WATERTOWN NY
                                          MONTH:     AUGUST
                                          YEAR:      2017
                                          LATITUDE:   43 59 N
                                          LONGITUDE:  76  2 W

  TEMPERATURE IN F:       :PCPN:    SNOW:  WIND      :SUNSHINE: SKY     :PK WND
================================================================================
1   2   3   4   5  6A  6B    7    8   9   10  11  12  13   14  15   16   17  18
                                     12Z  AVG MX 2MIN
DY MAX MIN AVG DEP HDD CDD  WTR  SNW DPTH SPD SPD DIR MIN PSBL S-S WX    SPD DR
================================================================================

 1  82  58  70   1   0   5 0.00    M    M  2.8 10 270   M    M   1 12     13 260
 2  82  59  71   2   0   6 0.00    M    M  3.9 15 270   M    M   0 18     18 260
 3  83  61  72   3   0   7 0.06    M    M  5.0 15 210   M    M   1 138    24 210
 4  85  66  76   7   0  11 0.67    M    M  6.1 20 240   M    M   5 13     29 230
 5  70  58  64  -4   1   0 0.27    M    M 14.7 25 260   M    M   8 1      36 260
 6  73  50  62  -6   3   0 0.00    M    M  7.5 17 260   M    M   6        25 260
 7  76  61  69   1   0   4 0.23    M    M  5.6 14 280   M    M   5 123    18 270
 8  74  58  66  -2   0   1 0.00    M    M  4.8 16 260   M    M   5 128    21 260
 9  77  60  69   1   0   4 0.00    M    M  5.9 14 260   M    M   3 1      16 260
10  80  61  71   3   0   6 0.00    M    M  4.2 13 280   M    M   1 18     16 270
11  78  64  71   3   0   6 0.00    M    M  5.3 12 200   M    M   2 138    17 200
12  77  65  71   3   0   6    T    M    M  8.4 16 220   M    M   5 3      22 230
13  76  56  66  -2   0   1 0.00    M    M  5.3 15 260   M    M   1 18     20 230
14  80  58  69   1   0   4 0.00    M    M  4.5 13 260   M    M   2 8      17 230
15  79  61  70   2   0   5 0.00    M    M  6.2 13 260   M    M   3 12     17 190
16  75  50  63  -4   2   0 0.00    M    M  5.8 13 360   M    M   2 12     20 340
17  80  47  64  -3   1   0    T    M    M  3.2 12 160   M    M   2        16 160
18  85  69  77  10   0  12 0.67    M    M 10.3 18 220   M    M   6 13     27 220
19  75  68  72   5   0   7    T    M    M 10.5 22 220   M    M   8 1      28 220
20  76  59  68   1   0   3 0.00    M    M  6.4 16 260   M    M   3 1      21 260
21  82  65  74   7   0   9    T    M    M  5.1 15 220   M    M   1 1      19 220
22  84  64  74   8   0   9 2.12    M    M 10.6 33 230   M    M   3 1238   42 230
================================================================================
SM 1729 1318         7 106  4.02    M    142.1          M       73
================================================================================
AV 78.6 59.9                               6.5 FASTST   M    M   3    MAX(MPH)
                                 MISC ---->  # 33 230               # 42  230
================================================================================
NOTES:
# LAST OF SEVERAL OCCURRENCES

COLUMN 17 PEAK WIND IN M.P.H.

PRELIMINARY LOCAL CLIMATOLOGICAL DATA (WS FORM: F-6) , PAGE 2

                                          STATION:  WATERTOWN NY
                                          MONTH:    AUGUST
                                          YEAR:     2017
                                          LATITUDE:   43 59 N
                                          LONGITUDE:  76  2 W

[TEMPERATURE DATA]      [PRECIPITATION DATA]       SYMBOLS USED IN COLUMN 16

AVERAGE MONTHLY: 69.3   TOTAL FOR MONTH:   4.02    1 = FOG OR MIST
DPTR FM NORMAL:   1.4   DPTR FM NORMAL:    1.76    2 = FOG REDUCING VISIBILITY
HIGHEST:    85 ON 18, 4 GRTST 24HR  2.12 ON 22-22      TO 1/4 MILE OR LESS
LOWEST:     47 ON 17                               3 = THUNDER
                        SNOW, ICE PELLETS, HAIL    4 = ICE PELLETS
                        TOTAL MONTH:    M          5 = HAIL
                        GRTST 24HR    M  ON   M    6 = FREEZING RAIN OR DRIZZLE
                        GRTST DEPTH:  M  ON   M    7 = DUSTSTORM OR SANDSTORM:
                                                       VSBY 1/2 MILE OR LESS
                                                   8 = SMOKE OR HAZE
[NO. OF DAYS WITH]      [WEATHER - DAYS WITH]      9 = BLOWING SNOW
                                                   X = TORNADO
MAX 32 OR BELOW:   0    0.01 INCH OR MORE:   6
MAX 90 OR ABOVE:   0    0.10 INCH OR MORE:   5
MIN 32 OR BELOW:   0    0.50 INCH OR MORE:   3
MIN  0 OR BELOW:   0    1.00 INCH OR MORE:   1

[HDD (BASE 65) ]
TOTAL THIS MO.     7    CLEAR  (SCALE 0-3)  12
DPTR FM NORMAL   -18    PTCLDY (SCALE 4-7)  10
TOTAL FM JUL 1    18    CLOUDY (SCALE 8-10)  0
DPTR FM NORMAL   -33

[CDD (BASE 65) ]
TOTAL THIS MO.   106
DPTR FM NORMAL    19    [PRESSURE DATA]
TOTAL FM JAN 1   329    HIGHEST SLP M ON M
DPTR FM NORMAL    30    LOWEST  SLP 29.68 ON 22

[REMARKS]
