000
CXUS53 KARX 010930
CF6ARX
PRELIMINARY LOCAL CLIMATOLOGICAL DATA (WS FORM: F-6)

                                          STATION:   La Crosse Weather Office WI
                                          MONTH:     AUGUST
                                          YEAR:      2014
                                          LATITUDE:   43 49 N
                                          LONGITUDE:  91 12 W

  TEMPERATURE IN F:       :PCPN:    SNOW:  WIND      :SUNSHINE: SKY     :PK WND
================================================================================
1   2   3   4   5  6A  6B    7    8   9   10  11  12  13   14  15   16   17  18
                                     12Z  AVG MX 2MIN
DY MAX MIN AVG DEP HDD CDD  WTR  SNW DPTH SPD SPD DIR MIN PSBL S-S WX    SPD DR
================================================================================

 1  79  61  70   0   0   5 0.00  0.0    0   M   M   M   M    M   M        16  M
 2  81  62  72   2   0   7 0.00  0.0    0   M   M   M   M    M   M        14  M
 3  81  65  73   3   0   8 0.01  0.0    0   M   M   M   M    M   M 3      14  M
 4  81  61  71   1   0   6 0.44  0.0    0   M   M   M   M    M   M 3      30  M
 5  75  61  68  -2   0   3 0.00  0.0    0   M   M   M   M    M   M         9  M
 6  78  60  69  -1   0   4 0.00  0.0    0   M   M   M   M    M   M 12      7  M
 7  80  60  70   0   0   5 0.00  0.0    0   M   M   M   M    M   M        14 120
 8  80  59  70   0   0   5    T  0.0    0   M   M   M   M    M   M        14 100
 9  80  60  70   0   0   5 0.00  0.0    0   M   M   M   M    M   M        12 120
10  80  56  68  -2   0   3 0.00  0.0    0   M   M   M   M    M   M        12 150
11  71  59  65  -5   0   0 0.11  0.0    0   M   M   M   M    M   M        27  M
12  72  54  63  -7   2   0 0.00  0.0    0   M   M   M   M    M   M        24  M
13  78  57  68  -2   0   3 0.00  0.0    0   M   M   M   M    M   M         M  M
14  73  49  61  -8   4   0 0.00  0.0    0   M   M   M   M    M   M        12  M
15  77  56  67  -2   0   2 0.00  0.0    0   M   M   M   M    M   M        16  M
16  79  62  71   2   0   6 0.00  0.0    0   M   M   M   M    M   M        15  M
17  75  62  69   0   0   4 0.00  0.0    0   M   M   M   M    M   M        22  M
18  83  63  73   4   0   8 0.96  0.0    0   M   M   M   M    M   M 123    34  M
19  76  63  70   1   0   5 0.00  0.0    0   M   M   M   M    M   M 1      16  M
20  81  62  72   3   0   7 0.00  0.0    0   M   M   M   M    M   M 1       8  M
21  79  66  73   4   0   8 0.36  0.0    0   M   M   M   M    M   M 3      26  M
22  84  70  77   9   0  12 0.00  0.0    0   M   M   M   M    M   M 12     15  M
23  76  69  73   5   0   8 0.17  0.0    0   M   M   M   M    M   M 12     16  M
24  85  67  76   8   0  11 0.00  0.0    0   M   M   M   M    M   M        27  M
25  85  65  75   7   0  10 0.49  0.0    0   M   M   M   M    M   M 3      38  M
26  70  59  65  -3   0   0 0.00  0.0    0   M   M   M   M    M   M        16  M
27  73  58  66  -2   0   1 0.00  0.0    0   M   M   M   M    M   M         8  M
28  70  56  63  -4   2   0 0.60  0.0    0   M   M   M   M    M   M 1       M  M
29  83  62  73   6   0   8 0.22  0.0    0   M   M   M   M    M   M 3      21  M
30  73  60  67   0   0   2 0.98  0.0    0   M   M   M   M    M   M 1      16  M
31  82  60  71   4   0   6 0.11  0.0    0   M   M   M   M    M   M        51  M
================================================================================
SM 2420 1884         8 152  4.45     0.0     M          M        M
================================================================================
AV 78.1 60.8                                 M FASTST   M    M   4    MAX(MPH)
                                 MISC ---->     M   M                 51    M
================================================================================
NOTES:
# LAST OF SEVERAL OCCURRENCES

COLUMN 17 PEAK WIND IN M.P.H.

PRELIMINARY LOCAL CLIMATOLOGICAL DATA (WS FORM: F-6) , PAGE 2

                                          STATION:  La Crosse Weather Office WI
                                          MONTH:    AUGUST
                                          YEAR:     2014
                                          LATITUDE:   43 49 N
                                          LONGITUDE:  91 12 W

[TEMPERATURE DATA]      [PRECIPITATION DATA]       SYMBOLS USED IN COLUMN 16

AVERAGE MONTHLY: 69.4   TOTAL FOR MONTH:   4.45    1 = FOG OR MIST
DPTR FM NORMAL:   0.4   DPTR FM NORMAL:   -0.18    2 = FOG REDUCING VISIBILITY
HIGHEST:    85 ON 25,24 GRTST 24HR  0.98 ON 30-30      TO 1/4 MILE OR LESS
LOWEST:     49 ON 14                               3 = THUNDER
                        SNOW, ICE PELLETS, HAIL    4 = ICE PELLETS
                        TOTAL MONTH:   0.0 INCH    5 = HAIL
                        GRTST 24HR     0.0         6 = FREEZING RAIN OR DRIZZLE
                        GRTST DEPTH:   0           7 = DUSTSTORM OR SANDSTORM:
                                                       VSBY 1/2 MILE OR LESS
                                                   8 = SMOKE OR HAZE
[NO. OF DAYS WITH]      [WEATHER - DAYS WITH]      9 = BLOWING SNOW
                                                   X = TORNADO
MAX 32 OR BELOW:   0    0.01 INCH OR MORE:  11
MAX 90 OR ABOVE:   0    0.10 INCH OR MORE:  10
MIN 32 OR BELOW:   0    0.50 INCH OR MORE:   3
MIN  0 OR BELOW:   0    1.00 INCH OR MORE:   0

[HDD (BASE 65) ]
TOTAL THIS MO.     8    CLEAR  (SCALE 0-3)   0
DPTR FM NORMAL   -16    PTCLDY (SCALE 4-7)   0
TOTAL FM JUL 1    35    CLOUDY (SCALE 8-10)  0
DPTR FM NORMAL    -1

[CDD (BASE 65) ]
TOTAL THIS MO.   152
DPTR FM NORMAL     5    [PRESSURE DATA]
TOTAL FM JAN 1   399    HIGHEST SLP M ON M
DPTR FM NORMAL   -57    LOWEST  SLP M ON M

[REMARKS]
#FINAL-08-14#
