000
CXUS52 KFFC 201110
CF6ATL
PRELIMINARY LOCAL CLIMATOLOGICAL DATA (WS FORM: F-6)

                                          STATION:   ATLANTA
                                          MONTH:     APRIL
                                          YEAR:      2014
                                          LATITUDE:   33 39 N
                                          LONGITUDE:  84 26 W

  TEMPERATURE IN F:       :PCPN:    SNOW:  WIND      :SUNSHINE: SKY     :PK WND
================================================================================
1   2   3   4   5  6A  6B    7    8   9   10  11  12  13   14  15   16   17  18
                                     12Z  AVG MX 2MIN
DY MAX MIN AVG DEP HDD CDD  WTR  SNW DPTH SPD SPD DIR MIN PSBL S-S WX    SPD DR
================================================================================

 1  82  52  67   9   0   2 0.00  0.0    0  5.0 18 300   M    M   4        24 290
 2  80  54  67   8   0   2 0.00  0.0    0  4.9 16 210   M    M   6        20 220
 3  82  57  70  11   0   5 0.00  0.0    0  8.0 18 220   M    M   7        24 210
 4  77  60  69  10   0   4    T  0.0    0 11.5 22 220   M    M   8        29 240
 5  69  50  60   1   5   0 0.00  0.0    0  8.6 16 350   M    M   7        21 350
 6  59  51  55  -5  10   0 0.46  0.0    0  9.2 18  80   M    M  10 1      23  80
 7  66  50  58  -2   7   0 2.46  0.0    0 12.0 25 330   M    M  10 13     35 320
 8  64  46  55  -5  10   0 0.00  0.0    0 11.1 24 330   M    M   6        35 320
 9  67  48  58  -2   7   0 0.00  0.0    0 11.2 22 330   M    M   3        31 330
10  75  43  59  -2   6   0 0.00  0.0    0  5.1 15 190   M    M   1        23 190
11  73  49  61   0   4   0 0.00  0.0    0  6.0 15 210   M    M   5        22 200
12  80  52  66   5   0   1 0.00  0.0    0  5.6 16 170   M    M   4        20 190
13  80  57  69   8   0   4 0.00  0.0    0  8.7 18 160   M    M   7        23 170
14  71  63  67   5   0   2 0.84  0.0    0  8.3 18 180   M    M  10 13     24 190
15  64  38  51 -11  14   0 0.30  0.0    0 14.1 32 320   M    M   8 1      41 330
16  61  34  48 -14  17   0 0.00  0.0    0  9.4 20  80   M    M   1        24  70
17  66  40  53  -9  12   0 0.00  0.0    0 11.0 24  70   M    M   7        31  80
18  58  50  54  -9  11   0 1.06  0.0    0 13.8 22  50   M    M  10 1      26  30
19  63  51  57  -6   8   0 0.21  0.0    0 16.1 29  30   M    M  10 18     36  30
================================================================================
SM 1337  945       111  20  5.33     0.0 179.6          M      124
================================================================================
AV 70.4 49.7                               9.5 FASTST   M    M   7    MAX(MPH)
                                 MISC ---->  # 32 320               # 41  330
================================================================================
NOTES:
# LAST OF SEVERAL OCCURRENCES

COLUMN 17 PEAK WIND IN M.P.H.

PRELIMINARY LOCAL CLIMATOLOGICAL DATA (WS FORM: F-6) , PAGE 2

                                          STATION:  ATLANTA
                                          MONTH:    APRIL
                                          YEAR:     2014
                                          LATITUDE:   33 39 N
                                          LONGITUDE:  84 26 W

[TEMPERATURE DATA]      [PRECIPITATION DATA]       SYMBOLS USED IN COLUMN 16

AVERAGE MONTHLY: 60.1   TOTAL FOR MONTH:   5.33    1 = FOG OR MIST
DPTR FM NORMAL:  -0.6   DPTR FM NORMAL:    3.19    2 = FOG REDUCING VISIBILITY
HIGHEST:    82 ON  3, 1 GRTST 24HR  2.87 ON  6- 7      TO 1/4 MILE OR LESS
LOWEST:     34 ON 16                               3 = THUNDER
                        SNOW, ICE PELLETS, HAIL    4 = ICE PELLETS
                        TOTAL MONTH:   0.0 INCH    5 = HAIL
                        GRTST 24HR     0.0         6 = FREEZING RAIN OR DRIZZLE
                        GRTST DEPTH:   0           7 = DUSTSTORM OR SANDSTORM:
                                                       VSBY 1/2 MILE OR LESS
                                                   8 = SMOKE OR HAZE
[NO. OF DAYS WITH]      [WEATHER - DAYS WITH]      9 = BLOWING SNOW
                                                   X = TORNADO
MAX 32 OR BELOW:   0    0.01 INCH OR MORE:   6
MAX 90 OR ABOVE:   0    0.10 INCH OR MORE:   6
MIN 32 OR BELOW:   0    0.50 INCH OR MORE:   3
MIN  0 OR BELOW:   0    1.00 INCH OR MORE:   2

[HDD (BASE 65) ]
TOTAL THIS MO.   111    CLEAR  (SCALE 0-3)   3
DPTR FM NORMAL     2    PTCLDY (SCALE 4-7)  11
TOTAL FM JUL 1  2894    CLOUDY (SCALE 8-10)  5
DPTR FM NORMAL   188

[CDD (BASE 65) ]
TOTAL THIS MO.    20
DPTR FM NORMAL    -6    [PRESSURE DATA]
TOTAL FM JAN 1    22    HIGHEST SLP M ON M
DPTR FM NORMAL   -17    LOWEST  SLP 29.65 ON  8

[REMARKS]
