000
CXUS52 KFFC 221110
CF6ATL
PRELIMINARY LOCAL CLIMATOLOGICAL DATA (WS FORM: F-6)

                                          STATION:   ATLANTA
                                          MONTH:     FEBRUARY
                                          YEAR:      2017
                                          LATITUDE:   33 39 N
                                          LONGITUDE:  84 26 W

  TEMPERATURE IN F:       :PCPN:    SNOW:  WIND      :SUNSHINE: SKY     :PK WND
================================================================================
1   2   3   4   5  6A  6B    7    8   9   10  11  12  13   14  15   16   17  18
                                     12Z  AVG MX 2MIN
DY MAX MIN AVG DEP HDD CDD  WTR  SNW DPTH SPD SPD DIR MIN PSBL S-S WX    SPD DR
================================================================================

 1  71  50  61  16   4   0 0.00  0.0    0  9.3 17 270   M    M   4        24 270
 2  71  48  60  15   5   0 0.03  0.0    0  7.7 15 330   M    M   5 1      22 280
 3  57  35  46   1  19   0 0.01  0.0    0 11.8 22 350   M    M   5        28 350
 4  50  31  41  -4  24   0 0.00  0.0    0  9.1 18 100   M    M   6        23 120
 5  52  35  44  -1  21   0 0.08  0.0    0  5.5 14 260   M    M   9 1      19 290
 6  71  44  58  13   7   0    T  0.0    0  5.3 10 210   M    M   8        14 230
 7  67  56  62  16   3   0 0.63  0.0    0  8.2 20 220   M    M   9 13     27 210
 8  67  55  61  15   4   0 0.06  0.0    0  7.1 22 280   M    M   8 123    27 280
 9  64  36  50   4  15   0 0.07  0.0    0 17.8 33 310   M    M   5 13     44 300
10  64  31  48   2  17   0 0.00  0.0    0  7.2 14 190   M    M   5        18 190
11  69  47  58  12   7   0    T  0.0    0  8.8 16 220   M    M   8        21 230
12  72  58  65  19   0   0 0.01  0.0    0 11.6 25 330   M    M   9 13     33 330
13  67  43  55   8  10   0 0.00  0.0    0 10.0 21 330   M    M   3        26 330
14  72  39  56   9   9   0 0.00  0.0    0  3.3 14 310   M    M   5        23 270
15  62  43  53   6  12   0 0.42  0.0    0 13.2 31 340   M    M   5 13     38 340
16  60  35  48   1  17   0 0.00  0.0    0 10.7 20 310   M    M   1        25 340
17  70  41  56   8   9   0 0.00  0.0    0  7.6 16 240   M    M   4        24 250
18  62  49  56   8   9   0 0.06  0.0    0  3.1 16 190   M    M   9 1      22 180
19  68  52  60  12   5   0 0.00  0.0    0  8.2 20 320   M    M   5 1      23 320
20  74  49  62  14   3   0 0.00  0.0    0  5.6 10 140   M    M   6        13 150
21  70  55  63  15   2   0 0.22  0.0    0  8.0 15 150   M    M   8 1      21 130
================================================================================
SM 1380  932       202   0  1.59     0.0 179.1          M      127
================================================================================
AV 65.7 44.4                               8.5 FASTST   M    M   6    MAX(MPH)
                                 MISC ---->  # 33 310               # 44  300
================================================================================
NOTES:
# LAST OF SEVERAL OCCURRENCES

COLUMN 17 PEAK WIND IN M.P.H.

PRELIMINARY LOCAL CLIMATOLOGICAL DATA (WS FORM: F-6) , PAGE 2

                                          STATION:  ATLANTA
                                          MONTH:    FEBRUARY
                                          YEAR:     2017
                                          LATITUDE:   33 39 N
                                          LONGITUDE:  84 26 W

[TEMPERATURE DATA]      [PRECIPITATION DATA]       SYMBOLS USED IN COLUMN 16

AVERAGE MONTHLY: 55.1   TOTAL FOR MONTH:   1.59    1 = FOG OR MIST
DPTR FM NORMAL:   8.7   DPTR FM NORMAL:   -1.93    2 = FOG REDUCING VISIBILITY
HIGHEST:    74 ON 20    GRTST 24HR  0.63 ON  7- 7      TO 1/4 MILE OR LESS
LOWEST:     31 ON 10, 4                            3 = THUNDER
                        SNOW, ICE PELLETS, HAIL    4 = ICE PELLETS
                        TOTAL MONTH:   0.0 INCH    5 = HAIL
                        GRTST 24HR     0.0         6 = FREEZING RAIN OR DRIZZLE
                        GRTST DEPTH:   0           7 = DUSTSTORM OR SANDSTORM:
                                                       VSBY 1/2 MILE OR LESS
                                                   8 = SMOKE OR HAZE
[NO. OF DAYS WITH]      [WEATHER - DAYS WITH]      9 = BLOWING SNOW
                                                   X = TORNADO
MAX 32 OR BELOW:   0    0.01 INCH OR MORE:  10
MAX 90 OR ABOVE:   0    0.10 INCH OR MORE:   3
MIN 32 OR BELOW:   2    0.50 INCH OR MORE:   1
MIN  0 OR BELOW:   0    1.00 INCH OR MORE:   0

[HDD (BASE 65) ]
TOTAL THIS MO.   202    CLEAR  (SCALE 0-3)   2
DPTR FM NORMAL  -189    PTCLDY (SCALE 4-7)  13
TOTAL FM JUL 1  1313    CLOUDY (SCALE 8-10)  6
DPTR FM NORMAL  -832

[CDD (BASE 65) ]
TOTAL THIS MO.     0
DPTR FM NORMAL     0    [PRESSURE DATA]
TOTAL FM JAN 1     2    HIGHEST SLP M ON M
DPTR FM NORMAL     2    LOWEST  SLP 29.54 ON 15

[REMARKS]
