000
CXUS55 KABR 011400
CF6ATY
PRELIMINARY LOCAL CLIMATOLOGICAL DATA (WS FORM: F-6)

                                          STATION:   WATERTOWN SD
                                          MONTH:     FEBRUARY
                                          YEAR:      2015
                                          LATITUDE:   44 55 N
                                          LONGITUDE:  97  9 W

  TEMPERATURE IN F:       :PCPN:    SNOW:  WIND      :SUNSHINE: SKY     :PK WND
================================================================================
1   2   3   4   5  6A  6B    7    8   9   10  11  12  13   14  15   16   17  18
                                     12Z  AVG MX 2MIN
DY MAX MIN AVG DEP HDD CDD  WTR  SNW DPTH SPD SPD DIR MIN PSBL S-S WX    SPD DR
================================================================================

 1   8  -9   0 -14  65   0 0.03  0.3    T 15.2 28  20   M    M   5 8      33  20
 2  18 -10   4 -10  61   0 0.00  0.0    T  8.9 17 180   M    M   3        23 170
 3  14   4   9  -5  56   0 0.03  0.5    T  6.0 15  60   M    M   8 18     19  70
 4   9 -13  -2 -16  67   0 0.00  0.0    1  9.1 18 320   M    M   3 18     22 320
 5  25  -7   9  -5  56   0 0.00  0.0    1 10.8 18 200   M    M   0        24 170
 6  40  18  29  14  36   0 0.00  0.0    1  6.5 15 160   M    M   3 1      18 170
 7  46  26  36  21  29   0 0.02  0.0    0  6.2 16 160   M    M   2 18     20 170
 8  36  23  30  15  35   0 0.02  0.0    0  7.9 14  20   M    M   9 1      16  40
 9  30  22  26  10  39   0 0.00  0.0    0  8.6 21 150   M    M  10 1      27 150
10  34  16  25   9  40   0 0.05    T    0 18.4 35 320   M    M  10 126    45 320
11  18  -2   8  -8  57   0    T    T    0 22.6 32 340   M    M   8 8      41 340
12  15  -6   5 -11  60   0 0.03  0.4    0 10.2 21 350   M    M   4 1      24 350
13  31   8  20   3  45   0 0.00  0.0    T 10.5 20 330   M    M   7        25 320
14  16  -7   5 -12  60   0    T    T    0 14.9 30 360   M    M   5        36  10
15  17   2  10  -7  55   0 0.02  0.3    0 13.4 21 170   M    M  10        27 170
16  20   9  15  -3  50   0    T    T    T 11.6 23 340   M    M   9 18     25 340
17  14  -4   5 -13  60   0 0.01  0.1    T 16.0 28 340   M    M   8 18     35 310
18   4 -10  -3 -21  68   0 0.00  0.0    T 11.6 20 310   M    M   2 8      23 310
19  19 -12   4 -15  61   0 0.00  0.0    T  9.9 21 180   M    M   5        26 180
20  35  17  26   7  39   0 0.00  0.0    T  9.8 21 180   M    M  10 18     27 200
21  18   0   9 -11  56   0 0.00  0.0    T 14.0 23 330   M    M   6 18     29 330
22   1 -14  -6 -26  71   0 0.00  0.0    T 10.2 20 350   M    M   0        23 340
23  31 -10  11  -9  54   0 0.00  0.0    0 17.1 32 220   M    M   2        37 240
24  33  18  26   5  39   0    T    T    0 14.7 28 360   M    M   8        35 320
25  18  -6   6 -15  59   0 0.04  1.1    1 15.5 23 360   M    M   7 18     28  30
26   3 -14  -5 -27  70   0 0.00  0.0    1 10.4 21 340   M    M   2 8      24 340
27  12 -16  -2 -24  67   0 0.00  0.0    1  6.3 15 170   M    M   0        19 160
28  25  -2  12 -10  53   0 0.00  0.0    1 13.1 28 200   M    M   2        33 200
================================================================================
SM  590   21      1508   0  0.25     2.7 329.4          M      148
================================================================================
AV 21.1  0.8                              11.8 FASTST   M    M   5    MAX(MPH)
                                 MISC ---->  # 35 320               # 45  320
================================================================================
NOTES:
# LAST OF SEVERAL OCCURRENCES

COLUMN 17 PEAK WIND IN M.P.H.

PRELIMINARY LOCAL CLIMATOLOGICAL DATA (WS FORM: F-6) , PAGE 2

                                          STATION:  WATERTOWN SD
                                          MONTH:    FEBRUARY
                                          YEAR:     2015
                                          LATITUDE:   44 55 N
                                          LONGITUDE:  97  9 W

[TEMPERATURE DATA]      [PRECIPITATION DATA]       SYMBOLS USED IN COLUMN 16

AVERAGE MONTHLY: 10.9   TOTAL FOR MONTH:   0.25    1 = FOG OR MIST
DPTR FM NORMAL:  -6.6   DPTR FM NORMAL:   -0.31    2 = FOG REDUCING VISIBILITY
HIGHEST:    46 ON  7    GRTST 24HR  0.06 ON 24-25      TO 1/4 MILE OR LESS
LOWEST:    -16 ON 27                               3 = THUNDER
                        SNOW, ICE PELLETS, HAIL    4 = ICE PELLETS
                        TOTAL MONTH:   2.7 INCHES  5 = HAIL
                        GRTST 24HR   1.1 ON   M    6 = FREEZING RAIN OR DRIZZLE
                        GRTST DEPTH:   1 ON 28,27  7 = DUSTSTORM OR SANDSTORM:
                                                       VSBY 1/2 MILE OR LESS
                                                   8 = SMOKE OR HAZE
[NO. OF DAYS WITH]      [WEATHER - DAYS WITH]      9 = BLOWING SNOW
                                                   X = TORNADO
MAX 32 OR BELOW:  22    0.01 INCH OR MORE:   9
MAX 90 OR ABOVE:   0    0.10 INCH OR MORE:   0
MIN 32 OR BELOW:  28    0.50 INCH OR MORE:   0
MIN  0 OR BELOW:  17    1.00 INCH OR MORE:   0

[HDD (BASE 65) ]
TOTAL THIS MO.  1508    CLEAR  (SCALE 0-3)  11
DPTR FM NORMAL   179    PTCLDY (SCALE 4-7)  11
TOTAL FM JUL 1  6392    CLOUDY (SCALE 8-10)  6
DPTR FM NORMAL   -19

[CDD (BASE 65) ]
TOTAL THIS MO.     0
DPTR FM NORMAL     0    [PRESSURE DATA]
TOTAL FM JAN 1     0    HIGHEST SLP 30.86 ON 22
DPTR FM NORMAL     0    LOWEST  SLP 29.53 ON  7

[REMARKS]
#FINAL-02-15#
