000
CXUS51 KGYX 311000
CF6AUG
PRELIMINARY LOCAL CLIMATOLOGICAL DATA (WS FORM: F-6)

                                          STATION:   AUGUSTA
                                          MONTH:     AUGUST
                                          YEAR:      2015
                                          LATITUDE:   44 18 N
                                          LONGITUDE:  69 48 W

  TEMPERATURE IN F:       :PCPN:    SNOW:  WIND      :SUNSHINE: SKY     :PK WND
================================================================================
1   2   3   4   5  6A  6B    7    8   9   10  11  12  13   14  15   16   17  18
                                     12Z  AVG MX 2MIN
DY MAX MIN AVG DEP HDD CDD  WTR  SNW DPTH SPD SPD DIR MIN PSBL S-S WX    SPD DR
================================================================================

 1  82  59  71   1   0   6 0.43  0.0    0  4.3 35 330   M    M   3 13     47 290
 2  80  60  70   0   0   5 0.00  0.0    0  5.1 12 160   M    M   2        19 200
 3  83  61  72   2   0   7 0.18  0.0    0  7.8 20 170   M    M   1 13     29 180
 4  81  61  71   1   0   6 0.11  0.0    0  3.3 15 310   M    M   3 13     22 170
 5  78  58  68  -2   0   3 0.35  0.0    0  4.6 18 270   M    M   3 123    29 250
 6  75  58  67  -3   0   2 0.00  0.0    0  7.3 16 290   M    M   4        24 320
 7  74  55  65  -5   0   0 0.00  0.0    0  4.6  9 320   M    M   3        11  10
 8  79  55  67  -3   0   2 0.00  0.0    0  4.4 12 160   M    M   1        14 160
 9  75  61  68  -1   0   3 0.00  0.0    0  8.1 15  40   M    M   4        21  50
10  78  55  67  -2   0   2 0.00  0.0    0  5.2 14 160   M    M   1        18 160
11  68  61  65  -4   0   0 1.21  0.0    0  9.2 21 140   M    M   8 12     28 130
12  79  62  71   2   0   6 0.07  0.0    0  3.9 16 280   M    M   7 123    26 270
13  78  60  69   0   0   4 0.00  0.0    0  4.5  9 200   M    M   3        14 190
14  80  57  69   0   0   4 0.00  0.0    0  4.8 14 160   M    M   0 1      19 240
15  84  61  73   4   0   8 0.00  0.0    0  3.3 10 320   M    M   1 1      13 330
16  86  66  76   7   0  11 0.00  0.0    0  2.8  8 200   M    M   1 12     13 200
17  87  65  76   8   0  11 0.00  0.0    0  3.9  7 190   M    M   0 1       M  M
18  89  65  77   9   0  12 0.00  0.0    0  2.7  9 170   M    M   1 12     14 190
19  86  67  77   9   0  12 0.00  0.0    0  4.9 14 170   M    M   4 12     20 180
20  77  66  72   4   0   7 0.00  0.0    0  7.0 14 150   M    M   8 1      20 150
21  75  66  71   3   0   6 1.49  0.0    0  7.2 16 360   M    M  10 123    21  10
22  79  64  72   4   0   7 0.07  0.0    0  5.5 15 360   M    M   4 1      18 360
23  71  63  67   0   0   2 0.28  0.0    0  5.2 13  30   M    M   9 1      15  30
24  79  66  73   6   0   8 0.00  0.0    0  3.9 12 170   M    M   8 12     15 160
25  72  66  69   2   0   4 0.05  0.0    0  5.8 13 150   M    M  10 12     16 150
26  79  63  71   4   0   6 0.31  0.0    0  4.5 12  40   M    M   7 123    17 150
27  76  59  68   2   0   3 0.00  0.0    0  5.8 12 280   M    M   2        17 310
28  76  56  66   0   0   1 0.00  0.0    0  4.6 12 330   M    M   1        14 340
29  77  57  67   1   0   2 0.00  0.0    0  3.0 10 250   M    M   0        15 170
30  81  61  71   5   0   6 0.00  0.0    0  3.9 14 330   M    M   3        19 330
================================================================================
SM 2364 1834         0 156  4.55     0.0 151.1          M      112
================================================================================
AV 78.8 61.1                               5.0 FASTST   M    M   4    MAX(MPH)
                                 MISC ---->  # 35 330               # 47  290
================================================================================
NOTES:
# LAST OF SEVERAL OCCURRENCES

COLUMN 17 PEAK WIND IN M.P.H.

PRELIMINARY LOCAL CLIMATOLOGICAL DATA (WS FORM: F-6) , PAGE 2

                                          STATION:  AUGUSTA
                                          MONTH:    AUGUST
                                          YEAR:     2015
                                          LATITUDE:   44 18 N
                                          LONGITUDE:  69 48 W

[TEMPERATURE DATA]      [PRECIPITATION DATA]       SYMBOLS USED IN COLUMN 16

AVERAGE MONTHLY: 70.0   TOTAL FOR MONTH:   4.55    1 = FOG OR MIST
DPTR FM NORMAL:   1.6   DPTR FM NORMAL:    1.34    2 = FOG REDUCING VISIBILITY
HIGHEST:    89 ON 18    GRTST 24HR  1.56 ON 21-22      TO 1/4 MILE OR LESS
LOWEST:     55 ON 10, 8                            3 = THUNDER
                        SNOW, ICE PELLETS, HAIL    4 = ICE PELLETS
                        TOTAL MONTH:   0.0 INCH    5 = HAIL
                        GRTST 24HR     0.0         6 = FREEZING RAIN OR DRIZZLE
                        GRTST DEPTH:   0           7 = DUSTSTORM OR SANDSTORM:
                                                       VSBY 1/2 MILE OR LESS
                                                   8 = SMOKE OR HAZE
[NO. OF DAYS WITH]      [WEATHER - DAYS WITH]      9 = BLOWING SNOW
                                                   X = TORNADO
MAX 32 OR BELOW:   0    0.01 INCH OR MORE:  11
MAX 90 OR ABOVE:   0    0.10 INCH OR MORE:   8
MIN 32 OR BELOW:   0    0.50 INCH OR MORE:   2
MIN  0 OR BELOW:   0    1.00 INCH OR MORE:   2

[HDD (BASE 65) ]
TOTAL THIS MO.     0    CLEAR  (SCALE 0-3)  17
DPTR FM NORMAL   -23    PTCLDY (SCALE 4-7)  10
TOTAL FM JUL 1    18    CLOUDY (SCALE 8-10)  3
DPTR FM NORMAL   -21

[CDD (BASE 65) ]
TOTAL THIS MO.   156
DPTR FM NORMAL    32    [PRESSURE DATA]
TOTAL FM JAN 1   350    HIGHEST SLP M ON M
DPTR FM NORMAL    -4    LOWEST  SLP 29.66 ON  1

[REMARKS]
