000
CXUS51 KGYX 271000
CF6AUG
PRELIMINARY LOCAL CLIMATOLOGICAL DATA (WS FORM: F-6)

                                          STATION:   AUGUSTA
                                          MONTH:     MARCH
                                          YEAR:      2015
                                          LATITUDE:   44 18 N
                                          LONGITUDE:  69 48 W

  TEMPERATURE IN F:       :PCPN:    SNOW:  WIND      :SUNSHINE: SKY     :PK WND
================================================================================
1   2   3   4   5  6A  6B    7    8   9   10  11  12  13   14  15   16   17  18
                                     12Z  AVG MX 2MIN
DY MAX MIN AVG DEP HDD CDD  WTR  SNW DPTH SPD SPD DIR MIN PSBL S-S WX    SPD DR
================================================================================

 1  30   0  15 -12  50   0 0.04    M    M  5.0 15 180   M    M   5 1      20 180
 2  31  17  24  -3  41   0    T    M    M 10.5 30 310   M    M   8 18     44 300
 3  28  10  19  -9  46   0 0.17    M    0  8.7 25 310   M    M   2 1      36 310
 4  45  25  35   7  30   0 0.03    M    M  5.9 14 220   M    M   6 1      24 220
 5  36   5  21  -7  44   0 0.00  0.0    M 12.0 23 320   M    M   1        32 310
 6  23  -1  11 -18  54   0 0.00  0.0    M  6.3 13 190   M    M   0        17 180
 7  34   8  21  -8  44   0 0.00  0.0    M  4.5 13 270   M    M   1        18 250
 8  35  14  25  -4  40   0 0.00  0.0    0  4.0 13 250   M    M   3 8      19 250
 9  38  18  28  -2  37   0 0.00  0.0    0  6.7 22 310   M    M   4        33 280
10  47  24  36   6  29   0 0.00  0.0    0  6.8 16 180   M    M   4        23 200
11  51  34  43  13  22   0 0.00  0.0    0  8.5 28 300   M    M   4 128    40 310
12  39  17  28  -2  37   0    T    M    0 14.6 32 320   M    M   3        47 320
13  36  14  25  -6  40   0 0.00  0.0    0  6.3 15 260   M    M   1        23 270
14  36  27  32   1  33   0 0.24    M    0  5.8 15  30   M    M  10 16     22  50
15  32  22  27  -4  38   0 0.06    M    M 18.4 30 350   M    M  10 1268   37 340
16  41  17  29  -3  36   0 0.00    M    M  9.4 26 340   M    M   1        35 350
17  36  19  28  -4  37   0    T    M    M  9.7 38 320   M    M   7 8      47 320
18  21  13  17 -15  48   0 0.00  0.0    M 17.8 30 310   M    M   0        41 310
19  28  11  20 -13  45   0 0.00  0.0    0 12.7 26 310   M    M   0        41 300
20  34  13  24  -9  41   0 0.00  0.0    0  4.8 13 170   M    M   2        18 190
21  34  25  30  -4  35   0 0.07    M    0  5.8 10 170   M    M  10 18     14 160
22  32  11  22 -12  43   0    T    M    M 17.8 30 310   M    M   1 189    45 290
23  26   7  17 -17  48   0 0.00  0.0    M 12.0 24 290   M    M   1        39 300
24  40   8  24 -11  41   0 0.00  0.0    M  4.1  9  30   M    M   0        13 290
25  44  20  32  -3  33   0    T    M    M  6.4 20 200   M    M   1 1      26 200
26  45  34  40   5  25   0 0.49    M    M  4.9 16 190   M    M   9 12     26 200
================================================================================
SM  922  412      1017   0  1.10     0.0 229.4          M       94
================================================================================
AV 35.5 15.8                               8.8 FASTST   M    M   4    MAX(MPH)
                                 MISC ---->  # 38 320               # 47  320
================================================================================
NOTES:
# LAST OF SEVERAL OCCURRENCES

COLUMN 17 PEAK WIND IN M.P.H.

PRELIMINARY LOCAL CLIMATOLOGICAL DATA (WS FORM: F-6) , PAGE 2

                                          STATION:  AUGUSTA
                                          MONTH:    MARCH
                                          YEAR:     2015
                                          LATITUDE:   44 18 N
                                          LONGITUDE:  69 48 W

[TEMPERATURE DATA]      [PRECIPITATION DATA]       SYMBOLS USED IN COLUMN 16

AVERAGE MONTHLY: 25.7   TOTAL FOR MONTH:   1.10    1 = FOG OR MIST
DPTR FM NORMAL:  -5.4   DPTR FM NORMAL:   -1.67    2 = FOG REDUCING VISIBILITY
HIGHEST:    51 ON 11    GRTST 24HR  0.49 ON 26-26      TO 1/4 MILE OR LESS
LOWEST:     -1 ON  6                               3 = THUNDER
                        SNOW, ICE PELLETS, HAIL    4 = ICE PELLETS
                        TOTAL MONTH:   0.0 INCH    5 = HAIL
                        GRTST 24HR     0.0         6 = FREEZING RAIN OR DRIZZLE
                        GRTST DEPTH:   0           7 = DUSTSTORM OR SANDSTORM:
                                                       VSBY 1/2 MILE OR LESS
                                                   8 = SMOKE OR HAZE
[NO. OF DAYS WITH]      [WEATHER - DAYS WITH]      9 = BLOWING SNOW
                                                   X = TORNADO
MAX 32 OR BELOW:   9    0.01 INCH OR MORE:   7
MAX 90 OR ABOVE:   0    0.10 INCH OR MORE:   3
MIN 32 OR BELOW:  24    0.50 INCH OR MORE:   0
MIN  0 OR BELOW:   2    1.00 INCH OR MORE:   0

[HDD (BASE 65) ]
TOTAL THIS MO.  1017    CLEAR  (SCALE 0-3)  15
DPTR FM NORMAL   132    PTCLDY (SCALE 4-7)   7
TOTAL FM JUL 1  6644    CLOUDY (SCALE 8-10)  4
DPTR FM NORMAL   416

[CDD (BASE 65) ]
TOTAL THIS MO.     0
DPTR FM NORMAL     0    [PRESSURE DATA]
TOTAL FM JAN 1     0    HIGHEST SLP M ON M
DPTR FM NORMAL     0    LOWEST  SLP 29.34 ON 17

[REMARKS]
