000
CXUS53 KGID 210730
CF6AUH
PRELIMINARY LOCAL CLIMATOLOGICAL DATA (WS FORM: F-6)

                                          STATION:   AURORA
                                          MONTH:     OCTOBER
                                          YEAR:      2017
                                          LATITUDE:   40 54 N
                                          LONGITUDE:  97 59 W

  TEMPERATURE IN F:       :PCPN:    SNOW:  WIND      :SUNSHINE: SKY     :PK WND
================================================================================
1   2   3   4   5  6A  6B    7    8   9   10  11  12  13   14  15   16   17  18
                                     12Z  AVG MX 2MIN
DY MAX MIN AVG DEP HDD CDD  WTR  SNW DPTH SPD SPD DIR MIN PSBL S-S WX    SPD DR
================================================================================

 1  76  57  67   9   0   2 1.00    M    M 16.7 23 170   M    M   8 3      36 150
 2  73  58  66   8   0   1 0.20    M    M  5.3 28 170   M    M   9 13     35 170
 3  71  53  62   5   3   0 0.41    M    M  9.9 20 180   M    M   9 38     32 180
 4  68  50  59   2   6   0 0.00    M    M  7.7 14 100   M    M   9        20 100
 5  63  56  60   4   5   0 0.29    M    M  5.3  9 360   M    M  10 13      M  M
 6  60  52  56   0   9   0 0.58    M    M  9.3 21 350   M    M  10 13     27 350
 7  75  50  63   7   2   0 0.17    M    M  8.3 15 320   M    M   4 8      29 310
 8  74  48  61   6   4   0 0.00    M    M 10.6 16  20   M    M   1 8      22  10
 9  54  38  46  -9  19   0 0.17    M    M 18.4 28  10   M    M  10 3      38  20
10  54  34  44 -10  21   0 0.06    M    M  6.9 12  20   M    M   5        16 360
11  65  29  47  -7  18   0 0.00    M    M  5.5 12 160   M    M   0        17 180
12  72  43  58   4   7   0 0.00    M    M  8.2 17 180   M    M   0        23 180
13  67  50  59   6   6   0 0.00    M    M 10.1 17  20   M    M   9        23  20
14  59  45  52  -1  13   0 0.05    M    M 10.3 25 330   M    M  10 12     35 330
15  63  34  49  -4  16   0 0.00    M    M  6.3 13 320   M    M   0        20 300
16  74  36  55   3  10   0 0.00    M    M  9.2 21 200   M    M   0        29 210
17  78  40  59   7   6   0 0.00    M    M  4.6 14 200   M    M   0 8       M  M
18  77  44  61   9   4   0 0.00    M    M  8.3 13 200   M    M   0        18 200
19  82  38  60   9   5   0 0.00    M    M  5.9 14 190   M    M   0        20 180
20  77  55  66  15   0   1 0.00    M    M 17.8 29 170   M    M   2        44 180
================================================================================
SM 1382  910       154   4  2.93    M    184.6          M       96
================================================================================
AV 69.1 45.5                               9.2 FASTST   M    M   5    MAX(MPH)
                                 MISC ---->  # 29 170               # 44  180
================================================================================
NOTES:
# LAST OF SEVERAL OCCURRENCES

COLUMN 17 PEAK WIND IN M.P.H.

PRELIMINARY LOCAL CLIMATOLOGICAL DATA (WS FORM: F-6) , PAGE 2

                                          STATION:  AURORA
                                          MONTH:    OCTOBER
                                          YEAR:     2017
                                          LATITUDE:   40 54 N
                                          LONGITUDE:  97 59 W

[TEMPERATURE DATA]      [PRECIPITATION DATA]       SYMBOLS USED IN COLUMN 16

AVERAGE MONTHLY: 57.3   TOTAL FOR MONTH:   2.93    1 = FOG OR MIST
DPTR FM NORMAL:   3.0   DPTR FM NORMAL:    1.12    2 = FOG REDUCING VISIBILITY
HIGHEST:    82 ON 19    GRTST 24HR  1.00 ON  1- 1      TO 1/4 MILE OR LESS
LOWEST:     29 ON 11                               3 = THUNDER
                        SNOW, ICE PELLETS, HAIL    4 = ICE PELLETS
                        TOTAL MONTH:    M          5 = HAIL
                        GRTST 24HR    M  ON   M    6 = FREEZING RAIN OR DRIZZLE
                        GRTST DEPTH:  M  ON   M    7 = DUSTSTORM OR SANDSTORM:
                                                       VSBY 1/2 MILE OR LESS
                                                   8 = SMOKE OR HAZE
[NO. OF DAYS WITH]      [WEATHER - DAYS WITH]      9 = BLOWING SNOW
                                                   X = TORNADO
MAX 32 OR BELOW:   0    0.01 INCH OR MORE:   9
MAX 90 OR ABOVE:   0    0.10 INCH OR MORE:   7
MIN 32 OR BELOW:   1    0.50 INCH OR MORE:   2
MIN  0 OR BELOW:   0    1.00 INCH OR MORE:   1

[HDD (BASE 65) ]
TOTAL THIS MO.   154    CLEAR  (SCALE 0-3)   9
DPTR FM NORMAL   -69    PTCLDY (SCALE 4-7)   2
TOTAL FM JUL 1   227    CLOUDY (SCALE 8-10)  9
DPTR FM NORMAL  -119

[CDD (BASE 65) ]
TOTAL THIS MO.     4
DPTR FM NORMAL    -3    [PRESSURE DATA]
TOTAL FM JAN 1   959    HIGHEST SLP M ON M
DPTR FM NORMAL   -17    LOWEST  SLP M ON M

[REMARKS]
