000
CXUS53 KARX 220930
CF6AUM
PRELIMINARY LOCAL CLIMATOLOGICAL DATA (WS FORM: F-6)

                                          STATION:   AUSTIN_MUNI MN
                                          MONTH:     JULY
                                          YEAR:      2014
                                          LATITUDE:   43 40 N
                                          LONGITUDE:  92 56 W

  TEMPERATURE IN F:       :PCPN:    SNOW:  WIND      :SUNSHINE: SKY     :PK WND
================================================================================
1   2   3   4   5  6A  6B    7    8   9   10  11  12  13   14  15   16   17  18
                                     12Z  AVG MX 2MIN
DY MAX MIN AVG DEP HDD CDD  WTR  SNW DPTH SPD SPD DIR MIN PSBL S-S WX    SPD DR
================================================================================

 1  72  57  65   M   0   0    M  0.0    0 12.4 21 300   M    M   6        29 300
 2  70  54  62   M   3   0 0.06  0.0    0  8.2 14  20   M    M   6        22  10
 3  73  50  62   M   3   0 0.00  0.0    0  1.6  8 330   M    M   4         M  M
 4  75  52  64   M   1   0 0.00  0.0    0  5.8 14 180   M    M   1        17 180
 5  75  63  69   M   0   4    T  0.0    0  9.7 14 190   M    M   7 1      21 180
 6  88  66  77   M   0  12 0.00  0.0    0  8.7 20 300   M    M   7 12     28 300
 7  82  63  73   M   0   8 0.00  0.0    0  7.4 17 230   M    M   1 3      22 230
 8  77  63  70   M   0   5 0.00  0.0    0 12.8 22 300   M    M   2        28 300
 9  79  55  67   M   0   2 0.00  0.0    0  3.5  8 330   M    M   2         M  M
10  81  57  69   M   0   4 0.00  0.0    0  6.8 14 180   M    M   2        20 180
11  79  64  72   M   0   7 0.00  0.0    0  9.1 16 190   M    M   5        22 190
12  73  64  69   M   0   4 0.45  0.0    0  3.9  9 320   M    M   5 1       M  M
13  79  61  70   M   0   5 0.00  0.0    0  7.9 16 310   M    M   2 12     23 290
14  66  54  60   M   5   0 0.04  0.0    0 12.4 22 310   M    M   5        36 330
15  66  52  59   M   6   0 0.00  0.0    0  8.0 16 330   M    M   6        22 330
16  75  50  63   M   2   0 0.00  0.0    0  2.5  8  10   M    M   2         M  M
17  77  52  65   M   0   0 0.00  0.0    0  2.0  7 210   M    M   2         M  M
18  79  57  68   M   0   3 0.00  0.0    0  6.9 14 200   M    M   5        18 190
19  81  63  72   M   0   7 0.00  0.0    0  8.9 15 190   M    M   4        20 200
20  82  68  75   M   0  10 0.00  0.0    0 10.7 17 180   M    M   6        24 190
21  88  72  80   M   0  15 0.00  0.0    0  8.8 16 160   M    M   5        21 160
================================================================================
SM 1617 1237        20  86  0.55     0.0 158.0          M       85
================================================================================
AV 77.0 58.9                               7.5 FASTST   M    M   4    MAX(MPH)
                                 MISC ---->    22   M                 36    M
================================================================================
NOTES:
# LAST OF SEVERAL OCCURRENCES

COLUMN 17 PEAK WIND IN M.P.H.

PRELIMINARY LOCAL CLIMATOLOGICAL DATA (WS FORM: F-6) , PAGE 2

                                          STATION:  AUSTIN_MUNI MN
                                          MONTH:    JULY
                                          YEAR:     2014
                                          LATITUDE:   43 40 N
                                          LONGITUDE:  92 56 W

[TEMPERATURE DATA]      [PRECIPITATION DATA]       SYMBOLS USED IN COLUMN 16

AVERAGE MONTHLY: 68.0   TOTAL FOR MONTH:   0.55    1 = FOG OR MIST
DPTR FM NORMAL:     M   DPTR FM NORMAL:       M    2 = FOG REDUCING VISIBILITY
HIGHEST:    88 ON 21, 6 GRTST 24HR  0.45 ON 12-12      TO 1/4 MILE OR LESS
LOWEST:     50 ON 16, 3                            3 = THUNDER
                        SNOW, ICE PELLETS, HAIL    4 = ICE PELLETS
                        TOTAL MONTH:   0.0 INCH    5 = HAIL
                        GRTST 24HR     0.0         6 = FREEZING RAIN OR DRIZZLE
                        GRTST DEPTH:   0           7 = DUSTSTORM OR SANDSTORM:
                                                       VSBY 1/2 MILE OR LESS
                                                   8 = SMOKE OR HAZE
[NO. OF DAYS WITH]      [WEATHER - DAYS WITH]      9 = BLOWING SNOW
                                                   X = TORNADO
MAX 32 OR BELOW:   0    0.01 INCH OR MORE:   3
MAX 90 OR ABOVE:   0    0.10 INCH OR MORE:   1
MIN 32 OR BELOW:   0    0.50 INCH OR MORE:   0
MIN  0 OR BELOW:   0    1.00 INCH OR MORE:   0

[HDD (BASE 65) ]
TOTAL THIS MO.    20    CLEAR  (SCALE 0-3)   8
DPTR FM NORMAL     M    PTCLDY (SCALE 4-7)  13
TOTAL FM JUL 1    20    CLOUDY (SCALE 8-10)  0
DPTR FM NORMAL     M

[CDD (BASE 65) ]
TOTAL THIS MO.    86
DPTR FM NORMAL     M    [PRESSURE DATA]
TOTAL FM JAN 1   263    HIGHEST SLP M ON M
DPTR FM NORMAL     M    LOWEST  SLP M ON M

[REMARKS]
