000
CXUS53 KARX 170930
CF6AUM
PRELIMINARY LOCAL CLIMATOLOGICAL DATA (WS FORM: F-6)

                                          STATION:   AUSTIN_MUNI MN
                                          MONTH:     DECEMBER
                                          YEAR:      2014
                                          LATITUDE:   43 40 N
                                          LONGITUDE:  92 56 W

  TEMPERATURE IN F:       :PCPN:    SNOW:  WIND      :SUNSHINE: SKY     :PK WND
================================================================================
1   2   3   4   5  6A  6B    7    8   9   10  11  12  13   14  15   16   17  18
                                     12Z  AVG MX 2MIN
DY MAX MIN AVG DEP HDD CDD  WTR  SNW DPTH SPD SPD DIR MIN PSBL S-S WX    SPD DR
================================================================================

 1   9   0   5   M  60   0 0.00  0.0    M  7.3 12 340   M    M   0        17 340
 2  27   9  18   M  47   0 0.00  0.0    M 12.0 20 190   M    M   4        27 180
 3  25  14  20   M  45   0 0.00  0.0    M  8.3 16 280   M    M   0        25 300
 4  30  12  21   M  44   0 0.00  0.0    M  7.1 12 160   M    M   5        20 160
 5  30  28  29   M  36   0 0.00  0.0    M  6.4 14 180   M    M  10 1      17 180
 6  36  19  28   M  37   0 0.00  0.0    M  4.4  9 350   M    M   2 1      16 350
 7  34  25  30   M  35   0 0.00  0.0    M 12.0 18 160   M    M   3 1      25 160
 8  36  23  30   M  35   0    M    M    M 14.1 22 310   M    M  10 12     32 310
 9  30  19  25   M  40   0 0.00  0.0    M  6.8 12 340   M    M   7 1      17 340
10  28  25  27   M  38   0 0.00  0.0    M  4.1  8 190   M    M  10 1       M  M
11  30  25  28   M  37   0 0.00  0.0    M  6.1 10 200   M    M  10 1       M  M
12  36  30  33   M  32   0 0.00  0.0    M  8.2 14 220   M    M   8 1       M  M
13  45  30  38   M  27   0    T  0.0    M  6.7  9 180   M    M  10 12      M  M
14  48  43  46   M  19   0 0.00  0.0    0  5.6 10 180   M    M  10 12      M  M
15  46  36  41   M  24   0    M  0.0    M  6.6 22 340   M    M  10 12     27 340
16  36  16  26   M  39   0    M    M    M 17.3 23 320   M    M  10 1      32 320
================================================================================
SM  526  354       595   0    T      0.0 133.0          M      109
================================================================================
AV 32.9 22.1                               8.3 FASTST   M    M   7    MAX(MPH)
                                 MISC ---->  # 23 320                 32    M
================================================================================
NOTES:
# LAST OF SEVERAL OCCURRENCES

COLUMN 17 PEAK WIND IN M.P.H.

PRELIMINARY LOCAL CLIMATOLOGICAL DATA (WS FORM: F-6) , PAGE 2

                                          STATION:  AUSTIN_MUNI MN
                                          MONTH:    DECEMBER
                                          YEAR:     2014
                                          LATITUDE:   43 40 N
                                          LONGITUDE:  92 56 W

[TEMPERATURE DATA]      [PRECIPITATION DATA]       SYMBOLS USED IN COLUMN 16

AVERAGE MONTHLY: 27.5   TOTAL FOR MONTH:      T    1 = FOG OR MIST
DPTR FM NORMAL:     M   DPTR FM NORMAL:       M    2 = FOG REDUCING VISIBILITY
HIGHEST:    48 ON 14    GRTST 24HR    T  ON 13-13      TO 1/4 MILE OR LESS
LOWEST:      0 ON  1                               3 = THUNDER
                        SNOW, ICE PELLETS, HAIL    4 = ICE PELLETS
                        TOTAL MONTH:   0.0 INCH    5 = HAIL
                        GRTST 24HR     0.0         6 = FREEZING RAIN OR DRIZZLE
                        GRTST DEPTH:   0           7 = DUSTSTORM OR SANDSTORM:
                                                       VSBY 1/2 MILE OR LESS
                                                   8 = SMOKE OR HAZE
[NO. OF DAYS WITH]      [WEATHER - DAYS WITH]      9 = BLOWING SNOW
                                                   X = TORNADO
MAX 32 OR BELOW:   8    0.01 INCH OR MORE:   0
MAX 90 OR ABOVE:   0    0.10 INCH OR MORE:   0
MIN 32 OR BELOW:  14    0.50 INCH OR MORE:   0
MIN  0 OR BELOW:   1    1.00 INCH OR MORE:   0

[HDD (BASE 65) ]
TOTAL THIS MO.   595    CLEAR  (SCALE 0-3)   3
DPTR FM NORMAL     M    PTCLDY (SCALE 4-7)   4
TOTAL FM JUL 1  2547    CLOUDY (SCALE 8-10)  9
DPTR FM NORMAL     M

[CDD (BASE 65) ]
TOTAL THIS MO.     0
DPTR FM NORMAL     M    [PRESSURE DATA]
TOTAL FM JAN 1   495    HIGHEST SLP M ON M
DPTR FM NORMAL     M    LOWEST  SLP M ON M

[REMARKS]
