000
CXUS53 KGRB 011407
CF6AUW
PRELIMINARY LOCAL CLIMATOLOGICAL DATA (WS FORM: F-6)

                                          STATION:   WAUSAU WI
                                          MONTH:     MAY
                                          YEAR:      2015
                                          LATITUDE:   44 55 N
                                          LONGITUDE:  89 37 W

  TEMPERATURE IN F:       :PCPN:    SNOW:  WIND      :SUNSHINE: SKY     :PK WND
================================================================================
1   2   3   4   5  6A  6B    7    8   9   10  11  12  13   14  15   16   17  18
                                     12Z  AVG MX 2MIN
DY MAX MIN AVG DEP HDD CDD  WTR  SNW DPTH SPD SPD DIR MIN PSBL S-S WX    SPD DR
================================================================================

 1  69  37  53   2  12   0 0.00  0.0    0  6.2 18 270   M    M   2        25 250
 2  77  53  65  14   0   0 0.00  0.0    0  9.5 20 230   M    M   4        26 250
 3  79  55  67  15   0   2 0.29  0.0    0  9.3 24 310   M    M   3 13     38 300
 4  70  49  60   8   5   0 0.00  0.0    0  6.7 15 100   M    M   0        20 300
 5  70  45  58   6   7   0    T  0.0    0 10.4 21 120   M    M   1        28 140
 6  73  47  60   8   5   0 0.13  0.0    0  9.0 15 120   M    M   6 1      23 140
 7  81  57  69  16   0   4 0.13  0.0    0 14.5 37 210   M    M   5 138    47 180
 8  67  53  60   7   5   0    T  0.0    0  8.5 18 290   M    M   7        22 280
 9  68  49  59   5   6   0 0.00  0.0    0  6.7 16  80   M    M   6        20  80
10  61  43  52  -2  13   0    T  0.0    0 11.9 23 100   M    M   7        29 100
11  65  46  56   2   9   0 0.63  0.0    0 10.8 22 260   M    M  10 13     28 260
12  51  36  44 -10  21   0 0.05  0.0    0 12.0 25 290   M    M   8 1      30 290
13  60  32  46  -9  19   0 0.00  0.0    0  6.1 15 150   M    M   0        19 170
14  63  40  52  -3  13   0 0.16  0.0    0 11.3 23 110   M    M   4 1      29 100
15  63  48  56   1   9   0 0.20  0.0    0  5.0 12 130   M    M   9 1      16 140
16  76  50  63   7   2   0 0.00  0.0    0  8.2 20 110   M    M   6 1      25 100
17  76  58  67  11   0   2 0.28  0.0    0 11.7 24 230   M    M   8 13     35 230
18  64  40  52  -4  13   0    T  0.0    0 15.1 25 250   M    M   8 1      31 290
19  50  34  42 -15  23   0    T    T    0  9.3 22 290   M    M   6 1      28 330
20  58  31  45 -12  20   0 0.00  0.0    0  6.1 14 280   M    M   0        19 280
21  72  38  55  -2  10   0    T    M    0  7.1 25 280   M    M   2        32 290
22  69  36  53  -4  12   0    T    M    0  4.5 14 250   M    M   0        18 290
23  77  41  59   1   6   0    T    M    0  5.5 16 220   M    M   3        21 270
24  70  53  62   4   3   0 0.83  0.0    0  6.6 17 190   M    M   5 1      23 190
25  74  55  65   7   0   0 0.25  0.0    0  8.0 23 220   M    M   8 13     31 250
26  74  59  67   8   0   2 1.84  0.0    0  5.8 22 150   M    M   6 13     29 320
27  76  54  65   6   0   0 0.48  0.0    0  8.8 18 250   M    M   6 13     25 290
28  83  54  69  10   0   4    T  0.0    0  7.5 20 190   M    M   1 1      25 190
29  77  60  69   9   0   4 0.71  0.0    0  7.3 17 330   M    M   8 13     26 320
30  60  40  50 -10  15   0 0.03  0.0    0  8.1 16 360   M    M   7 1      23  40
31  63  36  50 -10  15   0 0.00  0.0    0  6.2 16 100   M    M   0        26 200
================================================================================
SM 2136 1429       243  18  6.01    T    263.7          M      146
================================================================================
AV 68.9 46.1                               8.5 FASTST   M    M   5    MAX(MPH)
                                 MISC ---->  # 37 210               # 47  180
================================================================================
NOTES:
# LAST OF SEVERAL OCCURRENCES

COLUMN 17 PEAK WIND IN M.P.H.

PRELIMINARY LOCAL CLIMATOLOGICAL DATA (WS FORM: F-6) , PAGE 2

                                          STATION:  WAUSAU WI
                                          MONTH:    MAY
                                          YEAR:     2015
                                          LATITUDE:   44 55 N
                                          LONGITUDE:  89 37 W

[TEMPERATURE DATA]      [PRECIPITATION DATA]       SYMBOLS USED IN COLUMN 16

AVERAGE MONTHLY: 57.5   TOTAL FOR MONTH:   6.01    1 = FOG OR MIST
DPTR FM NORMAL:   1.9   DPTR FM NORMAL:    2.53    2 = FOG REDUCING VISIBILITY
HIGHEST:    83 ON 28    GRTST 24HR  2.25 ON 26-27      TO 1/4 MILE OR LESS
LOWEST:     31 ON 20                               3 = THUNDER
                        SNOW, ICE PELLETS, HAIL    4 = ICE PELLETS
                        TOTAL MONTH:    T          5 = HAIL
                        GRTST 24HR    T  ON 19-19  6 = FREEZING RAIN OR DRIZZLE
                        GRTST DEPTH:   0           7 = DUSTSTORM OR SANDSTORM:
                                                       VSBY 1/2 MILE OR LESS
                                                   8 = SMOKE OR HAZE
[NO. OF DAYS WITH]      [WEATHER - DAYS WITH]      9 = BLOWING SNOW
                                                   X = TORNADO
MAX 32 OR BELOW:   0    0.01 INCH OR MORE:  14
MAX 90 OR ABOVE:   0    0.10 INCH OR MORE:  12
MIN 32 OR BELOW:   2    0.50 INCH OR MORE:   4
MIN  0 OR BELOW:   0    1.00 INCH OR MORE:   1

[HDD (BASE 65) ]
TOTAL THIS MO.   243    CLEAR  (SCALE 0-3)  11
DPTR FM NORMAL   -65    PTCLDY (SCALE 4-7)  17
TOTAL FM JUL 1  8424    CLOUDY (SCALE 8-10)  3
DPTR FM NORMAL   264

[CDD (BASE 65) ]
TOTAL THIS MO.    18
DPTR FM NORMAL     1    [PRESSURE DATA]
TOTAL FM JAN 1    18    HIGHEST SLP 30.52 ON 13
DPTR FM NORMAL    -1    LOWEST  SLP 29.60 ON 26

[REMARKS]
#FINAL-05-15#
