000
CXUS52 KGSP 300817
CF6AVL
PRELIMINARY LOCAL CLIMATOLOGICAL DATA (WS FORM: F-6)

                                          STATION:   ASHEVILLE NC
                                          MONTH:     JULY
                                          YEAR:      2015
                                          LATITUDE:   35 25 N
                                          LONGITUDE:  82 33 W

  TEMPERATURE IN F:       :PCPN:    SNOW:  WIND      :SUNSHINE: SKY     :PK WND
================================================================================
1   2   3   4   5  6A  6B    7    8   9   10  11  12  13   14  15   16   17  18
                                     12Z  AVG MX 2MIN
DY MAX MIN AVG DEP HDD CDD  WTR  SNW DPTH SPD SPD DIR MIN PSBL S-S WX    SPD DR
================================================================================

 1  80  61  71  -2   0   6    T  0.0    0  4.1 12 350   M    M   4 18     16 340
 2  77  64  71  -2   0   6 0.07  0.0    0  2.1  8 170   M    M   6 18     10 210
 3  79  64  72  -1   0   7 0.06  0.0    0  4.4 13 290   M    M   6 18     21 290
 4  78  65  72  -2   0   7 0.21  0.0    0  2.8 18 340   M    M   8 1      22 330
 5  79  66  73  -1   0   8 0.03  0.0    0  5.9 17 160   M    M   7 1      23 150
 6  84  64  74   0   0   9 0.00  0.0    0  3.9 15 340   M    M   4 3      19 330
 7  86  60  73  -1   0   8 0.00  0.0    0  4.3 13 220   M    M   0 12     17 220
 8  88  65  77   3   0  12    T  0.0    0  2.9 16 330   M    M   1 3      20 340
 9  92  63  78   4   0  13 0.00  0.0    0  3.5 14 330   M    M   0 1      19 280
10  91  61  76   2   0  11 0.00  0.0    0  4.3 13 350   M    M   0        18 340
11  88  64  76   2   0  11 0.00  0.0    0  9.2 21 350   M    M   2        26 340
12  85  66  76   2   0  11    T  0.0    0  3.4 12 340   M    M   2        16 340
13  91  66  79   5   0  14 0.05  0.0    0  6.5 37 340   M    M   1 3      46 340
14  78  63  71  -3   0   6 0.71  0.0    0  5.1 23 330   M    M   4 13     29 330
15  82  67  75   1   0  10 0.11  0.0    0  9.0 20 340   M    M   7        25 330
16  85  63  74   0   0   9 0.00  0.0    0  3.5  9 200   M    M   3        13 180
17  87  67  77   3   0  12 0.00  0.0    0  3.9 13 170   M    M   4        17 170
18  88  66  77   3   0  12 0.83  0.0    0  2.6 26 210   M    M   1 13     33 220
19  90  66  78   4   0  13 0.00  0.0    0  4.2 21 340   M    M   1 1      24 340
20  89  67  78   4   0  13 0.39  0.0    0  5.4 25 340   M    M   1 138    32 350
21  89  68  79   5   0  14 0.08  0.0    0  4.9 18 340   M    M   1 3      24 350
22  87  68  78   4   0  13 0.00  0.0    0  4.3  9 340   M    M   2        13 350
23  81  71  76   2   0  11 0.01  0.0    0  8.1 16 340   M    M   7 3      21 340
24  82  70  76   2   0  11 0.06  0.0    0  4.5  9 170   M    M   9 1      14  70
25  85  67  76   2   0  11 0.04  0.0    0  3.5 15 240   M    M   5 12     20 200
26  89  67  78   4   0  13    T  0.0    0  2.1 14 340   M    M   4 128    16 340
27  88  67  78   4   0  13 0.00  0.0    0  2.6 15 170   M    M   3 3      20 180
28  90  69  80   6   0  15 0.00  0.0    0  4.2 13 180   M    M   3 1      15 340
29  90  67  79   5   0  14 0.01  0.0    0  2.7 13 330   M    M   2 138    17  30
================================================================================
SM 2478 1902         0 313  2.66     0.0 127.9          M       98
================================================================================
AV 85.4 65.6                               4.4 FASTST   M    M   3    MAX(MPH)
                                 MISC ---->  # 37 340               # 46  340
================================================================================
NOTES:
# LAST OF SEVERAL OCCURRENCES

COLUMN 17 PEAK WIND IN M.P.H.

PRELIMINARY LOCAL CLIMATOLOGICAL DATA (WS FORM: F-6) , PAGE 2

                                          STATION:  ASHEVILLE NC
                                          MONTH:    JULY
                                          YEAR:     2015
                                          LATITUDE:   35 25 N
                                          LONGITUDE:  82 33 W

[TEMPERATURE DATA]      [PRECIPITATION DATA]       SYMBOLS USED IN COLUMN 16

AVERAGE MONTHLY: 75.5   TOTAL FOR MONTH:   2.66    1 = FOG OR MIST
DPTR FM NORMAL:   1.6   DPTR FM NORMAL:   -1.37    2 = FOG REDUCING VISIBILITY
HIGHEST:    92 ON  9    GRTST 24HR  0.83 ON 18-18      TO 1/4 MILE OR LESS
LOWEST:     60 ON  7                               3 = THUNDER
                        SNOW, ICE PELLETS, HAIL    4 = ICE PELLETS
                        TOTAL MONTH:   0.0 INCH    5 = HAIL
                        GRTST 24HR     0.0         6 = FREEZING RAIN OR DRIZZLE
                        GRTST DEPTH:   0           7 = DUSTSTORM OR SANDSTORM:
                                                       VSBY 1/2 MILE OR LESS
                                                   8 = SMOKE OR HAZE
[NO. OF DAYS WITH]      [WEATHER - DAYS WITH]      9 = BLOWING SNOW
                                                   X = TORNADO
MAX 32 OR BELOW:   0    0.01 INCH OR MORE:  14
MAX 90 OR ABOVE:   6    0.10 INCH OR MORE:   5
MIN 32 OR BELOW:   0    0.50 INCH OR MORE:   2
MIN  0 OR BELOW:   0    1.00 INCH OR MORE:   0

[HDD (BASE 65) ]
TOTAL THIS MO.     0    CLEAR  (SCALE 0-3)  14
DPTR FM NORMAL     0    PTCLDY (SCALE 4-7)  14
TOTAL FM JUL 1     0    CLOUDY (SCALE 8-10)  1
DPTR FM NORMAL     0

[CDD (BASE 65) ]
TOTAL THIS MO.   313
DPTR FM NORMAL    56    [PRESSURE DATA]
TOTAL FM JAN 1   698    HIGHEST SLP M ON M
DPTR FM NORMAL   206    LOWEST  SLP 29.61 ON 14

[REMARKS]
