000
CXUS55 KLBF 290945
CF6BBW
PRELIMINARY LOCAL CLIMATOLOGICAL DATA (WS FORM: F-6)

                                          STATION:   BROKEN BOW NE
                                          MONTH:     JULY
                                          YEAR:      2015
                                          LATITUDE:   41 26 N
                                          LONGITUDE:  99 39 W

  TEMPERATURE IN F:       :PCPN:    SNOW:  WIND      :SUNSHINE: SKY     :PK WND
================================================================================
1   2   3   4   5  6A  6B    7    8   9   10  11  12  13   14  15   16   17  18
                                     12Z  AVG MX 2MIN
DY MAX MIN AVG DEP HDD CDD  WTR  SNW DPTH SPD SPD DIR MIN PSBL S-S WX    SPD DR
================================================================================

 1  88  62  75   2   0  10 0.00    M    M  5.4 13  70   M    M   1 138    19  70
 2  84  61  73   0   0   8 0.04    M    M  9.8 23 310   M    M   4 1      30 310
 3  83  60  72  -1   0   7 0.00    M    M  4.5  9 150   M    M   4 12     12 150
 4  87  59  73   0   0   8 0.00    M    M 10.0 23 160   M    M   0 18     30 150
 5  95  69  82   8   0  17 0.11    M    M 11.9 23 290   M    M   0 13     33 290
 6  77  57  67  -7   0   2 0.13    M    M 13.8 25 360   M    M   5 138    33  10
 7  76  51  64 -10   1   0 0.00    M    M  4.0 13 120   M    M   1 18     18 110
 8  69  51  60 -14   5   0 0.13    M    M  4.6 13 310   M    M   7 18     20 290
 9  80  61  71  -3   0   6    T    M    M  4.2 12 170   M    M   6 18     24 120
10  86  62  74   0   0   9 0.00    M    M 10.5 23 140   M    M   5 1      28 160
11  93  61  77   3   0  12 0.00    M    M  4.8 15 150   M    M   0 1      22 120
12  98  62  80   6   0  15 0.00    M    M  4.2 14 290   M    M   0 12     18 280
13  99  66  83   9   0  18 0.00    M    M  4.3 14 350   M    M   0        18 350
14 101  63  82   8   0  17 0.35    M    M  4.8 24 150   M    M   1 13     29 150
15  83  69  76   2   0  11 0.01    M    M  6.9 15  10   M    M   5 13     24 120
16  90  65  78   3   0  13 0.35    M    M  6.1 21 350   M    M   3 138    25 350
17  98  62  80   5   0  15 0.61    M    M  7.6 24 320   M    M   0 3      35 320
18  89  64  77   2   0  12 0.10    M    M  5.6 21  20   M    M   0 13     30  10
19  89  67  78   3   0  13 0.00    M    M  6.6 15 170   M    M   3 8      26 180
20  86  61  74  -1   0   9 0.00    M    M  5.2 10  30   M    M   0 1      18  50
21  86  57  72  -3   0   7 0.00    M    M  5.5 14 150   M    M   1        28 200
22  82  66  74  -1   0   9 0.07    M    M  8.3 17 150   M    M   4 1      25 180
23  92  67  80   5   0  15 0.00    M    M  8.7 21 180   M    M   3 1      30 170
24  91  67  79   5   0  14    T    M    M  6.5 28 200   M    M   1 3      41 200
25  87  65  76   2   0  11 0.00    M    M  7.6 20 130   M    M   0        25 180
26  94  65  80   6   0  15 0.16    M    M  5.7 23 270   M    M   1 13     32 280
27  91  67  79   5   0  14 0.00    M    M 10.2 24 160   M    M   0        39 170
28  86  58  72  -2   0   7 0.00    M    M 10.2 24 360   M    M   1        34 330
================================================================================
SM 2460 1745         6 294  2.06    M    197.5          M       56
================================================================================
AV 87.9 62.3                               7.1 FASTST   M    M   2    MAX(MPH)
                                 MISC ---->  # 28 200               # 41  200
================================================================================
NOTES:
# LAST OF SEVERAL OCCURRENCES

COLUMN 17 PEAK WIND IN M.P.H.

PRELIMINARY LOCAL CLIMATOLOGICAL DATA (WS FORM: F-6) , PAGE 2

                                          STATION:  BROKEN BOW NE
                                          MONTH:    JULY
                                          YEAR:     2015
                                          LATITUDE:   41 26 N
                                          LONGITUDE:  99 39 W

[TEMPERATURE DATA]      [PRECIPITATION DATA]       SYMBOLS USED IN COLUMN 16

AVERAGE MONTHLY: 75.1   TOTAL FOR MONTH:   2.06    1 = FOG OR MIST
DPTR FM NORMAL:   0.9   DPTR FM NORMAL:   -0.56    2 = FOG REDUCING VISIBILITY
HIGHEST:   101 ON 14    GRTST 24HR  0.71 ON 17-18      TO 1/4 MILE OR LESS
LOWEST:     51 ON  8, 7                            3 = THUNDER
                        SNOW, ICE PELLETS, HAIL    4 = ICE PELLETS
                        TOTAL MONTH:    M          5 = HAIL
                        GRTST 24HR    M  ON   M    6 = FREEZING RAIN OR DRIZZLE
                        GRTST DEPTH:  M  ON   M    7 = DUSTSTORM OR SANDSTORM:
                                                       VSBY 1/2 MILE OR LESS
                                                   8 = SMOKE OR HAZE
[NO. OF DAYS WITH]      [WEATHER - DAYS WITH]      9 = BLOWING SNOW
                                                   X = TORNADO
MAX 32 OR BELOW:   0    0.01 INCH OR MORE:  11
MAX 90 OR ABOVE:  11    0.10 INCH OR MORE:   8
MIN 32 OR BELOW:   0    0.50 INCH OR MORE:   1
MIN  0 OR BELOW:   0    1.00 INCH OR MORE:   0

[HDD (BASE 65) ]
TOTAL THIS MO.     6    CLEAR  (SCALE 0-3)  19
DPTR FM NORMAL     6    PTCLDY (SCALE 4-7)   9
TOTAL FM JUL 1     6    CLOUDY (SCALE 8-10)  0
DPTR FM NORMAL     6

[CDD (BASE 65) ]
TOTAL THIS MO.   294
DPTR FM NORMAL    31    [PRESSURE DATA]
TOTAL FM JAN 1   488    HIGHEST SLP M ON M
DPTR FM NORMAL    39    LOWEST  SLP 29.59 ON M

[REMARKS]
