000
CXUS55 KLBF 241200
CF6BBW
PRELIMINARY LOCAL CLIMATOLOGICAL DATA (WS FORM: F-6)

                                          STATION:   BROKEN BOW
                                          MONTH:     SEPTEMBER
                                          YEAR:      2016
                                          LATITUDE:   41 26 N
                                          LONGITUDE:  99 39 W

  TEMPERATURE IN F:       :PCPN:    SNOW:  WIND      :SUNSHINE: SKY     :PK WND
================================================================================
1   2   3   4   5  6A  6B    7    8   9   10  11  12  13   14  15   16   17  18
                                     12Z  AVG MX 2MIN
DY MAX MIN AVG DEP HDD CDD  WTR  SNW DPTH SPD SPD DIR MIN PSBL S-S WX    SPD DR
================================================================================

 1  80  47  64  -4   1   0 0.00    M    M  6.9 20 160   M    M   1 128    26 160
 2  78  51  65  -3   0   0 0.00    M    M 14.0 31 150   M    M   1        41 150
 3  73  60  67  -1   0   2 0.00    M    M 13.5 22 180   M    M   8        28 170
 4  81  61  71   4   0   6    T    M    M 10.9 23 160   M    M   7 18     31 160
 5  91  61  76   9   0  11 0.51    M    M  8.1 22 320   M    M   2 13     29 300
 6  70  62  66   0   0   1 0.82    M    M 11.1 25  10   M    M   8 13     33 350
 7   M   M   M   M   M   M 0.56    M    M   M   M   M   M    M   M 13      M  M
 8  80  55  68   2   0   3 0.00    M    M   M   M   M   M    M   M 1       M  M
 9  72  52  62  -3   3   0 0.02    M    M 13.5 31 360   M    M   6 13     38 360
10  73  47  60  -5   5   0 0.00    M    M  8.1 16 220   M    M   0        22 210
11  83  52  68   4   0   3 0.00    M    M 11.5 23 200   M    M   0        30 210
12  65  52  59  -5   6   0 0.01    M    M 11.1 28 350   M    M   3 3      36 350
13  62  42  52 -12  13   0 0.00    M    M 10.0 18  40   M    M   8        24  10
14  61  40  51 -12  14   0 0.00    M    M  7.4 15 150   M    M   9 1      22 180
15  76  54  65   2   0   0 0.07    M    M  5.8 22 330   M    M   8 1      27 340
16  77  46  62   0   3   0 0.00    M    M  5.8 20 310   M    M   1        24 310
17  81  41  61  -1   4   0 0.00    M    M  5.2 17 220   M    M   0        25 200
18  88  48  68   7   0   3 0.00    M    M  5.9 20 230   M    M   0        28 240
19  82  50  66   5   0   1 0.00    M    M  7.9 20  30   M    M   0        28  10
20  94  53  74  14   0   9 0.00    M    M  7.0 23 190   M    M   0        32 190
21  81  63  72  12   0   7 0.00    M    M  7.7 16 190   M    M   1        24 200
22  67  61  64   5   1   0 0.00    M    M  9.7 20 360   M    M   9 12     25 350
23  88  61  75  16   0  10 0.00    M    M 15.1 31 160   M    M   2 12     39 160
================================================================================
SM 1703 1159        50  56  1.99    M    196.2          M       74
================================================================================
AV 77.4 52.7                               9.3 FASTST   M    M   4    MAX(MPH)
                                 MISC ---->  # 31 150               # 41  150
================================================================================
NOTES:
# LAST OF SEVERAL OCCURRENCES

COLUMN 17 PEAK WIND IN M.P.H.

PRELIMINARY LOCAL CLIMATOLOGICAL DATA (WS FORM: F-6) , PAGE 2

                                          STATION:  BROKEN BOW
                                          MONTH:    SEPTEMBER
                                          YEAR:     2016
                                          LATITUDE:   41 26 N
                                          LONGITUDE:  99 39 W

[TEMPERATURE DATA]      [PRECIPITATION DATA]       SYMBOLS USED IN COLUMN 16

AVERAGE MONTHLY: 65.0   TOTAL FOR MONTH:   1.99    1 = FOG OR MIST
DPTR FM NORMAL:   1.2   DPTR FM NORMAL:    0.23    2 = FOG REDUCING VISIBILITY
HIGHEST:    94 ON 20    GRTST 24HR  1.37 ON  6- 7      TO 1/4 MILE OR LESS
LOWEST:     40 ON 14                               3 = THUNDER
                        SNOW, ICE PELLETS, HAIL    4 = ICE PELLETS
                        TOTAL MONTH:    M          5 = HAIL
                        GRTST 24HR    M  ON   M    6 = FREEZING RAIN OR DRIZZLE
                        GRTST DEPTH:  M  ON   M    7 = DUSTSTORM OR SANDSTORM:
                                                       VSBY 1/2 MILE OR LESS
                                                   8 = SMOKE OR HAZE
[NO. OF DAYS WITH]      [WEATHER - DAYS WITH]      9 = BLOWING SNOW
                                                   X = TORNADO
MAX 32 OR BELOW:   0    0.01 INCH OR MORE:   6
MAX 90 OR ABOVE:   2    0.10 INCH OR MORE:   3
MIN 32 OR BELOW:   0    0.50 INCH OR MORE:   3
MIN  0 OR BELOW:   0    1.00 INCH OR MORE:   0

[HDD (BASE 65) ]
TOTAL THIS MO.    50    CLEAR  (SCALE 0-3)  13
DPTR FM NORMAL   -39    PTCLDY (SCALE 4-7)   5
TOTAL FM JUL 1    72    CLOUDY (SCALE 8-10)  3
DPTR FM NORMAL   -35

[CDD (BASE 65) ]
TOTAL THIS MO.    56
DPTR FM NORMAL    -3    [PRESSURE DATA]
TOTAL FM JAN 1   766    HIGHEST SLP M ON M
DPTR FM NORMAL    11    LOWEST  SLP 29.53 ON  4

[REMARKS]
