000
CXUS51 KBOX 221200
CF6BDL
PRELIMINARY LOCAL CLIMATOLOGICAL DATA (WS FORM: F-6)

                                          STATION:   HARTFORD CT
                                          MONTH:     AUGUST
                                          YEAR:      2014
                                          LATITUDE:   41 55 N
                                          LONGITUDE:  72 41 W

  TEMPERATURE IN F:       :PCPN:    SNOW:  WIND      :SUNSHINE: SKY     :PK WND
================================================================================
1   2   3   4   5  6A  6B    7    8   9   10  11  12  13   14  15   16   17  18
                                     12Z  AVG MX 2MIN
DY MAX MIN AVG DEP HDD CDD  WTR  SNW DPTH SPD SPD DIR MIN PSBL S-S WX    SPD DR
================================================================================

 1  87  65  76   2   0  11 0.32  0.0    0  5.8 21 270   M    M   8 138    24 280
 2  75  61  68  -6   0   3 0.05  0.0    0  3.4 13 110   M    M   9 1      15 110
 3  76  60  68  -6   0   3 0.01  0.0    0  2.9 10  80   M    M   8 18     13  80
 4  85  65  75   2   0  10 0.37  0.0    0  5.3 21 340   M    M   6 1      24 340
 5  89  63  76   3   0  11 0.22  0.0    0  4.2 17 320   M    M   4 138    23 320
 6  83  62  73   0   0   8    T  0.0    0  4.8 15 310   M    M   6        20 300
 7  80  57  69  -4   0   4    T  0.0    0  5.1 20 300   M    M   4        24 300
 8  83  54  69  -4   0   4 0.00  0.0    0  4.4 14 290   M    M   3        18 360
 9  85  57  71  -2   0   6 0.00  0.0    0  3.6 10 310   M    M   2        14  20
10  87  58  73   0   0   8 0.00  0.0    0  4.2 10  30   M    M   2        14 350
11  87  58  73   0   0   8 0.00  0.0    0  5.4 16 160   M    M   3        20 170
12  84  60  72  -1   0   7    T  0.0    0  8.6 20 150   M    M   9        25 160
13  74  65  70  -3   0   5 2.29  0.0    0  8.4 22 140   M    M   9 1      29 130
14  77  59  68  -4   0   3 0.03  0.0    0  6.2 17 270   M    M   4 1      23 300
15  72  54  63  -9   2   0 0.01  0.0    0  6.6 18 290   M    M   7        23 280
16  78  56  67  -5   0   2 0.00  0.0    0  6.8 17 220   M    M   8        22 220
17  80  59  70  -2   0   5 0.02  0.0    0  6.0 21 310   M    M   6        25 320
18  79  54  67  -5   0   2 0.00  0.0    0  4.7 17 290   M    M   3        24 310
19  81  51  66  -6   0   1 0.00  0.0    0  3.9 13 140   M    M   3        15 260
20  84  57  71  -1   0   6 0.00  0.0    0  4.6 12 170   M    M   5        15 170
21  80  63  72   1   0   7 0.06  0.0    0  4.4 12 170   M    M   9        15  40
================================================================================
SM 1706 1238         2 114  3.38     0.0 109.3          M      118
================================================================================
AV 81.2 59.0                               5.2 FASTST   M    M   6    MAX(MPH)
                                 MISC ---->  # 22 140               # 29  130
================================================================================
NOTES:
# LAST OF SEVERAL OCCURRENCES

COLUMN 17 PEAK WIND IN M.P.H.

PRELIMINARY LOCAL CLIMATOLOGICAL DATA (WS FORM: F-6) , PAGE 2

                                          STATION:  HARTFORD CT
                                          MONTH:    AUGUST
                                          YEAR:     2014
                                          LATITUDE:   41 55 N
                                          LONGITUDE:  72 41 W

[TEMPERATURE DATA]      [PRECIPITATION DATA]       SYMBOLS USED IN COLUMN 16

AVERAGE MONTHLY: 70.1   TOTAL FOR MONTH:   3.38    1 = FOG OR MIST
DPTR FM NORMAL:  -2.6   DPTR FM NORMAL:    0.52    2 = FOG REDUCING VISIBILITY
HIGHEST:    89 ON  5    GRTST 24HR  2.29 ON 13-13      TO 1/4 MILE OR LESS
LOWEST:     51 ON 19                               3 = THUNDER
                        SNOW, ICE PELLETS, HAIL    4 = ICE PELLETS
                        TOTAL MONTH:   0.0 INCH    5 = HAIL
                        GRTST 24HR     0.0         6 = FREEZING RAIN OR DRIZZLE
                        GRTST DEPTH:   0           7 = DUSTSTORM OR SANDSTORM:
                                                       VSBY 1/2 MILE OR LESS
                                                   8 = SMOKE OR HAZE
[NO. OF DAYS WITH]      [WEATHER - DAYS WITH]      9 = BLOWING SNOW
                                                   X = TORNADO
MAX 32 OR BELOW:   0    0.01 INCH OR MORE:  10
MAX 90 OR ABOVE:   0    0.10 INCH OR MORE:   4
MIN 32 OR BELOW:   0    0.50 INCH OR MORE:   1
MIN  0 OR BELOW:   0    1.00 INCH OR MORE:   1

[HDD (BASE 65) ]
TOTAL THIS MO.     2    CLEAR  (SCALE 0-3)   4
DPTR FM NORMAL     2    PTCLDY (SCALE 4-7)  13
TOTAL FM JUL 1     2    CLOUDY (SCALE 8-10)  4
DPTR FM NORMAL    -1

[CDD (BASE 65) ]
TOTAL THIS MO.   114
DPTR FM NORMAL   -51    [PRESSURE DATA]
TOTAL FM JAN 1   598    HIGHEST SLP M ON M
DPTR FM NORMAL   -19    LOWEST  SLP 29.60 ON 13

[REMARKS]
