000
CXUS51 KOKX 260701
CF6BDR
PRELIMINARY LOCAL CLIMATOLOGICAL DATA (WS FORM: F-6)

                                          STATION:   BRIDGEPORT CT
                                          MONTH:     DECEMBER
                                          YEAR:      2014
                                          LATITUDE:   41 10 N
                                          LONGITUDE:  73  8 W

  TEMPERATURE IN F:       :PCPN:    SNOW:  WIND      :SUNSHINE: SKY     :PK WND
================================================================================
1   2   3   4   5  6A  6B    7    8   9   10  11  12  13   14  15   16   17  18
                                     12Z  AVG MX 2MIN
DY MAX MIN AVG DEP HDD CDD  WTR  SNW DPTH SPD SPD DIR MIN PSBL S-S WX    SPD DR
================================================================================

 1  62  39  51  11  14   0 0.05  0.0    0  8.8 22 340   M    M   8        30 350
 2  42  35  39  -1  26   0 0.06    T    0 14.9 24  70   M    M   5 1      29  60
 3  49  39  44   4  21   0 0.16  0.0    0 10.4 20 300   M    M   8 1      27 260
 4  48  34  41   2  24   0 0.00  0.0    0  8.1 16 300   M    M   0        23 300
 5  46  30  38  -1  27   0 0.55  0.0    0 12.8 25  90   M    M   6 1      30  90
 6  44  40  42   3  23   0 1.15  0.0    0  7.5 21  60   M    M  10 1      24  10
 7  44  26  35  -3  30   0 0.07  0.0    0 14.8 24  10   M    M   2        31  10
 8  33  21  27 -11  38   0 0.00  0.0    0 13.9 21  40   M    M   7        26  50
 9  44  33  39   1  26   0 2.13  0.0    0 20.5 32 360   M    M  10 1      47 360
10  40  33  37   0  28   0    T    T    0 11.9 21 320   M    M  10 18     27 320
11  36  30  33  -4  32   0 0.01  0.7    T  9.7 16 280   M    M   8 1      23 270
12  39  28  34  -2  31   0    T    T    0  8.3 17 330   M    M   7        22 300
13  45  31  38   2  27   0 0.00  0.0    T  9.9 21 310   M    M   3        27 300
14  45  35  40   4  25   0 0.00  0.0    0  8.6 22 330   M    M   3        27 320
15  48  30  39   4  26   0 0.00  0.0    0  4.0 13 330   M    M   0        16 340
16  45  32  39   4  26   0 0.15  0.0    0  6.8 14  70   M    M   8 1      17  70
17  54  41  48  13  17   0 0.09  0.0    0  8.6 22 300   M    M   8 1      27 310
18  45  35  40   6  25   0 0.00  0.0    0 10.2 22 290   M    M   5        28 290
19  42  30  36   2  29   0 0.00  0.0    0  7.8 18 300   M    M   7        23 300
20  34  29  32  -2  33   0 0.00  0.0    0  5.1 12 350   M    M   9        14  10
21  37  32  35   1  30   0 0.06    T    0  6.4 10  20   M    M  10 18     14 360
22  45  35  40   7  25   0 0.03  0.0    0 10.5 17  70   M    M  10 1      21  60
23  46  42  44  11  21   0 0.24  0.0    0 11.1 18  70   M    M   9 1      23  60
24  56  43  50  17  15   0 0.65  0.0    0 10.1 17 200   M    M  10 12     22 190
25  54  43  49  17  16   0 0.17  0.0    0 13.7 28 290   M    M   6 1      40 290
================================================================================
SM 1123  846       635   0  5.57     0.7 254.4          M      169
================================================================================
AV 44.9 33.8                              10.2 FASTST   M    M   7    MAX(MPH)
                                 MISC ---->  # 32 360               # 47  360
================================================================================
NOTES:
# LAST OF SEVERAL OCCURRENCES

COLUMN 17 PEAK WIND IN M.P.H.

PRELIMINARY LOCAL CLIMATOLOGICAL DATA (WS FORM: F-6) , PAGE 2

                                          STATION:  BRIDGEPORT CT
                                          MONTH:    DECEMBER
                                          YEAR:     2014
                                          LATITUDE:   41 10 N
                                          LONGITUDE:  73  8 W

[TEMPERATURE DATA]      [PRECIPITATION DATA]       SYMBOLS USED IN COLUMN 16

AVERAGE MONTHLY: 39.4   TOTAL FOR MONTH:   5.57    1 = FOG OR MIST
DPTR FM NORMAL:   3.2   DPTR FM NORMAL:    2.83    2 = FOG REDUCING VISIBILITY
HIGHEST:    62 ON  1    GRTST 24HR  2.13 ON  9- 9      TO 1/4 MILE OR LESS
LOWEST:     21 ON  8                               3 = THUNDER
                        SNOW, ICE PELLETS, HAIL    4 = ICE PELLETS
                        TOTAL MONTH:   0.7 INCH    5 = HAIL
                        GRTST 24HR   0.7 ON   M    6 = FREEZING RAIN OR DRIZZLE
                        GRTST DEPTH:   0           7 = DUSTSTORM OR SANDSTORM:
                                                       VSBY 1/2 MILE OR LESS
                                                   8 = SMOKE OR HAZE
[NO. OF DAYS WITH]      [WEATHER - DAYS WITH]      9 = BLOWING SNOW
                                                   X = TORNADO
MAX 32 OR BELOW:   0    0.01 INCH OR MORE:  15
MAX 90 OR ABOVE:   0    0.10 INCH OR MORE:   8
MIN 32 OR BELOW:  11    0.50 INCH OR MORE:   4
MIN  0 OR BELOW:   0    1.00 INCH OR MORE:   2

[HDD (BASE 65) ]
TOTAL THIS MO.   635    CLEAR  (SCALE 0-3)   4
DPTR FM NORMAL   -86    PTCLDY (SCALE 4-7)  11
TOTAL FM JUL 1  1541    CLOUDY (SCALE 8-10) 10
DPTR FM NORMAL  -154

[CDD (BASE 65) ]
TOTAL THIS MO.     0
DPTR FM NORMAL     0    [PRESSURE DATA]
TOTAL FM JAN 1   884    HIGHEST SLP M ON M
DPTR FM NORMAL    59    LOWEST  SLP 29.48 ON 25

[REMARKS]
