000
CXUS53 KIWX 220800
CF6BEH
PRELIMINARY LOCAL CLIMATOLOGICAL DATA (WS FORM: F-6)

                                          STATION:   BENTON HARBOR
                                          MONTH:     OCTOBER
                                          YEAR:      2017
                                          LATITUDE:   42  7 N
                                          LONGITUDE:  86 26 W

  TEMPERATURE IN F:       :PCPN:    SNOW:  WIND      :SUNSHINE: SKY     :PK WND
================================================================================
1   2   3   4   5  6A  6B    7    8   9   10  11  12  13   14  15   16   17  18
                                     12Z  AVG MX 2MIN
DY MAX MIN AVG DEP HDD CDD  WTR  SNW DPTH SPD SPD DIR MIN PSBL S-S WX    SPD DR
================================================================================

 1  71  38  55  -3  10   0 0.00  0.0    0  6.3 15 120   M    M   0 1      19 120
 2  82  52  67   9   0   2 0.00  0.0    0  8.2 17 160   M    M   2        25 160
 3  82  60  71  14   0   6 0.00  0.0    0  9.1 18 260   M    M   6 8      25 180
 4  73  51  62   5   3   0 0.11  0.0    0  6.8 18 230   M    M   7 1      26 240
 5  70  47  59   2   6   0    T  0.0    0  2.5 10 280   M    M   4 12     14 300
 6  68  54  61   5   4   0 0.63  0.0    0  7.5 12 150   M    M  10 1      17  80
 7  83  62  73  17   0   8 0.34  0.0    0 14.3 32 260   M    M   7 1      43 250
 8  78  55  67  11   0   2 0.00  0.0    0  7.3 32 270   M    M   2        41 250
 9  74  52  63   8   2   0 0.00  0.0    0  1.7 10 260   M    M   2 12     13 270
10  73  54  64   9   1   0 0.36  0.0    0  6.5 14  70   M    M   6 128    20  50
11  58  53  56   2   9   0 1.57  0.0    0 11.1 21  60   M    M  10 18     32  70
12  59  53  56   2   9   0 0.00  0.0    0  5.3 10 120   M    M  10 18     14  80
13  71  58  65  11   0   0 0.00  0.0    0  4.4 14 150   M    M   7 1      17 160
14  65  60  63   9   2   0 4.58  0.0    0  8.9 20 130   M    M  10 13     24 140
15  68  48  58   5   7   0 0.82    M    0 11.3 30 270   M    M   9 138    43 240
16  58  43  51  -2  14   0    T    M    0  7.5 17 270   M    M   3        21 280
17  68  41  55   2  10   0 0.00  0.0    0  9.2 24 240   M    M   0        32 250
18  69  48  59   7   6   0 0.00  0.0    0  9.0 18 180   M    M   0        26 180
19  64  41  53   1  12   0 0.00  0.0    0  5.5 15 220   M    M   0        20 210
20  78  42  60   8   5   0 0.00  0.0    0  6.3 15 170   M    M   0        21 180
21  75  56  66  15   0   1 0.00  0.0    0  9.4 17 160   M    M   0        23 200
================================================================================
SM 1487 1068       100  19  8.41     0.0 158.1          M       95
================================================================================
AV 70.8 50.9                               7.5 FASTST   M    M   5    MAX(MPH)
                                 MISC ---->  # 32 260               # 43  250
================================================================================
NOTES:
# LAST OF SEVERAL OCCURRENCES

COLUMN 17 PEAK WIND IN M.P.H.

PRELIMINARY LOCAL CLIMATOLOGICAL DATA (WS FORM: F-6) , PAGE 2

                                          STATION:  BENTON HARBOR
                                          MONTH:    OCTOBER
                                          YEAR:     2017
                                          LATITUDE:   42  7 N
                                          LONGITUDE:  86 26 W

[TEMPERATURE DATA]      [PRECIPITATION DATA]       SYMBOLS USED IN COLUMN 16

AVERAGE MONTHLY: 60.8   TOTAL FOR MONTH:   8.41    1 = FOG OR MIST
DPTR FM NORMAL:   6.2   DPTR FM NORMAL:    5.96    2 = FOG REDUCING VISIBILITY
HIGHEST:    83 ON  7    GRTST 24HR  4.58 ON 14-14      TO 1/4 MILE OR LESS
LOWEST:     38 ON  1                               3 = THUNDER
                        SNOW, ICE PELLETS, HAIL    4 = ICE PELLETS
                        TOTAL MONTH:   0.0 INCH    5 = HAIL
                        GRTST 24HR     0.0         6 = FREEZING RAIN OR DRIZZLE
                        GRTST DEPTH:   0           7 = DUSTSTORM OR SANDSTORM:
                                                       VSBY 1/2 MILE OR LESS
                                                   8 = SMOKE OR HAZE
[NO. OF DAYS WITH]      [WEATHER - DAYS WITH]      9 = BLOWING SNOW
                                                   X = TORNADO
MAX 32 OR BELOW:   0    0.01 INCH OR MORE:   7
MAX 90 OR ABOVE:   0    0.10 INCH OR MORE:   7
MIN 32 OR BELOW:   0    0.50 INCH OR MORE:   4
MIN  0 OR BELOW:   0    1.00 INCH OR MORE:   2

[HDD (BASE 65) ]
TOTAL THIS MO.   100    CLEAR  (SCALE 0-3)  10
DPTR FM NORMAL  -131    PTCLDY (SCALE 4-7)   6
TOTAL FM JUL 1   218    CLOUDY (SCALE 8-10)  5
DPTR FM NORMAL  -162

[CDD (BASE 65) ]
TOTAL THIS MO.    19
DPTR FM NORMAL     9    [PRESSURE DATA]
TOTAL FM JAN 1   672    HIGHEST SLP M ON M
DPTR FM NORMAL   -99    LOWEST  SLP 29.48 ON  7

[REMARKS]
