000
CXUS53 KIWX 250800
CF6BEH
PRELIMINARY LOCAL CLIMATOLOGICAL DATA (WS FORM: F-6)

                                          STATION:   BENTON HARBOR
                                          MONTH:     FEBRUARY
                                          YEAR:      2017
                                          LATITUDE:   42  7 N
                                          LONGITUDE:  86 26 W

  TEMPERATURE IN F:       :PCPN:    SNOW:  WIND      :SUNSHINE: SKY     :PK WND
================================================================================
1   2   3   4   5  6A  6B    7    8   9   10  11  12  13   14  15   16   17  18
                                     12Z  AVG MX 2MIN
DY MAX MIN AVG DEP HDD CDD  WTR  SNW DPTH SPD SPD DIR MIN PSBL S-S WX    SPD DR
================================================================================

 1  37  27  32   5  33   0    T    M    M  9.6 21 280   M    M   9 1      26 280
 2  27  19  23  -4  42   0 0.00  0.0    M 13.6 20 300   M    M   8        31 300
 3  26  21  24  -3  41   0 0.00  0.0    M 12.9 21 280   M    M   5        30 300
 4  33  20  27   0  38   0 0.00  0.0    M 11.4 18 190   M    M   3        24 200
 5  37  23  30   3  35   0 0.00  0.0    M  9.5 21 260   M    M   7        26 250
 6  54  23  39  12  26   0    T  0.0    M  6.3 14 190   M    M   3 18     17 210
 7  55  37  46  19  19   0 0.72    M    0 10.5 24 260   M    M  10 12     34 250
 8  37  25  31   3  34   0 0.01    M    0  6.9 17 310   M    M  10 1      25 320
 9  25  17  21  -7  44   0    T    M    M 11.8 21 280   M    M   6        31 300
10  43  19  31   3  34   0 0.00  0.0    M 11.5 26 180   M    M   4        36 170
11  47  34  41  13  24   0 0.00  0.0    0  4.0 17 240   M    M   4 18     22 230
12  45  34  40  12  25   0    T  0.0    0 12.0 23 290   M    M   6 18     33 300
13  43  33  38  10  27   0 0.00  0.0    0 10.4 20 240   M    M   0        28 310
14  47  36  42  13  23   0 0.00  0.0    0 15.3 23 260   M    M   2        29 210
15  36  30  33   4  32   0    T    M    0  9.2 18 300   M    M   9 8      26 300
16  38  22  30   1  35   0 0.00  0.0    M  6.3 13 140   M    M   6        19 130
17  65  31  48  19  17   0 0.00  0.0    0  8.4 24 230   M    M   0        33 230
18  58  36  47  18  18   0 0.00  0.0    0  7.8 20 240   M    M   0 8      25 250
19  57  28  43  13  22   0 0.00  0.0    0  2.0  9 270   M    M   0 18     12 260
20  66  34  50  20  15   0 0.00  0.0    0  9.7 20 140   M    M   0        30 140
21  62  46  54  24  11   0 0.16  0.0    0  5.9 15 140   M    M   6 128    21 130
22  64  42  53  23  12   0 0.00  0.0    0  8.2 15 190   M    M   5 128    20 200
23  62  38  50  19  15   0 0.20    M    0  8.2 24 230   M    M   6 18     32 240
24  59  36  48  17  17   0 0.16  0.0    0  9.7 18 160   M    M   9 123    30 170
================================================================================
SM 1123  711       639   0  1.25     0.0 221.1          M      118
================================================================================
AV 46.8 29.6                               9.2 FASTST   M    M   5    MAX(MPH)
                                 MISC ---->  # 26 180               # 36  170
================================================================================
NOTES:
# LAST OF SEVERAL OCCURRENCES

COLUMN 17 PEAK WIND IN M.P.H.

PRELIMINARY LOCAL CLIMATOLOGICAL DATA (WS FORM: F-6) , PAGE 2

                                          STATION:  BENTON HARBOR
                                          MONTH:    FEBRUARY
                                          YEAR:     2017
                                          LATITUDE:   42  7 N
                                          LONGITUDE:  86 26 W

[TEMPERATURE DATA]      [PRECIPITATION DATA]       SYMBOLS USED IN COLUMN 16

AVERAGE MONTHLY: 38.2   TOTAL FOR MONTH:   1.25    1 = FOG OR MIST
DPTR FM NORMAL:   9.7   DPTR FM NORMAL:   -0.13    2 = FOG REDUCING VISIBILITY
HIGHEST:    66 ON 20    GRTST 24HR  0.72 ON  7- 7      TO 1/4 MILE OR LESS
LOWEST:     17 ON  9                               3 = THUNDER
                        SNOW, ICE PELLETS, HAIL    4 = ICE PELLETS
                        TOTAL MONTH:   0.0 INCH    5 = HAIL
                        GRTST 24HR     0.0         6 = FREEZING RAIN OR DRIZZLE
                        GRTST DEPTH:   0           7 = DUSTSTORM OR SANDSTORM:
                                                       VSBY 1/2 MILE OR LESS
                                                   8 = SMOKE OR HAZE
[NO. OF DAYS WITH]      [WEATHER - DAYS WITH]      9 = BLOWING SNOW
                                                   X = TORNADO
MAX 32 OR BELOW:   3    0.01 INCH OR MORE:   5
MAX 90 OR ABOVE:   0    0.10 INCH OR MORE:   4
MIN 32 OR BELOW:  13    0.50 INCH OR MORE:   1
MIN  0 OR BELOW:   0    1.00 INCH OR MORE:   0

[HDD (BASE 65) ]
TOTAL THIS MO.   639    CLEAR  (SCALE 0-3)   7
DPTR FM NORMAL  -238    PTCLDY (SCALE 4-7)  12
TOTAL FM JUL 1  3578    CLOUDY (SCALE 8-10)  5
DPTR FM NORMAL  -774

[CDD (BASE 65) ]
TOTAL THIS MO.     0
DPTR FM NORMAL     0    [PRESSURE DATA]
TOTAL FM JAN 1     0    HIGHEST SLP M ON M
DPTR FM NORMAL     0    LOWEST  SLP 29.26 ON  7

[REMARKS]
