000
CXUS53 KIWX 270800
CF6BEH
PRELIMINARY LOCAL CLIMATOLOGICAL DATA (WS FORM: F-6)

                                          STATION:   BENTON HARBOR
                                          MONTH:     MAY
                                          YEAR:      2015
                                          LATITUDE:   42  7 N
                                          LONGITUDE:  86 26 W

  TEMPERATURE IN F:       :PCPN:    SNOW:  WIND      :SUNSHINE: SKY     :PK WND
================================================================================
1   2   3   4   5  6A  6B    7    8   9   10  11  12  13   14  15   16   17  18
                                     12Z  AVG MX 2MIN
DY MAX MIN AVG DEP HDD CDD  WTR  SNW DPTH SPD SPD DIR MIN PSBL S-S WX    SPD DR
================================================================================

 1  57  34  46  -8  19   0 0.00  0.0    0  2.9 10 300   M    M   1        15 340
 2  70  41  56   2   9   0 0.00  0.0    0  5.1 16 270   M    M   1        19 250
 3  78  52  65  11   0   0 0.04  0.0    0  7.8 18 260   M    M   4        24 260
 4  67  49  58   3   7   0 0.02  0.0    0  6.7 24 210   M    M   3 18     35 210
 5  56  49  53  -2  12   0 0.71  0.0    0  7.4 15  80   M    M   8 1      22  80
 6  78  51  65  10   0   0 0.00  0.0    0  6.6 12 130   M    M   4 18     16 120
 7  83  60  72  16   0   7 0.00  0.0    0  8.7 20 160   M    M   2 18     26 150
 8  78  61  70  14   0   5 0.20  0.0    0  6.2 22 250   M    M   5 13     27 250
 9  64  44  54  -2  11   0 0.41  0.0    0  3.9 13 280   M    M  10 1      17 280
10  62  46  54  -2  11   0 0.15  0.0    0  1.7 14 270   M    M   9 12     15 270
11  69  50  60   3   5   0 0.39  0.0    0  9.5 30 240   M    M   7 128    44 250
12  51  46  49  -8  16   0 0.00  0.0    0 15.8 28 260   M    M  10        35 260
13  49  39  44 -13  21   0 0.00  0.0    0  4.9 14  10   M    M   3        22  20
14  61  39  50  -8  15   0 0.04  0.0    0  9.9 18 140   M    M   2        24 140
15  72  54  63   5   2   0 0.08  0.0    0  7.0 20 240   M    M   7 1      24 280
16  78  60  69  11   0   4    T  0.0    0  5.0 15 180   M    M   6 1      19 170
17  78  64  71  12   0   6 0.12  0.0    0 10.8 22 160   M    M   6 18     33 150
18  79  46  63   4   2   0 0.00  0.0    0 13.2 22 270   M    M   0        29 270
19  47  38  43 -16  22   0 0.00  0.0    0  8.0 16 290   M    M   7        24 290
20  51  35  43 -17  22   0 0.04    M    0  3.5 13  70   M    M   5        18  70
21  61  42  52  -8  13   0 0.00  0.0    0  8.0 17 240   M    M   5        21 230
22  62  42  52  -8  13   0 0.05  0.0    0  3.6 14 310   M    M   2 12     21 300
23  76  40  58  -2   7   0 0.00  0.0    0  5.4 12 160   M    M   0        15 150
24  76  49  63   2   2   0    T  0.0    0  6.1 17 100   M    M   4        22 100
25  76  63  70   9   0   5 0.04  0.0    0 12.1 23 240   M    M   3 1      38 170
26  79  65  72  10   0   7 0.32  0.0    0 10.8 23 170   M    M   5 18     35 160
================================================================================
SM 1758 1259       209  34  2.61     0.0 190.6          M      119
================================================================================
AV 67.6 48.4                               7.3 FASTST   M    M   5    MAX(MPH)
                                 MISC ---->  # 30 240               # 44  250
================================================================================
NOTES:
# LAST OF SEVERAL OCCURRENCES

COLUMN 17 PEAK WIND IN M.P.H.

PRELIMINARY LOCAL CLIMATOLOGICAL DATA (WS FORM: F-6) , PAGE 2

                                          STATION:  BENTON HARBOR
                                          MONTH:    MAY
                                          YEAR:     2015
                                          LATITUDE:   42  7 N
                                          LONGITUDE:  86 26 W

[TEMPERATURE DATA]      [PRECIPITATION DATA]       SYMBOLS USED IN COLUMN 16

AVERAGE MONTHLY: 58.0   TOTAL FOR MONTH:   2.61    1 = FOG OR MIST
DPTR FM NORMAL:   0.4   DPTR FM NORMAL:   -0.37    2 = FOG REDUCING VISIBILITY
HIGHEST:    83 ON  7    GRTST 24HR  0.71 ON  5- 5      TO 1/4 MILE OR LESS
LOWEST:     34 ON  1                               3 = THUNDER
                        SNOW, ICE PELLETS, HAIL    4 = ICE PELLETS
                        TOTAL MONTH:   0.0 INCH    5 = HAIL
                        GRTST 24HR     0.0         6 = FREEZING RAIN OR DRIZZLE
                        GRTST DEPTH:   0           7 = DUSTSTORM OR SANDSTORM:
                                                       VSBY 1/2 MILE OR LESS
                                                   8 = SMOKE OR HAZE
[NO. OF DAYS WITH]      [WEATHER - DAYS WITH]      9 = BLOWING SNOW
                                                   X = TORNADO
MAX 32 OR BELOW:   0    0.01 INCH OR MORE:  14
MAX 90 OR ABOVE:   0    0.10 INCH OR MORE:   7
MIN 32 OR BELOW:   0    0.50 INCH OR MORE:   1
MIN  0 OR BELOW:   0    1.00 INCH OR MORE:   0

[HDD (BASE 65) ]
TOTAL THIS MO.   209    CLEAR  (SCALE 0-3)   9
DPTR FM NORMAL   -20    PTCLDY (SCALE 4-7)  14
TOTAL FM JUL 1  7070    CLOUDY (SCALE 8-10)  3
DPTR FM NORMAL  1005

[CDD (BASE 65) ]
TOTAL THIS MO.    34
DPTR FM NORMAL    -2    [PRESSURE DATA]
TOTAL FM JAN 1    34    HIGHEST SLP M ON M
DPTR FM NORMAL   -14    LOWEST  SLP 29.77 ON 11

[REMARKS]
