000
CXAK56 PAFC 011411
CF6BET

PRELIMINARY LOCAL CLIMATOLOGICAL DATA (WS FORM: F-6)

                                          STATION:   BETHEL
                                          MONTH:     MAY
                                          YEAR:      2017
                                          LATITUDE:   60 46 N
                                          LONGITUDE: 161 48 W

  TEMPERATURE IN F:       :PCPN:    SNOW:  WIND      :SUNSHINE: SKY     :PK WND
================================================================================
1   2   3   4   5  6A  6B    7    8   9   10  11  12  13   14  15   16   17  18
                                     12Z  AVG MX 2MIN
DY MAX MIN AVG DEP HDD CDD  WTR  SNW DPTH SPD SPD DIR MIN PSBL S-S WX    SPD DR
================================================================================

 1  55  32  44   8  21   0    T    T    0  6.9 20  70   M    M   5        25  70
 2  51  30  41   5  24   0 0.02  0.0    0  6.0 13 300   M    M   5        17 290
 3  45  28  37   1  28   0 0.00  0.0    0 20.1 30 320   M    M   3        35 320
 4  39  25  32  -5  33   0 0.00  0.0    0 10.4 21 300   M    M   6        26 300
 5  56  22  39   1  26   0 0.01  0.0    0  9.5 18 120   M    M   4        26  90
 6  57  39  48  10  17   0    T  0.0    0 10.5 22  60   M    M   8        27  60
 7  61  40  51  13  14   0    T  0.0    0 11.0 23 100   M    M   8        27  90
 8  57  32  45   6  20   0 0.00  0.0    0  7.8 16 310   M    M   3        24 330
 9  57  37  47   8  18   0 0.00  0.0    0  8.8 15 290   M    M   7 8      19 270
10  61  35  48   8  17   0    T  0.0    0  5.3 13 330   M    M   1 1      18 320
11  66  35  51  11  14   0    T    M    0  7.6 16 250   M    M   3         M  M
12  53  33  43   3  22   0 0.13  0.0    0  5.8 23 210   M    M   7 1      29 210
13  54  34  44   3  21   0 0.04  0.0    0  8.5 17 310   M    M   7 1      23 310
14  53  31  42   1  23   0 0.00  0.0    0  7.2 13 260   M    M   3 12     16 260
15  69  36  53  11  12   0 0.00  0.0    0  7.8 14 110   M    M   3        17 100
16  62  43  53  11  12   0    T  0.0    0 10.0 21 110   M    M   7        30 100
17  58  34  46   4  19   0    T  0.0    0  4.4 12 130   M    M   6         M  M
18  56  36  46   3  19   0 0.11  0.0    0  7.2 15 210   M    M   8 1      18 210
19  60  35  48   5  17   0 0.20    M    0  7.2 13 230   M    M   7 1       M  M
20  59  35  47   3  18   0 0.41  0.0    0  7.7 17 230   M    M   6 12      M  M
21  56  34  45   1  20   0 0.21    M    0  7.6 15 240   M    M   7 12      M  M
22  49  38  44   0  21   0 0.04    M    0 10.9 21 190   M    M  10 1      30 220
23  45  37  41  -4  24   0 0.25  0.0    0 17.3 25 160   M    M  10 1      31 160
24  44  36  40  -5  25   0 0.43  0.0    0 18.1 29 210   M    M   9 1      34 210
25  45  32  39  -6  26   0 0.24    T    0 13.0 17 220   M    M   9 1      24 250
26  46  32  39  -7  26   0 0.15  0.0    0 12.1 22 210   M    M   8 1      28 210
27  51  30  41  -5  24   0 0.00  0.0    0  6.9 14 190   M    M   7 1      17 210
28  57  34  46   0  19   0 0.05  0.0    0  7.0 20  40   M    M   5 12     23  40
29  61  39  50   3  15   0 0.02  0.0    0  6.3 16 250   M    M   6        20 240
30  62  35  49   2  16   0 0.00  0.0    0  7.4 12 220   M    M   6 12      M  M
31  70  44  57   9   8   0    T  0.0    0 10.5 17  40   M    M   2        30  20
================================================================================
SM 1715 1063       619   0  2.31    T    286.8          M      186
================================================================================
AV 55.3 34.3                               9.3 FASTST   M    M   6    MAX(MPH)
                                 MISC ---->  # 30 320               # 35  320
================================================================================
NOTES:
# LAST OF SEVERAL OCCURRENCES

COLUMN 17 PEAK WIND IN M.P.H.

PRELIMINARY LOCAL CLIMATOLOGICAL DATA (WS FORM: F-6) , PAGE 2

                                          STATION:  BETHEL
                                          MONTH:    MAY
                                          YEAR:     2017
                                          LATITUDE:   60 46 N
                                          LONGITUDE: 161 48 W

[TEMPERATURE DATA]      [PRECIPITATION DATA]       SYMBOLS USED IN COLUMN 16

AVERAGE MONTHLY: 44.8   TOTAL FOR MONTH:   2.31    1 = FOG OR MIST
DPTR FM NORMAL:   2.9   DPTR FM NORMAL:    1.17    2 = FOG REDUCING VISIBILITY
HIGHEST:    70 ON 31    GRTST 24HR  0.43 ON 24-24      TO 1/4 MILE OR LESS
LOWEST:     22 ON  5                               3 = THUNDER
                        SNOW, ICE PELLETS, HAIL    4 = ICE PELLETS
                        TOTAL MONTH:    T          5 = HAIL
                        GRTST 24HR    T  ON 25-25  6 = FREEZING RAIN OR DRIZZLE
                        GRTST DEPTH:   0           7 = DUSTSTORM OR SANDSTORM:
                                                       VSBY 1/2 MILE OR LESS
                                                   8 = SMOKE OR HAZE
[NO. OF DAYS WITH]      [WEATHER - DAYS WITH]      9 = BLOWING SNOW
                                                   X = TORNADO
MAX 32 OR BELOW:   0    0.01 INCH OR MORE:  15
MAX 90 OR ABOVE:   0    0.10 INCH OR MORE:   9
MIN 32 OR BELOW:  10    0.50 INCH OR MORE:   0
MIN  0 OR BELOW:   0    1.00 INCH OR MORE:   0

[HDD (BASE 65) ]
TOTAL THIS MO.   619    CLEAR  (SCALE 0-3)   5
DPTR FM NORMAL   -97    PTCLDY (SCALE 4-7)  21
TOTAL FM JUL 1 11570    CLOUDY (SCALE 8-10)  5
DPTR FM NORMAL  -571

[CDD (BASE 65) ]
TOTAL THIS MO.     0
DPTR FM NORMAL     0    [PRESSURE DATA]
TOTAL FM JAN 1     0    HIGHEST SLP M ON M
DPTR FM NORMAL     0    LOWEST  SLP 29.43 ON  7

[REMARKS]
