000
CXUS55 KCTP 281131
CF6BFD
PRELIMINARY LOCAL CLIMATOLOGICAL DATA (WS FORM: F-6)

                                          STATION:   BRADFORD
                                          MONTH:     MARCH
                                          YEAR:      2015
                                          LATITUDE:   41 47 N
                                          LONGITUDE:  78 38 W

  TEMPERATURE IN F:       :PCPN:    SNOW:  WIND      :SUNSHINE: SKY     :PK WND
================================================================================
1   2   3   4   5  6A  6B    7    8   9   10  11  12  13   14  15   16   17  18
                                     12Z  AVG MX 2MIN
DY MAX MIN AVG DEP HDD CDD  WTR  SNW DPTH SPD SPD DIR MIN PSBL S-S WX    SPD DR
================================================================================

 1  31   9  20  -6  45   0 0.35    M    M  6.1 12 280   M    M  10 128    16 260
 2  27   3  15 -12  50   0 0.01    M    M 12.5 25 280   M    M   7 18     41 310
 3  37  -4  17 -10  48   0 0.40    M    M  8.0 20 160   M    M   8 168    30 150
 4  37  26  32   5  33   0 0.01    M    M 10.4 20 280   M    M  10 18     28 280
 5  26   2  14 -14  51   0    T    M    M 11.9 23 320   M    M   6 8      30 330
 6  22 -11   6 -22  59   0    T    M    M  4.9 13 220   M    M   2 18     19 220
 7  33  12  23  -5  42   0    T    M    M  7.9 16 240   M    M   9 18     23 240
 8  38  28  33   4  32   0    T    M    M  9.0 23 290   M    M   6 8      31 280
 9  44  24  34   5  31   0 0.00  0.0    M  5.8 17 300   M    M   4 8      23 310
10  46  20  33   4  32   0 0.10    M    M  3.8 13 200   M    M   6 128    20 200
11  47  29  38   8  27   0 0.00    M    M 10.6 22 300   M    M   6 128    30 300
12  42  23  33   3  32   0 0.00  0.0    0  7.2 21 320   M    M   0        26 320
13  45  19  32   2  33   0 0.04    M    M  7.7 14 170   M    M   2 1      21 150
14  43  32  38   7  27   0 0.29    M    M  9.6 25 300   M    M  10 12     35 290
15  33  27  30  -1  35   0 0.01    M    M 16.5 30 300   M    M  10 16     42 290
16  52  24  38   7  27   0 0.07    M    M  5.5 17 280   M    M   4 1      24 290
17  48  23  36   4  29   0 0.02    M    M 16.8 32 320   M    M   7 16     42 330
18  33  18  26  -6  39   0 0.00    M    M 16.2 28 320   M    M   4        38 320
19  37  13  25  -8  40   0 0.00    M    M  3.0  9 330   M    M   0        12 330
20  33  27  30  -3  35   0 0.12    M    M  6.9 14 170   M    M  10 128    21 160
21  38  25  32  -1  33   0 0.09    M    M  9.1 22 300   M    M   9 1      27 300
22  27  15  21 -13  44   0 0.00    M    M 11.7 20 320   M    M   2        25 310
23  30   8  19 -15  46   0 0.00    M    M  4.3 14 340   M    M   3 8      18 340
24  42  14  28  -7  37   0 0.00    M    M  1.7  7 330   M    M   1 8      11 230
25  37  20  29  -6  36   0 0.11    M    M  9.0 20 140   M    M   5 12     29 150
26  39  29  34  -1  31   0 0.26    M    M  5.6 14 310   M    M  10 12     19 310
27  32  17  25 -11  40   0 0.01    M    M 10.4 17 310   M    M  10 18     22 320
================================================================================
SM  999  472      1014   0  1.89     0.0 232.1          M      161
================================================================================
AV 37.0 17.5                               8.6 FASTST   M    M   6    MAX(MPH)
                                 MISC ---->  # 32 320               # 42  290
================================================================================
NOTES:
# LAST OF SEVERAL OCCURRENCES

COLUMN 17 PEAK WIND IN M.P.H.

PRELIMINARY LOCAL CLIMATOLOGICAL DATA (WS FORM: F-6) , PAGE 2

                                          STATION:  BRADFORD
                                          MONTH:    MARCH
                                          YEAR:     2015
                                          LATITUDE:   41 47 N
                                          LONGITUDE:  78 38 W

[TEMPERATURE DATA]      [PRECIPITATION DATA]       SYMBOLS USED IN COLUMN 16

AVERAGE MONTHLY: 27.2   TOTAL FOR MONTH:   1.89    1 = FOG OR MIST
DPTR FM NORMAL:  -3.6   DPTR FM NORMAL:   -1.02    2 = FOG REDUCING VISIBILITY
HIGHEST:    52 ON 16    GRTST 24HR  0.40 ON  3- 3      TO 1/4 MILE OR LESS
LOWEST:    -11 ON  6                               3 = THUNDER
                        SNOW, ICE PELLETS, HAIL    4 = ICE PELLETS
                        TOTAL MONTH:   0.0 INCH    5 = HAIL
                        GRTST 24HR     0.0         6 = FREEZING RAIN OR DRIZZLE
                        GRTST DEPTH:   0           7 = DUSTSTORM OR SANDSTORM:
                                                       VSBY 1/2 MILE OR LESS
                                                   8 = SMOKE OR HAZE
[NO. OF DAYS WITH]      [WEATHER - DAYS WITH]      9 = BLOWING SNOW
                                                   X = TORNADO
MAX 32 OR BELOW:   7    0.01 INCH OR MORE:  15
MAX 90 OR ABOVE:   0    0.10 INCH OR MORE:   7
MIN 32 OR BELOW:  27    0.50 INCH OR MORE:   0
MIN  0 OR BELOW:   2    1.00 INCH OR MORE:   0

[HDD (BASE 65) ]
TOTAL THIS MO.  1014    CLEAR  (SCALE 0-3)   7
DPTR FM NORMAL   245    PTCLDY (SCALE 4-7)  11
TOTAL FM JUL 1  6913    CLOUDY (SCALE 8-10)  9
DPTR FM NORMAL   574

[CDD (BASE 65) ]
TOTAL THIS MO.     0
DPTR FM NORMAL     0    [PRESSURE DATA]
TOTAL FM JAN 1     0    HIGHEST SLP M ON M
DPTR FM NORMAL     0    LOWEST  SLP 29.62 ON 17

[REMARKS]
