000
CXUS51 KBGM 010800
CF6BGM
PRELIMINARY LOCAL CLIMATOLOGICAL DATA (WS FORM: F-6)

                                          STATION:   BINGHAMTON NY
                                          MONTH:     APRIL
                                          YEAR:      2016
                                          LATITUDE:   42 13 N
                                          LONGITUDE:  75 59 W

  TEMPERATURE IN F:       :PCPN:    SNOW:  WIND      :SUNSHINE: SKY     :PK WND
================================================================================
1   2   3   4   5  6A  6B    7    8   9   10  11  12  13   14  15   16   17  18
                                     12Z  AVG MX 2MIN
DY MAX MIN AVG DEP HDD CDD  WTR  SNW DPTH SPD SPD DIR MIN PSBL S-S WX    SPD DR
================================================================================

 1  69  43  56  17   9   0 0.20  0.0    0 11.9 29 250   M    M   7 1      39 240
 2  47  30  39   0  26   0 0.17  1.5    0  8.7 22 350   M    M   8 1      29 360
 3  30  19  25 -15  40   0 0.19  3.2    3 14.9 30 300   M    M   9 129    47 310
 4  30  17  24 -16  41   0 0.28  3.3    4 10.7 21 350   M    M  10 12     25 340
 5  27  12  20 -21  45   0 0.00  0.0    4  8.7 20 350   M    M   0        25 360
 6  41  15  28 -13  37   0 0.00  0.0    2 10.8 23 180   M    M   3        36 180
 7  47  32  40  -2  25   0 0.80  0.3    T  9.2 20 200   M    M   8 12     28 170
 8  32  26  29 -13  36   0 0.03  0.4    T 11.2 24 280   M    M   8 18     33 290
 9  33  22  28 -14  37   0 0.06  0.5    0  9.7 21 340   M    M   4 1      28 340
10  37  19  28 -15  37   0    T    T    T  6.9 16 200   M    M   8 18     21 190
11  49  34  42  -1  23   0 0.24  0.0    0 10.1 21 190   M    M  10 1      28 200
12  47  31  39  -5  26   0 0.24  0.1    T 10.1 24 350   M    M  10 1      31 330
13  47  27  37  -7  28   0 0.00  0.0    0  6.4 15  30   M    M   3        19  20
14  55  29  42  -2  23   0 0.00  0.0    0  5.1 13  10   M    M   1        20  10
15  62  31  47   2  18   0 0.00  0.0    0  4.6 10  90   M    M   0        14 120
16  67  39  53   8  12   0 0.00  0.0    0  5.8 16  10   M    M   0        19  10
17  74  44  59  13   6   0 0.00  0.0    0  5.3 14 320   M    M   0        19 320
18  72  44  58  12   7   0 0.00  0.0    0  7.1 18 330   M    M   0        24 360
19  57  41  49   2  16   0 0.00  0.0    0 12.7 25 350   M    M   4        33 350
20  64  37  51   4  14   0 0.00  0.0    0  7.4 15  10   M    M   0        19  20
21  73  41  57  10   8   0    T  0.0    0  7.2 15 250   M    M   4        20 230
22  65  51  58  10   7   0 0.10  0.0    0  5.8 15 290   M    M  10 1      19 290
23  54  35  45  -3  20   0 0.00  0.0    0 12.5 24 350   M    M   6 1      33 360
24  56  34  45  -3  20   0 0.00  0.0    0  6.7 17 350   M    M   2        24 310
25  61  42  52   3  13   0 0.01  0.0    0  4.3 12  70   M    M   8        15 100
26  54  34  44  -5  21   0 0.26  0.0    0  8.8 20 350   M    M  10 13     24 350
27  54  29  42  -8  23   0 0.00  0.0    0  7.1 17 270   M    M   1        22 260
28  52  33  43  -7  22   0 0.00  0.0    0  4.2 13  40   M    M   3        18  40
29  51  39  45  -5  20   0 0.25  0.0    0  5.8 14 140   M    M  10 1      19 190
30  52  39  46  -5  19   0 0.00  0.0    0  3.1 10 170   M    M  10 1      14 160
================================================================================
SM 1559  969       679   0  2.83     9.3 242.8          M      157
================================================================================
AV 52.0 32.3                               8.1 FASTST   M    M   5    MAX(MPH)
                                 MISC ---->  # 30 300               # 47  310
================================================================================
NOTES:
# LAST OF SEVERAL OCCURRENCES

COLUMN 17 PEAK WIND IN M.P.H.

PRELIMINARY LOCAL CLIMATOLOGICAL DATA (WS FORM: F-6) , PAGE 2

                                          STATION:  BINGHAMTON NY
                                          MONTH:    APRIL
                                          YEAR:     2016
                                          LATITUDE:   42 13 N
                                          LONGITUDE:  75 59 W

[TEMPERATURE DATA]      [PRECIPITATION DATA]       SYMBOLS USED IN COLUMN 16

AVERAGE MONTHLY: 42.1   TOTAL FOR MONTH:   2.83    1 = FOG OR MIST
DPTR FM NORMAL:  -3.0   DPTR FM NORMAL:   -0.60    2 = FOG REDUCING VISIBILITY
HIGHEST:    74 ON 17    GRTST 24HR  3.28 ON  2- 3      TO 1/4 MILE OR LESS
LOWEST:     12 ON  5                               3 = THUNDER
                        SNOW, ICE PELLETS, HAIL    4 = ICE PELLETS
                        TOTAL MONTH:   9.3 INCHES  5 = HAIL
                        GRTST 24HR   3.3 ON   M    6 = FREEZING RAIN OR DRIZZLE
                        GRTST DEPTH:   4 ON  5, 4  7 = DUSTSTORM OR SANDSTORM:
                                                       VSBY 1/2 MILE OR LESS
                                                   8 = SMOKE OR HAZE
[NO. OF DAYS WITH]      [WEATHER - DAYS WITH]      9 = BLOWING SNOW
                                                   X = TORNADO
MAX 32 OR BELOW:   4    0.01 INCH OR MORE:  13
MAX 90 OR ABOVE:   0    0.10 INCH OR MORE:  10
MIN 32 OR BELOW:  14    0.50 INCH OR MORE:   1
MIN  0 OR BELOW:   0    1.00 INCH OR MORE:   0

[HDD (BASE 65) ]
TOTAL THIS MO.   679    CLEAR  (SCALE 0-3)  12
DPTR FM NORMAL    76    PTCLDY (SCALE 4-7)   8
TOTAL FM JUL 1  5808    CLOUDY (SCALE 8-10) 10
DPTR FM NORMAL  -991

[CDD (BASE 65) ]
TOTAL THIS MO.     0
DPTR FM NORMAL    -4    [PRESSURE DATA]
TOTAL FM JAN 1     0    HIGHEST SLP 30.47 ON 16
DPTR FM NORMAL    -4    LOWEST  SLP 29.32 ON  7

[REMARKS]
#FINAL-04-16#
