000
CXUS51 KCAR 222047
CF6BGR
PRELIMINARY LOCAL CLIMATOLOGICAL DATA (WS FORM: F-6)

                                          STATION:   BANGOR ME
                                          MONTH:     JANUARY
                                          YEAR:      2017
                                          LATITUDE:   44 47 N
                                          LONGITUDE:  68 49 W

  TEMPERATURE IN F:       :PCPN:    SNOW:  WIND      :SUNSHINE: SKY     :PK WND
================================================================================
1   2   3   4   5  6A  6B    7    8   9   10  11  12  13   14  15   16   17  18
                                     12Z  AVG MX 2MIN
DY MAX MIN AVG DEP HDD CDD  WTR  SNW DPTH SPD SPD DIR MIN PSBL S-S WX    SPD DR
================================================================================

 1  37  13  25   6  40   0 0.13  1.6    9  3.5 14 300   M    M   6 1      24 300
 2  33   4  19   1  46   0 0.00  0.0    8  1.4  8 280   M    M   2 1      12 270
 3  33  11  22   4  43   0 0.43    T    8  6.9 17  60   M    M   9 146    24  70
 4  35  31  33  15  32   0 0.57  0.1    8  6.8 20 340   M    M  10 146    24 350
 5  33  18  26   8  39   0    T    T    8  9.4 21 240   M    M   4        30 240
 6  26   4  15  -3  50   0    T    T    8  5.3 13 320   M    M   5 1      16 310
 7  16  -1   8  -9  57   0 0.01  0.7    8  4.0 14 350   M    M   6 1      17 350
 8  14   0   7 -10  58   0 0.01  0.5    8 10.7 18 330   M    M   4 1      23 330
 9  11  -8   2 -15  63   0 0.00  0.0    8  4.0 14 320   M    M   2        18 320
10  38  -6  16  -1  49   0 0.06    T    8  3.6 22 170   M    M   7 1      32 160
11  50  31  41  24  24   0 0.42  0.0    5 13.2 29 170   M    M   4 1      42 180
12  48  38  43  26  22   0 0.17  0.0    2  8.8 15 190   M    M  10 12     19 180
13  48  11  30  13  35   0    T    T    T 14.5 30 320   M    M   4 1      40 330
14  18   4  11  -6  54   0 0.00  0.0    T  5.2 22 320   M    M   4        29 330
15  24  12  18   2  47   0 0.00  0.0    T  7.0 23 320   M    M   4        28 300
16  33   7  20   4  45   0 0.00  0.0    T  5.3 20 200   M    M   5        25 200
17  35  21  28  12  37   0 0.00  0.0    T  7.6 16 350   M    M   5        19 340
18  27  19  23   7  42   0 0.01  0.5    T  6.4 12  80   M    M  10 18     14  90
19  35  23  29  13  36   0 0.10  1.4    2  2.0  9 310   M    M   9 1      14 270
20  36  29  33  17  32   0 0.00  0.0    2  2.6 12 300   M    M  10        17 300
21  41  32  37  21  28   0 0.00  0.0    2  2.5  9 210   M    M  10        11 210
================================================================================
SM  671  293       879   0  1.91     4.8 130.7          M      130
================================================================================
AV 32.0 14.0                               6.2 FASTST   M    M   6    MAX(MPH)
                                 MISC ---->  # 30 320               # 42  180
================================================================================
NOTES:
# LAST OF SEVERAL OCCURRENCES

COLUMN 17 PEAK WIND IN M.P.H.

PRELIMINARY LOCAL CLIMATOLOGICAL DATA (WS FORM: F-6) , PAGE 2

                                          STATION:  BANGOR ME
                                          MONTH:    JANUARY
                                          YEAR:     2017
                                          LATITUDE:   44 47 N
                                          LONGITUDE:  68 49 W

[TEMPERATURE DATA]      [PRECIPITATION DATA]       SYMBOLS USED IN COLUMN 16

AVERAGE MONTHLY: 23.0   TOTAL FOR MONTH:   1.91    1 = FOG OR MIST
DPTR FM NORMAL:   6.0   DPTR FM NORMAL:   -0.06    2 = FOG REDUCING VISIBILITY
HIGHEST:    50 ON 11    GRTST 24HR  0.94 ON  3- 4      TO 1/4 MILE OR LESS
LOWEST:     -8 ON  9                               3 = THUNDER
                        SNOW, ICE PELLETS, HAIL    4 = ICE PELLETS
                        TOTAL MONTH:   4.8 INCHES  5 = HAIL
                        GRTST 24HR   1.6 ON   M    6 = FREEZING RAIN OR DRIZZLE
                        GRTST DEPTH:   9 ON  1     7 = DUSTSTORM OR SANDSTORM:
                                                       VSBY 1/2 MILE OR LESS
                                                   8 = SMOKE OR HAZE
[NO. OF DAYS WITH]      [WEATHER - DAYS WITH]      9 = BLOWING SNOW
                                                   X = TORNADO
MAX 32 OR BELOW:   7    0.01 INCH OR MORE:  10
MAX 90 OR ABOVE:   0    0.10 INCH OR MORE:   6
MIN 32 OR BELOW:  20    0.50 INCH OR MORE:   1
MIN  0 OR BELOW:   4    1.00 INCH OR MORE:   0

[HDD (BASE 65) ]
TOTAL THIS MO.   879    CLEAR  (SCALE 0-3)   2
DPTR FM NORMAL  -127    PTCLDY (SCALE 4-7)  12
TOTAL FM JUL 1  3617    CLOUDY (SCALE 8-10)  7
DPTR FM NORMAL  -310

[CDD (BASE 65) ]
TOTAL THIS MO.     0
DPTR FM NORMAL     0    [PRESSURE DATA]
TOTAL FM JAN 1     0    HIGHEST SLP M ON M
DPTR FM NORMAL     0    LOWEST  SLP 29.22 ON  4

[REMARKS]
