000
CXUS53 KBIS 300741
CF6BIS
PRELIMINARY LOCAL CLIMATOLOGICAL DATA (WS FORM: F-6)

                                          STATION:   BISMARCK ND
                                          MONTH:     AUGUST
                                          YEAR:      2015
                                          LATITUDE:   46 46 N
                                          LONGITUDE: 100 45 W

  TEMPERATURE IN F:       :PCPN:    SNOW:  WIND      :SUNSHINE: SKY     :PK WND
================================================================================
1   2   3   4   5  6A  6B    7    8   9   10  11  12  13   14  15   16   17  18
                                     12Z  AVG MX 2MIN
DY MAX MIN AVG DEP HDD CDD  WTR  SNW DPTH SPD SPD DIR MIN PSBL S-S WX    SPD DR
================================================================================

 1  92  56  74   2   0   9 0.01  0.0    0  5.9 12 360   M    M   0        17  30
 2  81  55  68  -4   0   3 0.00  0.0    0  9.4 21 330   M    M   1        27 330
 3  83  50  67  -5   0   2 0.00  0.0    0  4.7 13 340   M    M   0        17 350
 4  87  49  68  -4   0   3 0.00  0.0    0  6.0 13 160   M    M   0        17 150
 5  84  62  73   1   0   8 0.13  0.0    0  9.2 29 170   M    M   2 13     37 160
 6  83  62  73   1   0   8 0.19  0.0    0  5.0 13 340   M    M   5 13     17 280
 7  87  56  72   0   0   7 0.00  0.0    0  4.7 17 310   M    M   2 12     21 320
 8  86  50  68  -3   0   3    T  0.0    0  3.6 14 330   M    M   1 1      16 330
 9  81  60  71   0   0   6 0.01  0.0    0  4.3 12 130   M    M   5        16 110
10  87  57  72   1   0   7 0.00  0.0    0  3.6 10  90   M    M   1        14 320
11  90  55  73   2   0   8 0.00  0.0    0  9.1 18 200   M    M   0        28 170
12 101  65  83  12   0  18    T  0.0    0  8.3 22 280   M    M   0        28 270
13  97  66  82  11   0  17    T  0.0    0  4.4 15 190   M    M   1        19 200
14 100  61  81  11   0  16 0.00  0.0    0  8.4 21 160   M    M   0 1      25 160
15 105  73  89  19   0  24 0.00  0.0    0 14.8 25 330   M    M   0        31 330
16  75  55  65  -5   0   0 0.03  0.0    0  9.7 23 330   M    M   3 3      30 310
17  74  45  60 -10   5   0 0.02  0.0    0  3.0  9  80   M    M   3        13 160
18  70  52  61  -9   4   0    T  0.0    0  5.5 15  40   M    M   5        19  40
19  78  48  63  -6   2   0 0.00  0.0    0  5.1 15 290   M    M   5        21 360
20  85  46  66  -3   0   1 0.00  0.0    0  7.1 17 210   M    M   1        22 210
21  95  54  75   6   0  10 0.00  0.0    0  8.3 24 170   M    M   0 18     30 170
22  70  53  62  -6   3   0 1.02  0.0    0 19.7 35 310   M    M   6 18     53 290
23  70  48  59  -9   6   0 0.00  0.0    0 15.2 30 320   M    M   0        38 320
24  76  42  59  -9   6   0 0.00  0.0    0  4.3 10  60   M    M   0        13 280
25  79  45  62  -5   3   0 0.00  0.0    0  9.1 17 140   M    M   0        22 150
26  80  51  66  -1   0   1    T  0.0    0  8.4 14 160   M    M   0        19 150
27  86  58  72   5   0   7 0.00  0.0    0  4.6 14 150   M    M   0        17 190
28  89  58  74   8   0   9 0.00  0.0    0  5.6 13 210   M    M   0        16 200
29  93  54  74   8   0   9 0.00  0.0    0  4.8 15 160   M    M   5 128    18 160
================================================================================
SM 2464 1586        29 176  1.41     0.0 211.8          M       46
================================================================================
AV 85.0 54.7                               7.3 FASTST   M    M   2    MAX(MPH)
                                 MISC ---->  # 35 310               # 53  290
================================================================================
NOTES:
# LAST OF SEVERAL OCCURRENCES

COLUMN 17 PEAK WIND IN M.P.H.

PRELIMINARY LOCAL CLIMATOLOGICAL DATA (WS FORM: F-6) , PAGE 2

                                          STATION:  BISMARCK ND
                                          MONTH:    AUGUST
                                          YEAR:     2015
                                          LATITUDE:   46 46 N
                                          LONGITUDE: 100 45 W

[TEMPERATURE DATA]      [PRECIPITATION DATA]       SYMBOLS USED IN COLUMN 16

AVERAGE MONTHLY: 69.8   TOTAL FOR MONTH:   1.41    1 = FOG OR MIST
DPTR FM NORMAL:   0.0   DPTR FM NORMAL:   -0.74    2 = FOG REDUCING VISIBILITY
HIGHEST:   105 ON 15    GRTST 24HR  1.02 ON 22-22      TO 1/4 MILE OR LESS
LOWEST:     42 ON 24                               3 = THUNDER
                        SNOW, ICE PELLETS, HAIL    4 = ICE PELLETS
                        TOTAL MONTH:   0.0 INCH    5 = HAIL
                        GRTST 24HR     0.0         6 = FREEZING RAIN OR DRIZZLE
                        GRTST DEPTH:   0           7 = DUSTSTORM OR SANDSTORM:
                                                       VSBY 1/2 MILE OR LESS
                                                   8 = SMOKE OR HAZE
[NO. OF DAYS WITH]      [WEATHER - DAYS WITH]      9 = BLOWING SNOW
                                                   X = TORNADO
MAX 32 OR BELOW:   0    0.01 INCH OR MORE:   7
MAX 90 OR ABOVE:   8    0.10 INCH OR MORE:   3
MIN 32 OR BELOW:   0    0.50 INCH OR MORE:   1
MIN  0 OR BELOW:   0    1.00 INCH OR MORE:   1

[HDD (BASE 65) ]
TOTAL THIS MO.    29    CLEAR  (SCALE 0-3)  23
DPTR FM NORMAL    -5    PTCLDY (SCALE 4-7)   6
TOTAL FM JUL 1    36    CLOUDY (SCALE 8-10)  0
DPTR FM NORMAL   -15

[CDD (BASE 65) ]
TOTAL THIS MO.   176
DPTR FM NORMAL     6    [PRESSURE DATA]
TOTAL FM JAN 1   501    HIGHEST SLP M ON M
DPTR FM NORMAL    27    LOWEST  SLP 29.46 ON 22

[REMARKS]
