000
CXUS53 KGRR 261017
CF6BIV
PRELIMINARY LOCAL CLIMATOLOGICAL DATA (WS FORM: F-6)

                                          STATION:   HOLLAND
                                          MONTH:     SEPTEMBER
                                          YEAR:      2016
                                          LATITUDE:   42 49 N
                                          LONGITUDE:  86 10 W

  TEMPERATURE IN F:       :PCPN:    SNOW:  WIND      :SUNSHINE: SKY     :PK WND
================================================================================
1   2   3   4   5  6A  6B    7    8   9   10  11  12  13   14  15   16   17  18
                                     12Z  AVG MX 2MIN
DY MAX MIN AVG DEP HDD CDD  WTR  SNW DPTH SPD SPD DIR MIN PSBL S-S WX    SPD DR
================================================================================

 1  76  61  69   1   0   4 0.00    M    M  5.2 12  10   M    M   4        19 360
 2  77  52  65  -3   0   0 0.00    M    M  5.0 13  90   M    M   1 1      18  90
 3  77  49  63  -5   2   0 0.00    M    M  4.0 12  90   M    M   0        14 100
 4  81  55  68   1   0   3 0.00    M    M  3.9 10 170   M    M   1 1      15 120
 5  86  58  72   5   0   7 0.00    M    M  7.8 22 220   M    M   2        28 230
 6  89  70  80  13   0  15    T    M    M  9.8 22 220   M    M   3        27 220
 7  85  70  78  12   0  13 0.11    M    M  7.2 20 220   M    M   3 1      28 310
 8  77  66  72   6   0   7 0.03    M    M  8.4 20 230   M    M   8 12     25 230
 9  81  59  70   4   0   5 0.00    M    M  5.2 14 240   M    M   6 12     18 240
10  74  63  69   4   0   4 0.14    M    M  8.7 23 270   M    M   6 1      35 310
11  73  50  62  -3   3   0 0.00    M    M  3.9 13 250   M    M   0        22 310
12  78  53  66   1   0   1 0.00    M    M  6.9 16 190   M    M   1 8      22 200
13  79  58  69   5   0   4 0.00    M    M  7.6 18 220   M    M   2        23 240
14  76  55  66   2   0   1    T    M    M  4.8 12  90   M    M   3        15 100
15  76  50  63  -1   2   0 0.00    M    M  4.7 12 120   M    M   0 1      15 130
16  84  53  69   6   0   4 0.35    M    M  9.4 18 150   M    M   2 138    24 150
17  76  61  69   6   0   4 0.33    M    M  8.5 21 220   M    M   5 1      27 210
18  74  54  64   2   1   0 0.00    M    M  2.3 10 240   M    M   2 12     14 250
19  82  56  69   7   0   4    T    M    M  7.1 18 210   M    M   1 1      23 220
20  82  58  70   8   0   5 0.06    M    M  2.9 12 340   M    M   2 12     17 310
21  77  56  67   6   0   2    M    M    M  3.8 17 190   M    M   3 13     23 190
22  82  61  72  11   0   7 0.00    M    M  4.5 15 200   M    M   2 1      19 200
23  72  59  66   6   0   1 0.00    M    M  5.7 12  70   M    M   7 18     17  70
24  72  54  63   3   2   0 0.00    M    M  7.9 14 100   M    M   0        19 100
25  78  54  66   6   0   1    T    M    M  9.6 17 140   M    M   4 1      34 140
================================================================================
SM 1964 1435        10  92  1.02    M    154.8          M       68
================================================================================
AV 78.6 57.4                               6.2 FASTST   M    M   3    MAX(MPH)
                                 MISC ---->  # 23 270               # 35  310
================================================================================
NOTES:
# LAST OF SEVERAL OCCURRENCES

COLUMN 17 PEAK WIND IN M.P.H.

PRELIMINARY LOCAL CLIMATOLOGICAL DATA (WS FORM: F-6) , PAGE 2

                                          STATION:  HOLLAND
                                          MONTH:    SEPTEMBER
                                          YEAR:     2016
                                          LATITUDE:   42 49 N
                                          LONGITUDE:  86 10 W

[TEMPERATURE DATA]      [PRECIPITATION DATA]       SYMBOLS USED IN COLUMN 16

AVERAGE MONTHLY: 68.0   TOTAL FOR MONTH:   1.02    1 = FOG OR MIST
DPTR FM NORMAL:   3.8   DPTR FM NORMAL:   -2.04    2 = FOG REDUCING VISIBILITY
HIGHEST:    89 ON  6    GRTST 24HR  0.68 ON 16-17      TO 1/4 MILE OR LESS
LOWEST:     49 ON  3                               3 = THUNDER
                        SNOW, ICE PELLETS, HAIL    4 = ICE PELLETS
                        TOTAL MONTH:    M          5 = HAIL
                        GRTST 24HR    M  ON   M    6 = FREEZING RAIN OR DRIZZLE
                        GRTST DEPTH:  M  ON   M    7 = DUSTSTORM OR SANDSTORM:
                                                       VSBY 1/2 MILE OR LESS
                                                   8 = SMOKE OR HAZE
[NO. OF DAYS WITH]      [WEATHER - DAYS WITH]      9 = BLOWING SNOW
                                                   X = TORNADO
MAX 32 OR BELOW:   0    0.01 INCH OR MORE:   6
MAX 90 OR ABOVE:   0    0.10 INCH OR MORE:   4
MIN 32 OR BELOW:   0    0.50 INCH OR MORE:   0
MIN  0 OR BELOW:   0    1.00 INCH OR MORE:   0

[HDD (BASE 65) ]
TOTAL THIS MO.    10    CLEAR  (SCALE 0-3)  16
DPTR FM NORMAL   -69    PTCLDY (SCALE 4-7)   8
TOTAL FM JUL 1    17    CLOUDY (SCALE 8-10)  1
DPTR FM NORMAL   -77

[CDD (BASE 65) ]
TOTAL THIS MO.    92
DPTR FM NORMAL    34    [PRESSURE DATA]
TOTAL FM JAN 1   771    HIGHEST SLP M ON M
DPTR FM NORMAL    95    LOWEST  SLP 29.73 ON 10

[REMARKS]
