000
CXUS51 KRNK 210837
CF6BLF

PRELIMINARY LOCAL CLIMATOLOGICAL DATA (WS FORM: F-6)

                                          STATION:   BLUEFIELD VA
                                          MONTH:     FEBRUARY
                                          YEAR:      2017
                                          LATITUDE:   37 17 N
                                          LONGITUDE:  81 12 W

  TEMPERATURE IN F:       :PCPN:    SNOW:  WIND      :SUNSHINE: SKY     :PK WND
================================================================================
1   2   3   4   5  6A  6B    7    8   9   10  11  12  13   14  15   16   17  18
                                     12Z  AVG MX 2MIN
DY MAX MIN AVG DEP HDD CDD  WTR  SNW DPTH SPD SPD DIR MIN PSBL S-S WX    SPD DR
================================================================================

 1  45  35  40   5  25   0 0.00  0.0    0  5.9 14 260   M    M   4        17 260
 2  41  27  34  -1  31   0 0.00  0.0    0  7.8 20 280   M    M   3        25 320
 3  28  16  22 -13  43   0 0.00  0.0    0  8.1 17 310   M    M   6        24 290
 4  39  10  25 -10  40   0 0.00  0.0    0  4.9 15 170   M    M   0        22 170
 5  46  29  38   2  27   0    T    T    0 13.1 25 240   M    M   5 4      33 250
 6  62  32  47  11  18   0    T  0.0    0  8.5 21 250   M    M   2        25 240
 7  66  51  59  23   6   0 0.00  0.0    0 13.6 35 250   M    M   5        46 250
 8  58  47  53  17  12   0 0.37  0.0    0  9.1 23 280   M    M   7 1      31 280
 9  47  15  31  -5  34   0 0.05  0.4    0 16.0 28 300   M    M   7 12     42 300
10  49  14  32  -4  33   0 0.00  0.0    0 10.3 32 260   M    M   1        49 250
11  55  46  51  15  14   0    T  0.0    0 15.8 26 260   M    M   8        37 260
12  67  41  54  17  11   0 0.04  0.0    0 16.6 30 300   M    M   8        43 320
13  41  26  34  -3  31   0 0.00  0.0    0 12.0 28 300   M    M   1        37 290
14  44  28  36  -1  29   0    T    T    0  8.2 17 310   M    M   8        26 320
15  37  28  33  -4  32   0 0.24  0.5    0 11.0 24 310   M    M   6 1      35 310
16  36  23  30  -8  35   0 0.00  0.0    0 13.0 22 290   M    M   5        31 280
17  57  29  43   5  22   0 0.00  0.0    0 11.1 21 260   M    M   2        28 250
18  59  42  51  13  14   0    T  0.0    0  6.3 14 240   M    M   3        17 250
19  49  40  45   7  20   0 0.00  0.0    0  6.4 13 280   M    M   7        18 270
20  67  38  53  15  12   0 0.00  0.0    0  5.2 13 130   M    M   0 1      16 140
================================================================================
SM  993  617       489   0  0.70     0.9 202.9          M       88
================================================================================
AV 49.7 30.9                              10.1 FASTST   M    M   4    MAX(MPH)
                                 MISC ---->  # 35 250               # 49  250
================================================================================
NOTES:
# LAST OF SEVERAL OCCURRENCES

COLUMN 17 PEAK WIND IN M.P.H.

PRELIMINARY LOCAL CLIMATOLOGICAL DATA (WS FORM: F-6) , PAGE 2

                                          STATION:  BLUEFIELD VA
                                          MONTH:    FEBRUARY
                                          YEAR:     2017
                                          LATITUDE:   37 17 N
                                          LONGITUDE:  81 12 W

[TEMPERATURE DATA]      [PRECIPITATION DATA]       SYMBOLS USED IN COLUMN 16

AVERAGE MONTHLY: 40.3   TOTAL FOR MONTH:   0.70    1 = FOG OR MIST
DPTR FM NORMAL:   3.8   DPTR FM NORMAL:   -1.24    2 = FOG REDUCING VISIBILITY
HIGHEST:    67 ON 20,12 GRTST 24HR  0.42 ON  8- 9      TO 1/4 MILE OR LESS
LOWEST:     10 ON  4                               3 = THUNDER
                        SNOW, ICE PELLETS, HAIL    4 = ICE PELLETS
                        TOTAL MONTH:   0.9 INCH    5 = HAIL
                        GRTST 24HR   0.5 ON 15-15  6 = FREEZING RAIN OR DRIZZLE
                        GRTST DEPTH:   0           7 = DUSTSTORM OR SANDSTORM:
                                                       VSBY 1/2 MILE OR LESS
                                                   8 = SMOKE OR HAZE
[NO. OF DAYS WITH]      [WEATHER - DAYS WITH]      9 = BLOWING SNOW
                                                   X = TORNADO
MAX 32 OR BELOW:   1    0.01 INCH OR MORE:   4
MAX 90 OR ABOVE:   0    0.10 INCH OR MORE:   2
MIN 32 OR BELOW:  12    0.50 INCH OR MORE:   0
MIN  0 OR BELOW:   0    1.00 INCH OR MORE:   0

[HDD (BASE 65) ]
TOTAL THIS MO.   489    CLEAR  (SCALE 0-3)   6
DPTR FM NORMAL   -80    PTCLDY (SCALE 4-7)  13
TOTAL FM JUL 1  3006    CLOUDY (SCALE 8-10)  1
DPTR FM NORMAL  -283

[CDD (BASE 65) ]
TOTAL THIS MO.     0
DPTR FM NORMAL     0    [PRESSURE DATA]
TOTAL FM JAN 1     0    HIGHEST SLP M ON M
DPTR FM NORMAL     0    LOWEST  SLP 29.51 ON  9


[REMARKS] DUE TO A POWER OUTAGE CAUSING A MISSING HIGH TEMPERATURE
ON NOVEMBER 10...THE SEASONAL HEATING DEGREE DAY TOTAL AND DEPARTURE
FROM NORMAL WILL BE CALCULATED WITHOUT DATA FROM THIS DATE.
