000
CXUS55 KPSR 171005
CF6BLH
PRELIMINARY LOCAL CLIMATOLOGICAL DATA (WS FORM: F-6)

                                          STATION:   BLYTHE CA
                                          MONTH:     SEPTEMBER
                                          YEAR:      2014
                                          LATITUDE:   33 37 N
                                          LONGITUDE: 114 43 W

  TEMPERATURE IN F:       :PCPN:    SNOW:  WIND      :SUNSHINE: SKY     :PK WND
================================================================================
1   2   3   4   5  6A  6B    7    8   9   10  11  12  13   14  15   16   17  18
                                     12Z  AVG MX 2MIN
DY MAX MIN AVG DEP HDD CDD  WTR  SNW DPTH SPD SPD DIR MIN PSBL S-S WX    SPD DR
================================================================================

 1 108  80  94   3   0  29 0.00  0.0    0  7.3 16 180   M    M   0        21 150
 2 110  77  94   3   0  29 0.00  0.0    0  7.5 17 190   M    M   0        21 180
 3 109  77  93   2   0  28 0.00  0.0    0  6.8 15 160   M    M   0        20 210
 4 107  80  94   3   0  29 0.00  0.0    0 11.5 26 190   M    M   0        31 190
 5 102  83  93   3   0  28 0.00  0.0    0  8.7 16 160   M    M   0        23 160
 6 103  83  93   3   0  28 0.00  0.0    0  7.4 22 280   M    M   0 3      26 280
 7 100  83  92   2   0  27    T  0.0    0  7.1 24 160   M    M   1 3      31 150
 8  98  79  89  -1   0  24 0.01  0.0    0  7.5 26 220   M    M   2        32 210
 9  91  76  84  -5   0  19 0.03  0.0    0  3.9 14 100   M    M   3 3       M  M
10 100  77  89   0   0  24 0.00  0.0    0  3.1  7 110   M    M   0         M  M
11 104  75  90   1   0  25 0.00  0.0    0  4.0 12 130   M    M   0         M  M
12 107  74  91   3   0  26 0.00  0.0    0  5.1 15 140   M    M   0        19 130
13 107  75  91   3   0  26 0.00  0.0    0  4.4 12 100   M    M   0        15 110
14 107  83  95   7   0  30 0.00  0.0    0  6.8 14  60   M    M   0        17  60
15 110  83  97  10   0  32 0.00  0.0    0  7.0 22 190   M    M   0        25 190
16 101  80  91   4   0  26 0.02  0.0    0  7.4 29  40   M    M   1 38     32  40
================================================================================
SM 1664 1265         0 430  0.06     0.0 105.5          M        7
================================================================================
AV104.0 79.1                               6.6 FASTST   M    M   0    MAX(MPH)
                                 MISC ---->  # 29  40               # 32  210
================================================================================
NOTES:
# LAST OF SEVERAL OCCURRENCES

COLUMN 17 PEAK WIND IN M.P.H.

PRELIMINARY LOCAL CLIMATOLOGICAL DATA (WS FORM: F-6) , PAGE 2

                                          STATION:  BLYTHE CA
                                          MONTH:    SEPTEMBER
                                          YEAR:     2014
                                          LATITUDE:   33 37 N
                                          LONGITUDE: 114 43 W

[TEMPERATURE DATA]      [PRECIPITATION DATA]       SYMBOLS USED IN COLUMN 16

AVERAGE MONTHLY: 91.5   TOTAL FOR MONTH:   0.06    1 = FOG OR MIST
DPTR FM NORMAL:   2.2   DPTR FM NORMAL:   -0.17    2 = FOG REDUCING VISIBILITY
HIGHEST:   110 ON 15, 2 GRTST 24HR  0.04 ON  8- 9      TO 1/4 MILE OR LESS
LOWEST:     74 ON 12                               3 = THUNDER
                        SNOW, ICE PELLETS, HAIL    4 = ICE PELLETS
                        TOTAL MONTH:   0.0 INCH    5 = HAIL
                        GRTST 24HR     0.0         6 = FREEZING RAIN OR DRIZZLE
                        GRTST DEPTH:   0           7 = DUSTSTORM OR SANDSTORM:
                                                       VSBY 1/2 MILE OR LESS
                                                   8 = SMOKE OR HAZE
[NO. OF DAYS WITH]      [WEATHER - DAYS WITH]      9 = BLOWING SNOW
                                                   X = TORNADO
MAX 32 OR BELOW:   0    0.01 INCH OR MORE:   3
MAX 90 OR ABOVE:  16    0.10 INCH OR MORE:   0
MIN 32 OR BELOW:   0    0.50 INCH OR MORE:   0
MIN  0 OR BELOW:   0    1.00 INCH OR MORE:   0

[HDD (BASE 65) ]
TOTAL THIS MO.     0    CLEAR  (SCALE 0-3)  15
DPTR FM NORMAL     0    PTCLDY (SCALE 4-7)   1
TOTAL FM JUL 1     0    CLOUDY (SCALE 8-10)  0
DPTR FM NORMAL     0

[CDD (BASE 65) ]
TOTAL THIS MO.   430
DPTR FM NORMAL    41    [PRESSURE DATA]
TOTAL FM JAN 1  3610    HIGHEST SLP M ON M
DPTR FM NORMAL   -37    LOWEST  SLP 29.53 ON  3

[REMARKS]
