000
CXUS54 KEWX 270910
CF6BMQ
PRELIMINARY LOCAL CLIMATOLOGICAL DATA (WS FORM: F-6)

                                          STATION:   BURNET
                                          MONTH:     AUGUST
                                          YEAR:      2015
                                          LATITUDE:   30 43 N
                                          LONGITUDE:  98 14 W

  TEMPERATURE IN F:       :PCPN:    SNOW:  WIND      :SUNSHINE: SKY     :PK WND
================================================================================
1   2   3   4   5  6A  6B    7    8   9   10  11  12  13   14  15   16   17  18
                                     12Z  AVG MX 2MIN
DY MAX MIN AVG DEP HDD CDD  WTR  SNW DPTH SPD SPD DIR MIN PSBL S-S WX    SPD DR
================================================================================

 1  96  75  86   2   0  21 0.00  0.0    0  5.5 15  70   M    M   0        21  70
 2  99  75  87   3   0  22 0.00  0.0    0  3.5 13 110   M    M   0        17 100
 3  97  75  86   2   0  21 0.00  0.0    0  4.8 14 110   M    M   0        20 110
 4  98  75  87   3   0  22 0.00  0.0    0  6.6 14 180   M    M   2        20 150
 5  99  76  88   4   0  23 0.00  0.0    0  7.9 15 180   M    M   0        22 180
 6 100  75  88   4   0  23 0.00  0.0    0  9.1 16 180   M    M   0        23 170
 7 101  75  88   4   0  23 0.00  0.0    0  8.5 16 180   M    M   0        24 140
 8 100  75  88   4   0  23 0.00    M    M  8.6 16 170   M    M   1        24 180
 9 103  72  88   4   0  23 0.00    M    M  7.6 15 140   M    M   0        22 120
10 104  72  88   4   0  23 0.00    M    M  4.3 13 120   M    M   0 1      17 110
11 104  74  89   5   0  24 0.00  0.0    0  3.8 14  70   M    M   0        19  80
12 104  79  92   8   0  27 0.00  0.0    0  5.5 17  20   M    M   1        22  20
13 102  79  91   7   0  26 0.00    M    0  6.3 16  60   M    M   0        21  40
14 100  84  92   8   0  27 0.00  0.0    0  4.8 12 110   M    M   2 3      17  60
15  95  74  85   1   0  20 0.16  0.0    0  5.0 16  70   M    M   3 1      24  60
16  96  73  85   1   0  20 0.00  0.0    0  4.2 14 100   M    M   2        20  80
17  96  72  84   0   0  19 0.00  0.0    0  5.2 13 120   M    M   1        18 180
18  96  74  85   1   0  20 0.00  0.0    0  9.4 17 200   M    M   2        24 160
19  97  76  87   3   0  22 0.00  0.0    0  9.4 24  40   M    M   1 3      31  40
20  85  72  79  -4   0  14 0.08  0.0    0  7.0 14  40   M    M   7 13     18  40
21  91  69  80  -3   0  15 0.00  0.0    0  7.0 17 140   M    M   4 1      23 190
22  97  75  86   3   0  21 0.00    M    M  8.8 16 180   M    M   3        25 190
23  99  75  87   4   0  22 0.00    M    M  6.9 15 210   M    M   1        23 180
24  99  75  87   4   0  22 0.00  0.0    0  2.9 10  70   M    M   1 8      15 180
25  99  75  87   4   0  22 0.06  0.0    0  4.5 23  60   M    M   0 3      33  60
26  96  70  83   0   0  18 0.00  0.0    0  3.4 13  60   M    M   1        16  60
================================================================================
SM 2553 1941         0 563  0.30     0.0 160.5          M       32
================================================================================
AV 98.2 74.7                               6.2 FASTST   M    M   1    MAX(MPH)
                                 MISC ---->  # 24  40               # 33   60
================================================================================
NOTES:
# LAST OF SEVERAL OCCURRENCES

COLUMN 17 PEAK WIND IN M.P.H.

PRELIMINARY LOCAL CLIMATOLOGICAL DATA (WS FORM: F-6) , PAGE 2

                                          STATION:  BURNET
                                          MONTH:    AUGUST
                                          YEAR:     2015
                                          LATITUDE:   30 43 N
                                          LONGITUDE:  98 14 W

[TEMPERATURE DATA]      [PRECIPITATION DATA]       SYMBOLS USED IN COLUMN 16

AVERAGE MONTHLY: 86.4   TOTAL FOR MONTH:   0.30    1 = FOG OR MIST
DPTR FM NORMAL:   2.7   DPTR FM NORMAL:   -1.00    2 = FOG REDUCING VISIBILITY
HIGHEST:   104 ON 12,11 GRTST 24HR  0.16 ON 15-15      TO 1/4 MILE OR LESS
LOWEST:     69 ON 21                               3 = THUNDER
                        SNOW, ICE PELLETS, HAIL    4 = ICE PELLETS
                        TOTAL MONTH:   0.0 INCH    5 = HAIL
                        GRTST 24HR     0.0         6 = FREEZING RAIN OR DRIZZLE
                        GRTST DEPTH:   0           7 = DUSTSTORM OR SANDSTORM:
                                                       VSBY 1/2 MILE OR LESS
                                                   8 = SMOKE OR HAZE
[NO. OF DAYS WITH]      [WEATHER - DAYS WITH]      9 = BLOWING SNOW
                                                   X = TORNADO
MAX 32 OR BELOW:   0    0.01 INCH OR MORE:   3
MAX 90 OR ABOVE:  25    0.10 INCH OR MORE:   1
MIN 32 OR BELOW:   0    0.50 INCH OR MORE:   0
MIN  0 OR BELOW:   0    1.00 INCH OR MORE:   0

[HDD (BASE 65) ]
TOTAL THIS MO.     0    CLEAR  (SCALE 0-3)  23
DPTR FM NORMAL     0    PTCLDY (SCALE 4-7)   3
TOTAL FM JUL 1     0    CLOUDY (SCALE 8-10)  0
DPTR FM NORMAL     0

[CDD (BASE 65) ]
TOTAL THIS MO.   563
DPTR FM NORMAL    76    [PRESSURE DATA]
TOTAL FM JAN 1  2013    HIGHEST SLP 29.33 ON 11
DPTR FM NORMAL    63    LOWEST  SLP 29.67 ON 18

[REMARKS]
