000
CXUS54 KLZK 301130
CF6BPK
PRELIMINARY LOCAL CLIMATOLOGICAL DATA (WS FORM: F-6)

                                          STATION:   Mountain Home Airport
                                          MONTH:     AUGUST
                                          YEAR:      2015
                                          LATITUDE:   36 22 N
                                          LONGITUDE:  92 28 W

  TEMPERATURE IN F:       :PCPN:    SNOW:  WIND      :SUNSHINE: SKY     :PK WND
================================================================================
1   2   3   4   5  6A  6B    7    8   9   10  11  12  13   14  15   16   17  18
                                     12Z  AVG MX 2MIN
DY MAX MIN AVG DEP HDD CDD  WTR  SNW DPTH SPD SPD DIR MIN PSBL S-S WX    SPD DR
================================================================================

 1  91  65  78  -2   0  13 0.00  0.0    0  1.0  6 340   M    M   1 12      9 330
 2  92  68  80   0   0  15 0.00  0.0    0  1.3  7 190   M    M   1        11 190
 3  92  69  81   1   0  16 0.00  0.0    0  1.0  6 330   M    M   0 1       9 330
 4  89  69  79  -1   0  14    T  0.0    0  3.4 10  70   M    M   1 13     15 250
 5  79  69  74  -6   0   9    M  0.0    0  3.0 15 320   M    M   8 13     24 330
 6  88  70  79  -1   0  14 0.00  0.0    0  2.2  9 100   M    M   4 1      12 100
 7  90  71  81   1   0  16    T  0.0    0  5.0 12  90   M    M   5 13     17  60
 8  88  73  81   1   0  16    T  0.0    0  4.6 10 160   M    M   5 128    15 140
 9  94  72  83   3   0  18 0.00  0.0    0  3.7  7 180   M    M   0 18     11 160
10  87  72  80   0   0  15 0.07  0.0    0  2.6 12 230   M    M   3 1      17 230
11  86  66  76  -4   0  11 0.00  0.0    0  2.0  9  30   M    M   2 1      16  50
12  84  63  74  -6   0   9 0.00  0.0    0  2.1  8  60   M    M   1        11  70
13  84  63  74  -5   0   9 0.00  0.0    0  2.1  8  80   M    M   1 1      12 110
14  85  63  74  -5   0   9 0.00  0.0    0  1.4  8 100   M    M   1 1      12  90
15  86  63  75  -4   0  10 0.00  0.0    0  3.1  9  90   M    M   1 1      14  80
16  87  68  78  -1   0  13 0.00  0.0    0  4.7 10 100   M    M   2 1      15 130
17  88  67  78  -1   0  13 0.00  0.0    0  3.6  8 140   M    M   1 1       M  M
18  91  69  80   1   0  15    T  0.0    0  4.3 12 190   M    M   2 3      19 330
19   M   M   M   M   M   M 0.84    M    0  2.0  7 340   M    M   8 13      M  M
20  80  52  66 -13   0   1 0.00  0.0    0  1.3  8 140   M    M   2 12     11 130
21  76  57  67 -12   0   2 0.01  0.0    0  4.2 13 150   M    M   4 12     19 130
22  87  65  76  -3   0  11    T  0.0    0  5.4 15 150   M    M   2 1      20 140
23  80  62  71  -7   0   6 0.11  0.0    0  2.3  9 240   M    M   2 13     14 310
24  79  57  68 -10   0   3 0.00  0.0    0  1.8  8 270   M    M   0        13 260
25  82  54  68 -10   0   3 0.00  0.0    0  1.1  8 280   M    M   2 12     12 270
26  83  58  71  -7   0   6 0.00  0.0    0  1.6  7  40   M    M   0        11 340
27  80  57  69  -9   0   4    T  0.0    0  3.8  9  90   M    M   0        14 140
28  82  57  70  -7   0   5 0.00  0.0    0  4.4 12 160   M    M   0 1      15 150
29  81  64  73  -4   0   8 0.33  0.0    0  4.5 10 160   M    M   4 13     13 140
================================================================================
SM 2391 1803         0 284  1.36     0.0  83.5          M       63
================================================================================
AV 85.4 64.4                               2.9 FASTST   M    M   2    MAX(MPH)
                                 MISC ---->  # 15 320               # 24  330
================================================================================
NOTES:
# LAST OF SEVERAL OCCURRENCES

COLUMN 17 PEAK WIND IN M.P.H.

PRELIMINARY LOCAL CLIMATOLOGICAL DATA (WS FORM: F-6) , PAGE 2

                                          STATION:  Mountain Home Airport
                                          MONTH:    AUGUST
                                          YEAR:     2015
                                          LATITUDE:   36 22 N
                                          LONGITUDE:  92 28 W

[TEMPERATURE DATA]      [PRECIPITATION DATA]       SYMBOLS USED IN COLUMN 16

AVERAGE MONTHLY: 74.9   TOTAL FOR MONTH:   1.36    1 = FOG OR MIST
DPTR FM NORMAL:  -4.2   DPTR FM NORMAL:   -1.52    2 = FOG REDUCING VISIBILITY
HIGHEST:    94 ON  9    GRTST 24HR  0.84 ON 19-19      TO 1/4 MILE OR LESS
LOWEST:     52 ON 20                               3 = THUNDER
                        SNOW, ICE PELLETS, HAIL    4 = ICE PELLETS
                        TOTAL MONTH:   0.0 INCH    5 = HAIL
                        GRTST 24HR     0.0         6 = FREEZING RAIN OR DRIZZLE
                        GRTST DEPTH:   0           7 = DUSTSTORM OR SANDSTORM:
                                                       VSBY 1/2 MILE OR LESS
                                                   8 = SMOKE OR HAZE
[NO. OF DAYS WITH]      [WEATHER - DAYS WITH]      9 = BLOWING SNOW
                                                   X = TORNADO
MAX 32 OR BELOW:   0    0.01 INCH OR MORE:   5
MAX 90 OR ABOVE:   6    0.10 INCH OR MORE:   3
MIN 32 OR BELOW:   0    0.50 INCH OR MORE:   1
MIN  0 OR BELOW:   0    1.00 INCH OR MORE:   0

[HDD (BASE 65) ]
TOTAL THIS MO.     0    CLEAR  (SCALE 0-3)  22
DPTR FM NORMAL     0    PTCLDY (SCALE 4-7)   6
TOTAL FM JUL 1     0    CLOUDY (SCALE 8-10)  1
DPTR FM NORMAL     0

[CDD (BASE 65) ]
TOTAL THIS MO.   284
DPTR FM NORMAL  -124    [PRESSURE DATA]
TOTAL FM JAN 1  1260    HIGHEST SLP M ON M
DPTR FM NORMAL   -42    LOWEST  SLP 29.71 ON 18

[REMARKS]
