000
CXAK56 PAFG 231258
CF6BRW
PRELIMINARY LOCAL CLIMATOLOGICAL DATA (WS FORM: F-6)

                                          STATION:   BARROW AK
                                          MONTH:     FEBRUARY
                                          YEAR:      2017
                                          LATITUDE:   71 17 N
                                          LONGITUDE: 156 47 W

  TEMPERATURE IN F:       :PCPN:    SNOW:  WIND      :SUNSHINE: SKY     :PK WND
================================================================================
1   2   3   4   5  6A  6B    7    8   9   10  11  12  13   14  15   16   17  18
                                     12Z  AVG MX 2MIN
DY MAX MIN AVG DEP HDD CDD  WTR  SNW DPTH SPD SPD DIR MIN PSBL S-S WX    SPD DR
================================================================================

 1  17  -6   6  20  59   0    T    T    6 13.7 26 240   M    M   6 9      32 250
 2  26   9  18  32  47   0 0.00  0.0    6 18.4 28 240   M    M   4        33 240
 3  21   5  13  27  52   0 0.00  0.0    6 12.6 21 240   M    M   0 18     26 250
 4  13  -1   6  20  59   0 0.00  0.0    6  5.4 10 220   M    M   3 128    12 210
 5  15   3   9  23  56   0    T  0.1    6  6.6 16  30   M    M   7 128    20  20
 6  15  10  13  27  52   0    T    T    6  4.9 14  30   M    M  10 128    16  20
 7  15  -7   4  18  61   0    T  0.2    6 12.1 25 340   M    M   8 9      32 340
 8  -2 -10  -6   8  71   0 0.01  0.1    6 20.1 26 290   M    M   8 18     32 290
 9  -5 -20 -12   2  77   0 0.01  0.1    6 13.1 22 270   M    M   4 18     25 270
10   2 -12  -5   9  70   0 0.02  0.3    6 18.3 26 280   M    M  10 189    33 280
11   2 -21  -9   5  74   0 0.01  0.2    6  9.0 20 250   M    M   8 1289   24 240
12  -6 -25 -15  -1  80   0    T    T    6  7.9 15 200   M    M   6 18     16 200
13  -5 -12  -8   6  73   0    T    T    6 11.9 20 210   M    M  10 18     23 200
14   0  -7  -3  11  68   0    T  0.1    6  5.3 14 170   M    M  10 18     15 170
15  -6 -17 -11   3  76   0    T    T    6  7.6 14 330   M    M   4 18     16 330
16 -13 -21 -17  -3  82   0 0.00  0.0    6  6.3  8 320   M    M   0 8      11 330
17 -13 -21 -17  -3  82   0 0.00  0.0    6  4.6  9  20   M    M   2 18     10  30
18 -12 -21 -16  -2  81   0    T    T    6 12.2 16  50   M    M   4 8      19  40
19  -5 -15 -10   4  75   0 0.03  0.3    6  8.4 14  60   M    M   9 1      17  50
20  -5 -17 -11   3  76   0 0.01  0.2    6  3.2  7  80   M    M   7 18      7  90
21  -5 -26 -15  -1  80   0 0.05  0.6    8  5.6 12 210   M    M   9 18     12 200
22 -11 -29 -20  -6  85   0 0.00  0.0    8  7.5 10 250   M    M   5 8      12 230
================================================================================
SM   38 -261      1536   0  0.14     2.2 214.7          M      134
================================================================================
AV  1.7-11.9                               9.8 FASTST   M    M   6    MAX(MPH)
                                 MISC ---->  # 28 240               # 33  240
================================================================================
NOTES:
# LAST OF SEVERAL OCCURRENCES

COLUMN 17 PEAK WIND IN M.P.H.

PRELIMINARY LOCAL CLIMATOLOGICAL DATA (WS FORM: F-6) , PAGE 2

                                          STATION:  BARROW AK
                                          MONTH:    FEBRUARY
                                          YEAR:     2017
                                          LATITUDE:   71 17 N
                                          LONGITUDE: 156 47 W

[TEMPERATURE DATA]      [PRECIPITATION DATA]       SYMBOLS USED IN COLUMN 16

AVERAGE MONTHLY: -5.1   TOTAL FOR MONTH:   0.14    1 = FOG OR MIST
DPTR FM NORMAL:   8.9   DPTR FM NORMAL:    0.03    2 = FOG REDUCING VISIBILITY
HIGHEST:    26 ON  2    GRTST 24HR  0.05 ON 21-21      TO 1/4 MILE OR LESS
LOWEST:    -29 ON 22                               3 = THUNDER
                        SNOW, ICE PELLETS, HAIL    4 = ICE PELLETS
                        TOTAL MONTH:   2.2 INCHES  5 = HAIL
                        GRTST 24HR   0.6 ON   M    6 = FREEZING RAIN OR DRIZZLE
                        GRTST DEPTH:   8 ON 22,21  7 = DUSTSTORM OR SANDSTORM:
                                                       VSBY 1/2 MILE OR LESS
                                                   8 = SMOKE OR HAZE
[NO. OF DAYS WITH]      [WEATHER - DAYS WITH]      9 = BLOWING SNOW
                                                   X = TORNADO
MAX 32 OR BELOW:  22    0.01 INCH OR MORE:   7
MAX 90 OR ABOVE:   0    0.10 INCH OR MORE:   0
MIN 32 OR BELOW:  22    0.50 INCH OR MORE:   0
MIN  0 OR BELOW:  18    1.00 INCH OR MORE:   0

[HDD (BASE 65) ]
TOTAL THIS MO.  1536    CLEAR  (SCALE 0-3)   4
DPTR FM NORMAL  -202    PTCLDY (SCALE 4-7)  11
TOTAL FM JUL 1 10511    CLOUDY (SCALE 8-10)  7
DPTR FM NORMAL -1866

[CDD (BASE 65) ]
TOTAL THIS MO.     0
DPTR FM NORMAL     0    [PRESSURE DATA]
TOTAL FM JAN 1     0    HIGHEST SLP M ON M
DPTR FM NORMAL     0    LOWEST  SLP 29.16 ON 11

[REMARKS]
