000
CXUS53 KGRR 271017
CF6BTL
PRELIMINARY LOCAL CLIMATOLOGICAL DATA (WS FORM: F-6)

                                          STATION:   BATTLE CREEK MI
                                          MONTH:     MARCH
                                          YEAR:      2015
                                          LATITUDE:   42 17 N
                                          LONGITUDE:  85 14 W

  TEMPERATURE IN F:       :PCPN:    SNOW:  WIND      :SUNSHINE: SKY     :PK WND
================================================================================
1   2   3   4   5  6A  6B    7    8   9   10  11  12  13   14  15   16   17  18
                                     12Z  AVG MX 2MIN
DY MAX MIN AVG DEP HDD CDD  WTR  SNW DPTH SPD SPD DIR MIN PSBL S-S WX    SPD DR
================================================================================

 1  26   6  16 -14  49   0    T    M    M  6.0 17 280   M    M   7 18     22 280
 2  31  12  22  -8  43   0    T    M    M  8.3 17 260   M    M   3 8      22 290
 3  36  23  30  -1  35   0 0.12    M    M 13.1 30 270   M    M  10 168    38 260
 4  32  14  23  -8  42   0 0.00    M    M 11.8 24 280   M    M   6        29 290
 5  20   4  12 -19  53   0 0.00    M    M  5.6 17 290   M    M   1 8      22 290
 6  23   0  12 -20  53   0 0.00    M    M 12.5 23 200   M    M   2        28 200
 7  45  16  31  -1  34   0 0.00    M    M 10.2 22 230   M    M   3        26 230
 8  42  30  36   4  29   0 0.00    M    M  9.5 16 220   0    0   0         M  M
 9  46  22  34   1  31   0 0.00    M    M  7.2 14 210   M    M   0 18     17 200
10  48  34  41   8  24   0 0.00    M    M  7.0 13 230   M    M   5 18     15 220
11  52  34  43   9  22   0 0.00    M    M  5.7 12 310   M    M   1 128    15  80
12  47  30  39   5  26   0 0.00    M    M  8.3 15 130   M    M   0        19 130
13  57  33  45  11  20   0 0.00    M    M  5.6 12 210   M    M   1 128    13 200
14  47  36  42   7  23   0 0.00    M    M 11.1 24 310   M    M   7 128    32 310
15  54  29  42   7  23   0 0.00    M    M  8.2 14 190   M    M   0 18     18 190
16  69  47  58  22   7   0 0.00    M    M 10.6 21 220   M    M   0        25 210
17  51  26  39   3  26   0 0.00    M    M 13.8 28 350   M    M   1        34  10
18  48  22  35  -1  30   0 0.00    M    M  9.0 21 310   M    M   0        27 300
19  43  29  36  -1  29   0 0.00    M    M  6.1 13 120   M    M   5        16 120
20  51  30  41   4  24   0 0.00    M    M  7.7 17 230   M    M   8        22 220
21  51  30  41   3  24   0 0.00    M    M 10.7 21 310   M    M   5 18     27 300
22  39  23  31  -7  34   0 0.00    M    M  6.1 15  50   M    M   4        20  60
23  33  25  29  -9  36   0 0.00    M    M  7.1 15  60   M    M   7        19  70
24  45  19  32  -7  33   0 0.00    M    M  7.6 15 160   M    M   0        19 110
25  48  31  40   1  25   0 0.11    M    M 12.6 26 270   M    M   9 18     32 270
26  41  30  36  -4  29   0    T    M    M 11.4 20 310   M    M   9        24 310
================================================================================
SM 1125  635       804   0  0.23    M    232.8            0     94
================================================================================
AV 43.3 24.4                               9.0 FASTST    0   0   4    MAX(MPH)
                                 MISC ---->  # 30 270               # 38  260
================================================================================
NOTES:
# LAST OF SEVERAL OCCURRENCES

COLUMN 17 PEAK WIND IN M.P.H.

PRELIMINARY LOCAL CLIMATOLOGICAL DATA (WS FORM: F-6) , PAGE 2

                                          STATION:  BATTLE CREEK MI
                                          MONTH:    MARCH
                                          YEAR:     2015
                                          LATITUDE:   42 17 N
                                          LONGITUDE:  85 14 W

[TEMPERATURE DATA]      [PRECIPITATION DATA]       SYMBOLS USED IN COLUMN 16

AVERAGE MONTHLY: 33.8   TOTAL FOR MONTH:   0.23    1 = FOG OR MIST
DPTR FM NORMAL:  -0.8   DPTR FM NORMAL:   -1.30    2 = FOG REDUCING VISIBILITY
HIGHEST:    69 ON 16    GRTST 24HR  0.12 ON  3- 3      TO 1/4 MILE OR LESS
LOWEST:      0 ON  6                               3 = THUNDER
                        SNOW, ICE PELLETS, HAIL    4 = ICE PELLETS
                        TOTAL MONTH:    M          5 = HAIL
                        GRTST 24HR    M  ON   M    6 = FREEZING RAIN OR DRIZZLE
                        GRTST DEPTH:  M  ON   M    7 = DUSTSTORM OR SANDSTORM:
                                                       VSBY 1/2 MILE OR LESS
                                                   8 = SMOKE OR HAZE
[NO. OF DAYS WITH]      [WEATHER - DAYS WITH]      9 = BLOWING SNOW
                                                   X = TORNADO
MAX 32 OR BELOW:   5    0.01 INCH OR MORE:   2
MAX 90 OR ABOVE:   0    0.10 INCH OR MORE:   2
MIN 32 OR BELOW:  21    0.50 INCH OR MORE:   0
MIN  0 OR BELOW:   1    1.00 INCH OR MORE:   0

[HDD (BASE 65) ]
TOTAL THIS MO.   804    CLEAR  (SCALE 0-3)  13
DPTR FM NORMAL    14    PTCLDY (SCALE 4-7)   9
TOTAL FM JUL 1  6009    CLOUDY (SCALE 8-10)  4
DPTR FM NORMAL   254

[CDD (BASE 65) ]
TOTAL THIS MO.     0
DPTR FM NORMAL     0    [PRESSURE DATA]
TOTAL FM JAN 1     0    HIGHEST SLP  0.00 ON  8
DPTR FM NORMAL     0    LOWEST  SLP  0.00 ON  8

[REMARKS]
