000
CXUS55 KLIX 211000
CF6BTR
PRELIMINARY LOCAL CLIMATOLOGICAL DATA (WS FORM: F-6)

                                          STATION:   BATON ROUGE  ASOS
                                          MONTH:     MAY
                                          YEAR:      2015
                                          LATITUDE:   30 31 N
                                          LONGITUDE:  91  9 W

  TEMPERATURE IN F:       :PCPN:    SNOW:  WIND      :SUNSHINE: SKY     :PK WND
================================================================================
1   2   3   4   5  6A  6B    7    8   9   10  11  12  13   14  15   16   17  18
                                     12Z  AVG MX 2MIN
DY MAX MIN AVG DEP HDD CDD  WTR  SNW DPTH SPD SPD DIR MIN PSBL S-S WX    SPD DR
================================================================================

 1  84  57  71  -1   0   6 0.00  0.0    0  3.9  9  50   M    M   2        13  50
 2  84  56  70  -2   0   5 0.00  0.0    0  3.0  8  70   M    M   2 8      24 330
 3  84  59  72   0   0   7 0.00  0.0    0  3.5 12  90   M    M   4 18     15 120
 4  84  57  71  -2   0   6 0.00  0.0    0  8.1 20 120   M    M   4        28 120
 5  84  63  74   1   0   9 0.00  0.0    0  9.2 21  90   M    M   2        28 100
 6  85  61  73   0   0   8 0.00  0.0    0  6.8 15 100   M    M   2 1      20 120
 7  87  67  77   3   0  12    T  0.0    0  7.9 16 100   M    M   6 123    21 100
 8  88  66  77   3   0  12 0.00  0.0    0  6.8 17  50   M    M   4 128    24 340
 9  87  69  78   4   0  13 0.00  0.0    0  7.1 16  80   M    M   4        22  40
10  90  70  80   6   0  15 0.00  0.0    0  9.5 18 160   M    M   3        24 170
11  85  69  77   2   0  12 0.26  0.0    0  6.1 18 300   M    M   6 13     24 300
12  87  67  77   2   0  12 0.30  0.0    0  5.0 17 160   M    M   6 138    22 160
13  85  67  76   1   0  11    T  0.0    0  5.2 14  70   M    M   4 1      17  80
14  86  71  79   4   0  14 0.00  0.0    0  5.4 18 100   M    M   2 138    22  90
15  86  71  79   3   0  14 0.08  0.0    0  6.1 26 190   M    M   5 13     32 200
16  87  71  79   3   0  14 0.06  0.0    0  7.3 21 190   M    M   5 3      26 160
17  90  76  83   7   0  18 0.00  0.0    0 10.3 18 150   M    M   7 1      25 130
18  87  70  79   3   0  14 0.71  0.0    0  5.5 20 100   M    M   7 1      30 330
19  89  67  78   2   0  13 1.38  0.0    0  3.5 31 170   M    M   5 13     39 170
20  88  67  78   1   0  13 0.01  0.0    0  2.2 25 270   M    M   2 13     35 250
================================================================================
SM 1727 1321         0 228  2.80     0.0 122.4          M       82
================================================================================
AV 86.3 66.1                               6.1 FASTST   M    M   4    MAX(MPH)
                                 MISC ---->  # 31 170               # 39  170
================================================================================
NOTES:
# LAST OF SEVERAL OCCURRENCES

COLUMN 17 PEAK WIND IN M.P.H.

PRELIMINARY LOCAL CLIMATOLOGICAL DATA (WS FORM: F-6) , PAGE 2

                                          STATION:  BATON ROUGE  ASOS
                                          MONTH:    MAY
                                          YEAR:     2015
                                          LATITUDE:   30 31 N
                                          LONGITUDE:  91  9 W

[TEMPERATURE DATA]      [PRECIPITATION DATA]       SYMBOLS USED IN COLUMN 16

AVERAGE MONTHLY: 76.2   TOTAL FOR MONTH:   2.80    1 = FOG OR MIST
DPTR FM NORMAL:   1.8   DPTR FM NORMAL:   -0.26    2 = FOG REDUCING VISIBILITY
HIGHEST:    90 ON 17,10 GRTST 24HR  1.38 ON 19-19      TO 1/4 MILE OR LESS
LOWEST:     56 ON  2                               3 = THUNDER
                        SNOW, ICE PELLETS, HAIL    4 = ICE PELLETS
                        TOTAL MONTH:   0.0 INCH    5 = HAIL
                        GRTST 24HR     0.0         6 = FREEZING RAIN OR DRIZZLE
                        GRTST DEPTH:   0           7 = DUSTSTORM OR SANDSTORM:
                                                       VSBY 1/2 MILE OR LESS
                                                   8 = SMOKE OR HAZE
[NO. OF DAYS WITH]      [WEATHER - DAYS WITH]      9 = BLOWING SNOW
                                                   X = TORNADO
MAX 32 OR BELOW:   0    0.01 INCH OR MORE:   7
MAX 90 OR ABOVE:   2    0.10 INCH OR MORE:   4
MIN 32 OR BELOW:   0    0.50 INCH OR MORE:   2
MIN  0 OR BELOW:   0    1.00 INCH OR MORE:   1

[HDD (BASE 65) ]
TOTAL THIS MO.     0    CLEAR  (SCALE 0-3)   6
DPTR FM NORMAL     0    PTCLDY (SCALE 4-7)  14
TOTAL FM JUL 1  1641    CLOUDY (SCALE 8-10)  0
DPTR FM NORMAL    88

[CDD (BASE 65) ]
TOTAL THIS MO.   228
DPTR FM NORMAL    37    [PRESSURE DATA]
TOTAL FM JAN 1   539    HIGHEST SLP M ON M
DPTR FM NORMAL   117    LOWEST  SLP 29.95 ON M

[REMARKS]
