000
CXUS55 KLIX 250830
CF6BTR
PRELIMINARY LOCAL CLIMATOLOGICAL DATA (WS FORM: F-6)

                                          STATION:   BATON ROUGE  ASOS
                                          MONTH:     DECEMBER
                                          YEAR:      2014
                                          LATITUDE:   30 31 N
                                          LONGITUDE:  91  9 W

  TEMPERATURE IN F:       :PCPN:    SNOW:  WIND      :SUNSHINE: SKY     :PK WND
================================================================================
1   2   3   4   5  6A  6B    7    8   9   10  11  12  13   14  15   16   17  18
                                     12Z  AVG MX 2MIN
DY MAX MIN AVG DEP HDD CDD  WTR  SNW DPTH SPD SPD DIR MIN PSBL S-S WX    SPD DR
================================================================================

 1  81  51  66  10   0   1 0.00  0.0    0  4.8 13 100   M    M   5 12     16 100
 2  74  51  63   7   2   0 0.00  0.0    0  4.1  9 280   M    M   5 18     12 330
 3  73  47  60   4   5   0 0.00  0.0    0  2.8  8  50   M    M   2 1      10  90
 4  70  54  62   7   3   0 0.00  0.0    0  3.9  9 120   M    M   6 12     13  90
 5  82  66  74  19   0   9 0.00  0.0    0  8.9 18 180   M    M   8 18     23 150
 6  76  55  66  11   0   1    T  0.0    0  5.3 15  30   M    M   8 12     23  30
 7  61  43  52  -3  13   0 0.00  0.0    0  5.5 14  60   M    M   2        17  50
 8  67  39  53  -1  12   0 0.00  0.0    0  2.0  9 320   M    M   0 1      14 330
 9  71  36  54   0  11   0 0.00  0.0    0  2.0 13 280   M    M   0 18     18 270
10  62  37  50  -4  15   0 0.00  0.0    0  3.0 10  50   M    M   0 8      14 350
11  65  38  52  -2  13   0 0.00  0.0    0  2.0 10  90   M    M   2 8      14  80
12  67  47  57   3   8   0 0.01  0.0    0  3.9  9  70   M    M   7        19  30
13  72  47  60   6   5   0 0.00  0.0    0  2.4  9  50   M    M   2 8      13  90
14  72  43  58   5   7   0 0.00  0.0    0  5.4 13 100   M    M   1 1      16 100
15  77  56  67  14   0   2 0.09  0.0    0 12.1 25 200   M    M   9 1      33 200
16  67  41  54   1  11   0 0.00  0.0    0  6.0 16 270   M    M   3        23 290
17  61  34  48  -5  17   0 0.00  0.0    0  3.1 10  70   M    M   0        14  50
18  65  44  55   2  10   0 0.03  0.0    0  6.4 13  50   M    M   7 1      20 350
19  56  47  52  -1  13   0 2.41    M    0  8.6 16  50   M    M  10 1      23  70
20  51  42  47  -6  18   0 0.03    M    0  5.1 13  30   M    M   7 1      17  30
21  60  43  52   0  13   0 0.00  0.0    0  3.3 10  90   M    M   7 1      13  90
22  77  52  65  13   0   0    T  0.0    0  9.0 21 200   M    M   8 128    27 210
23  77  49  63  11   2   0 1.79    M    0  7.3 30 280   M    M   9 138    41 280
24  54  40  47  -5  18   0 0.00  0.0    0 10.0 23 270   M    M   5        28 270
================================================================================
SM 1638 1102       196  13  4.36     0.0 126.9          M      113
================================================================================
AV 68.2 45.9                               5.3 FASTST   M    M   5    MAX(MPH)
                                 MISC ---->  # 30 280               # 41  280
================================================================================
NOTES:
# LAST OF SEVERAL OCCURRENCES

COLUMN 17 PEAK WIND IN M.P.H.

PRELIMINARY LOCAL CLIMATOLOGICAL DATA (WS FORM: F-6) , PAGE 2

                                          STATION:  BATON ROUGE  ASOS
                                          MONTH:    DECEMBER
                                          YEAR:     2014
                                          LATITUDE:   30 31 N
                                          LONGITUDE:  91  9 W

[TEMPERATURE DATA]      [PRECIPITATION DATA]       SYMBOLS USED IN COLUMN 16

AVERAGE MONTHLY: 57.1   TOTAL FOR MONTH:   4.36    1 = FOG OR MIST
DPTR FM NORMAL:   3.3   DPTR FM NORMAL:    0.07    2 = FOG REDUCING VISIBILITY
HIGHEST:    82 ON  5    GRTST 24HR  2.44 ON 19-20      TO 1/4 MILE OR LESS
LOWEST:     34 ON 17                               3 = THUNDER
                        SNOW, ICE PELLETS, HAIL    4 = ICE PELLETS
                        TOTAL MONTH:   0.0 INCH    5 = HAIL
                        GRTST 24HR     0.0         6 = FREEZING RAIN OR DRIZZLE
                        GRTST DEPTH:   0           7 = DUSTSTORM OR SANDSTORM:
                                                       VSBY 1/2 MILE OR LESS
                                                   8 = SMOKE OR HAZE
[NO. OF DAYS WITH]      [WEATHER - DAYS WITH]      9 = BLOWING SNOW
                                                   X = TORNADO
MAX 32 OR BELOW:   0    0.01 INCH OR MORE:   6
MAX 90 OR ABOVE:   0    0.10 INCH OR MORE:   2
MIN 32 OR BELOW:   0    0.50 INCH OR MORE:   2
MIN  0 OR BELOW:   0    1.00 INCH OR MORE:   2

[HDD (BASE 65) ]
TOTAL THIS MO.   196    CLEAR  (SCALE 0-3)  10
DPTR FM NORMAL   -88    PTCLDY (SCALE 4-7)  10
TOTAL FM JUL 1   537    CLOUDY (SCALE 8-10)  4
DPTR FM NORMAL    18

[CDD (BASE 65) ]
TOTAL THIS MO.    13
DPTR FM NORMAL   -11    [PRESSURE DATA]
TOTAL FM JAN 1  2693    HIGHEST SLP M ON M
DPTR FM NORMAL  -132    LOWEST  SLP 29.47 ON 23

[REMARKS]
