975
CXUS55 KLIX 231000
CF6BTR
PRELIMINARY LOCAL CLIMATOLOGICAL DATA (WS FORM: F-6)

                                          STATION:   BATON ROUGE  ASOS
                                          MONTH:     JANUARY
                                          YEAR:      2017
                                          LATITUDE:   30 31 N
                                          LONGITUDE:  91  9 W

  TEMPERATURE IN F:       :PCPN:    SNOW:  WIND      :SUNSHINE: SKY     :PK WND
================================================================================
1   2   3   4   5  6A  6B    7    8   9   10  11  12  13   14  15   16   17  18
                                     12Z  AVG MX 2MIN
DY MAX MIN AVG DEP HDD CDD  WTR  SNW DPTH SPD SPD DIR MIN PSBL S-S WX    SPD DR
================================================================================

 1  72  63  68  16   0   3 0.76  0.0    0  4.5 15 200   M    M   7 123    22 240
 2  79  57  68  16   0   3 1.75  0.0    0  8.1 38 260   M    M   8 123    43 260
 3  74  53  64  12   1   0 0.00  0.0    0  4.9 15 240   M    M   5 128    20 240
 4  62  44  53   1  12   0 0.00  0.0    0  7.4 17  10   M    M   2        22  20
 5  65  43  54   2  11   0 0.01    M    0  6.5 17 320   M    M   8        25 330
 6  48  28  38 -14  27   0 0.41    M    0 11.6 20 340   M    M  10 13     27  10
 7  38  22  30 -22  35   0 0.00  0.0    0 12.2 24 350   M    M   2        35 340
 8  48  21  35 -17  30   0 0.00  0.0    0  3.5 12  70   M    M   0 8      14  60
 9  59  33  46  -6  19   0    T    M    0  7.8 16 130   M    M   9        22 130
10  76  53  65  13   0   0 0.00  0.0    0 11.2 24 190   M    M   5        32 180
11  78  58  68  16   0   3    T  0.0    0 11.4 25 180   M    M   7 1      34 160
12  82  62  72  20   0   7 0.00  0.0    0  8.5 22 180   M    M   4        27 170
13  78  61  70  18   0   5 0.01  0.0    0  7.0 15 180   M    M  10 1      18 170
14  75  55  65  13   0   0 0.00  0.0    0  4.6 12 170   M    M   3 128    25 190
15  74  55  65  13   0   0 0.00  0.0    0  7.6 14 110   M    M   5 12     18 110
16  81  62  72  20   0   7    T  0.0    0 10.4 22 150   M    M   8 1      27 140
17  82  63  73  21   0   8 0.00  0.0    0  6.9 16 190   M    M   7 1      20 160
18  82  63  73  21   0   8 0.00  0.0    0  8.0 20 170   M    M   8 12     24 170
19  72  60  66  14   0   1 4.90  0.0    0  7.0 21 150   M    M   9 13     27 140
20  79  61  70  18   0   5 0.00  0.0    0  5.5 13 220   M    M   5 1      20 230
21  75  60  68  16   0   3 1.67  0.0    0  9.3 21 290   M    M   7 138    27 290
22  70  55  63  11   2   0 0.08  0.0    0 14.1 28 270   M    M   5 1      37 290
================================================================================
SM 1549 1132       137  53  9.59     0.0 178.0          M      134
================================================================================
AV 70.4 51.5                               8.1 FASTST   M    M   6    MAX(MPH)
                                 MISC ---->  # 38 260               # 43  260
================================================================================
NOTES:
# LAST OF SEVERAL OCCURRENCES

COLUMN 17 PEAK WIND IN M.P.H.

PRELIMINARY LOCAL CLIMATOLOGICAL DATA (WS FORM: F-6) , PAGE 2

                                          STATION:  BATON ROUGE  ASOS
                                          MONTH:    JANUARY
                                          YEAR:     2017
                                          LATITUDE:   30 31 N
                                          LONGITUDE:  91  9 W

[TEMPERATURE DATA]      [PRECIPITATION DATA]       SYMBOLS USED IN COLUMN 16

AVERAGE MONTHLY: 60.9   TOTAL FOR MONTH:   9.59    1 = FOG OR MIST
DPTR FM NORMAL:   8.9   DPTR FM NORMAL:    5.57    2 = FOG REDUCING VISIBILITY
HIGHEST:    82 ON 18,17 GRTST 24HR  4.90 ON 18-19      TO 1/4 MILE OR LESS
LOWEST:     21 ON  8                               3 = THUNDER
                        SNOW, ICE PELLETS, HAIL    4 = ICE PELLETS
                        TOTAL MONTH:   0.0 INCH    5 = HAIL
                        GRTST 24HR     0.0         6 = FREEZING RAIN OR DRIZZLE
                        GRTST DEPTH:   0           7 = DUSTSTORM OR SANDSTORM:
                                                       VSBY 1/2 MILE OR LESS
                                                   8 = SMOKE OR HAZE
[NO. OF DAYS WITH]      [WEATHER - DAYS WITH]      9 = BLOWING SNOW
                                                   X = TORNADO
MAX 32 OR BELOW:   0    0.01 INCH OR MORE:   8
MAX 90 OR ABOVE:   0    0.10 INCH OR MORE:   5
MIN 32 OR BELOW:   3    0.50 INCH OR MORE:   4
MIN  0 OR BELOW:   0    1.00 INCH OR MORE:   3

[HDD (BASE 65) ]
TOTAL THIS MO.   137    CLEAR  (SCALE 0-3)   3
DPTR FM NORMAL  -171    PTCLDY (SCALE 4-7)  15
TOTAL FM JUL 1   521    CLOUDY (SCALE 8-10)  4
DPTR FM NORMAL  -403

[CDD (BASE 65) ]
TOTAL THIS MO.    53
DPTR FM NORMAL    50    [PRESSURE DATA]
TOTAL FM JAN 1    53    HIGHEST SLP M ON M
DPTR FM NORMAL    50    LOWEST  SLP 29.43 ON 22

[REMARKS]
