000
CXAK56 PAFG 291401
CF6BTT
PRELIMINARY LOCAL CLIMATOLOGICAL DATA (WS FORM: F-6)

                                          STATION:   BETTLES AK
                                          MONTH:     MARCH
                                          YEAR:      2017
                                          LATITUDE:   66 55 N
                                          LONGITUDE: 151 31 W

  TEMPERATURE IN F:       :PCPN:    SNOW:  WIND      :SUNSHINE: SKY     :PK WND
================================================================================
1   2   3   4   5  6A  6B    7    8   9   10  11  12  13   14  15   16   17  18
                                     12Z  AVG MX 2MIN
DY MAX MIN AVG DEP HDD CDD  WTR  SNW DPTH SPD SPD DIR MIN PSBL S-S WX    SPD DR
================================================================================

 1   5 -29 -12 -11  77   0 0.00  0.0   28  3.2 13 360   M    M   2        17 350
 2 -13 -39 -26 -25  91   0 0.00  0.0   28  2.1  8 150   M    M   2        11 170
 3  -7 -33 -20 -20  85   0 0.00  0.0   27  1.5  8 150   M    M   6        11 170
 4   0 -35 -17 -17  82   0 0.00  0.0   27  1.8  6  40   M    M   2         7 330
 5  -9 -38 -23 -23  88   0 0.00  0.0   27  2.8  9 130   M    M   1        10 140
 6  -9 -42 -25 -25  90   0 0.00  0.0   27  2.3  7 350   M    M   0 18      8 350
 7 -11 -44 -27 -28  92   0 0.00  0.0   26  1.4  6  30   M    M   1 1       7 140
 8  -9 -40 -24 -25  89   0 0.00  0.0   26  1.5  6 320   M    M   1         7 320
 9  -2 -32 -17 -18  82   0 0.09  0.9   27  2.2  8  10   M    M   8 1      11 350
10  10 -13  -1  -3  66   0 0.03  0.5   27  0.8  6  10   M    M   7 1       9  20
11  16  -8   4   2  61   0 0.00  0.0   27  2.9  8  30   M    M   8        10  40
12  13 -20  -3  -5  68   0 0.00  0.0   27  1.6  6 150   M    M   4         8 170
13  11 -19  -4  -7  69   0 0.00  0.0   26  3.2 14 360   M    M   6 1      20  10
14   6 -20  -7 -10  72   0 0.00  0.0   26  5.9 13  30   M    M   2        17  30
15   6 -26 -10 -13  75   0 0.00  0.0   26  4.6 10  10   M    M   0        14  10
16   7 -30 -11 -15  76   0 0.00  0.0   26  3.4  8  20   M    M   0        10 330
17   7 -31 -12 -16  77   0 0.00  0.0   26  4.4  9  30   M    M   0        12  30
18  14 -21  -3  -8  68   0 0.00  0.0   25  6.6 13  30   M    M   1        16 360
19  15 -22  -3  -8  68   0 0.00  0.0   25  2.7  8  10   M    M   1         9 330
20   3 -26 -11 -17  76   0 0.00  0.0   25  3.3  7 130   M    M   3         9 160
21   4 -31 -13 -19  78   0 0.00  0.0   25  1.9  7 120   M    M   1         8 130
22  20 -23  -1  -7  66   0 0.00  0.0   25  4.2 10  20   M    M   1        12  50
23   9 -19  -5 -12  70   0 0.00  0.0   25  2.9  8 140   M    M   3        10 130
24   9 -26  -8 -16  73   0 0.00  0.0   25  2.1  7 130   M    M   1         9 120
25  20 -19   1  -7  64   0 0.00  0.0   25  3.6  9 350   M    M   0        13 350
26  20 -17   2  -7  63   0 0.00  0.0   24  4.6  9  10   M    M   0        13 350
27  23  -9   7  -2  58   0 0.01  0.2   24  8.5 17  40   M    M   3 1      25  40
28  20  14  17   7  48   0 0.05  0.7   25  3.7 13  60   M    M   9 1      19  80
================================================================================
SM  178 -698      2072   0  0.18     2.3  89.7          M       73
================================================================================
AV  6.4-24.9                               3.2 FASTST   M    M   3    MAX(MPH)
                                 MISC ---->  # 17  40               # 25   40
================================================================================
NOTES:
# LAST OF SEVERAL OCCURRENCES

COLUMN 17 PEAK WIND IN M.P.H.

PRELIMINARY LOCAL CLIMATOLOGICAL DATA (WS FORM: F-6) , PAGE 2

                                          STATION:  BETTLES AK
                                          MONTH:    MARCH
                                          YEAR:     2017
                                          LATITUDE:   66 55 N
                                          LONGITUDE: 151 31 W

[TEMPERATURE DATA]      [PRECIPITATION DATA]       SYMBOLS USED IN COLUMN 16

AVERAGE MONTHLY: -9.3   TOTAL FOR MONTH:   0.18    1 = FOG OR MIST
DPTR FM NORMAL:     M   DPTR FM NORMAL:   -0.35    2 = FOG REDUCING VISIBILITY
HIGHEST:    23 ON 27    GRTST 24HR  0.09 ON  9- 9      TO 1/4 MILE OR LESS
LOWEST:    -44 ON  7                               3 = THUNDER
                        SNOW, ICE PELLETS, HAIL    4 = ICE PELLETS
                        TOTAL MONTH:   2.3 INCHES  5 = HAIL
                        GRTST 24HR   0.9 ON   M    6 = FREEZING RAIN OR DRIZZLE
                        GRTST DEPTH:  28 ON  2, 1  7 = DUSTSTORM OR SANDSTORM:
                                                       VSBY 1/2 MILE OR LESS
                                                   8 = SMOKE OR HAZE
[NO. OF DAYS WITH]      [WEATHER - DAYS WITH]      9 = BLOWING SNOW
                                                   X = TORNADO
MAX 32 OR BELOW:  28    0.01 INCH OR MORE:   4
MAX 90 OR ABOVE:   0    0.10 INCH OR MORE:   0
MIN 32 OR BELOW:  28    0.50 INCH OR MORE:   0
MIN  0 OR BELOW:  27    1.00 INCH OR MORE:   0

[HDD (BASE 65) ]
TOTAL THIS MO.  2072    CLEAR  (SCALE 0-3)  21
DPTR FM NORMAL   355    PTCLDY (SCALE 4-7)   4
TOTAL FM JUL 1 12988    CLOUDY (SCALE 8-10)  3
DPTR FM NORMAL    76

[CDD (BASE 65) ]
TOTAL THIS MO.     0
DPTR FM NORMAL     0    [PRESSURE DATA]
TOTAL FM JAN 1     0    HIGHEST SLP M ON M
DPTR FM NORMAL     0    LOWEST  SLP 29.86 ON M

[REMARKS]
