000
CXAK56 PAFG 251239
CF6BTT
PRELIMINARY LOCAL CLIMATOLOGICAL DATA (WS FORM: F-6)

                                          STATION:   BETTLES AK
                                          MONTH:     SEPTEMBER
                                          YEAR:      2017
                                          LATITUDE:   66 55 N
                                          LONGITUDE: 151 31 W

  TEMPERATURE IN F:       :PCPN:    SNOW:  WIND      :SUNSHINE: SKY     :PK WND
================================================================================
1   2   3   4   5  6A  6B    7    8   9   10  11  12  13   14  15   16   17  18
                                     12Z  AVG MX 2MIN
DY MAX MIN AVG DEP HDD CDD  WTR  SNW DPTH SPD SPD DIR MIN PSBL S-S WX    SPD DR
================================================================================

 1  58  41  50   3  15   0 0.00  0.0    0  2.5  8  30   M    M   9        11  30
 2  55  37  46  -1  19   0 0.02  0.0    0  3.0 10 210   M    M   8 1      15 220
 3  61  39  50   3  15   0    T  0.0    0  3.8 10  40   M    M   8        16  40
 4  53  41  47   1  18   0 0.04  0.0    0  5.0 10  30   M    M   9        15  30
 5  61  43  52   6  13   0 0.01  0.0    0  4.8 13  30   M    M   9        18  30
 6  58  49  54   9  11   0 0.21  0.0    0  7.6 18  30   M    M  10 1      30  50
 7  54  45  50   5  15   0 0.35  0.0    0  4.3 10 210   M    M   9 1      17 220
 8  57  35  46   2  19   0 0.10    M    0  0.7  9 250   M    M   6 12     11 250
 9  60  34  47   3  18   0 0.00  0.0    0  4.0  9 120   M    M   4        13 270
10  57  37  47   3  18   0 0.33  0.0    0  2.4  8  20   M    M   9 1      12  20
11  49  36  43   0  22   0 0.42  0.0    0  5.1 15 220   M    M   7 12     21 220
12  49  39  44   1  21   0 0.78  0.0    0  6.5 14 140   M    M   9 1      20 130
13  52  45  49   7  16   0 0.77  0.0    0  7.0 12 170   M    M  10 1      19 160
14  57  46  52  10  13   0 0.23  0.0    0  2.9  7  20   M    M   8 1      10  30
15  57  43  50   9  15   0 0.05  0.0    0  3.9  8  20   M    M   8 1      12  20
16  62  39  51  10  14   0    T  0.0    0  8.6 17  40   M    M   5        23  40
17  66  41  54  14  11   0 0.00  0.0    0  6.5 18  40   M    M   7        27  40
18  55  41  48   8  17   0 0.19  0.0    0  1.9  7  20   M    M   9 1       9  30
19  47  36  42   3  23   0 0.13  0.0    0  7.1 16 230   M    M   9 1      23 220
20  47  35  41   2  24   0 0.02  0.0    0  2.1  8  20   M    M  10         9  30
21  50  39  45   7  20   0 0.00  0.0    0  6.5 16  40   M    M   9        27  40
22  46  39  43   5  22   0    T  0.0    0  6.3 13  50   M    M   9        18  40
23  54  33  44   7  21   0 0.00  0.0    0  6.9 14  40   M    M   5        20  70
24  54  28  41   5  24   0 0.00  0.0    0  5.8 12  40   M    M   2        16  20
================================================================================
SM 1319  941       424   0  3.65     0.0 115.2          M      188
================================================================================
AV 55.0 39.2                               4.8 FASTST   M    M   8    MAX(MPH)
                                 MISC ---->  # 18  30               # 30   50
================================================================================
NOTES:
# LAST OF SEVERAL OCCURRENCES

COLUMN 17 PEAK WIND IN M.P.H.

PRELIMINARY LOCAL CLIMATOLOGICAL DATA (WS FORM: F-6) , PAGE 2

                                          STATION:  BETTLES AK
                                          MONTH:    SEPTEMBER
                                          YEAR:     2017
                                          LATITUDE:   66 55 N
                                          LONGITUDE: 151 31 W

[TEMPERATURE DATA]      [PRECIPITATION DATA]       SYMBOLS USED IN COLUMN 16

AVERAGE MONTHLY: 47.1   TOTAL FOR MONTH:   3.65    1 = FOG OR MIST
DPTR FM NORMAL:   4.8   DPTR FM NORMAL:    2.05    2 = FOG REDUCING VISIBILITY
HIGHEST:    66 ON 17    GRTST 24HR  0.78 ON 12-12      TO 1/4 MILE OR LESS
LOWEST:     28 ON 24                               3 = THUNDER
                        SNOW, ICE PELLETS, HAIL    4 = ICE PELLETS
                        TOTAL MONTH:   0.0 INCH    5 = HAIL
                        GRTST 24HR     0.0         6 = FREEZING RAIN OR DRIZZLE
                        GRTST DEPTH:   0           7 = DUSTSTORM OR SANDSTORM:
                                                       VSBY 1/2 MILE OR LESS
                                                   8 = SMOKE OR HAZE
[NO. OF DAYS WITH]      [WEATHER - DAYS WITH]      9 = BLOWING SNOW
                                                   X = TORNADO
MAX 32 OR BELOW:   0    0.01 INCH OR MORE:  15
MAX 90 OR ABOVE:   0    0.10 INCH OR MORE:  10
MIN 32 OR BELOW:   1    0.50 INCH OR MORE:   2
MIN  0 OR BELOW:   0    1.00 INCH OR MORE:   0

[HDD (BASE 65) ]
TOTAL THIS MO.   424    CLEAR  (SCALE 0-3)   1
DPTR FM NORMAL  -122    PTCLDY (SCALE 4-7)   8
TOTAL FM JUL 1   879    CLOUDY (SCALE 8-10) 15
DPTR FM NORMAL  -239

[CDD (BASE 65) ]
TOTAL THIS MO.     0
DPTR FM NORMAL     0    [PRESSURE DATA]
TOTAL FM JAN 1    50    HIGHEST SLP M ON M
DPTR FM NORMAL    14    LOWEST  SLP 29.33 ON 12

[REMARKS]
