000
CXUS51 KBTV 010700
CF6BTV
PRELIMINARY LOCAL CLIMATOLOGICAL DATA (WS FORM: F-6)

                                          STATION:   BURLINGTON VT
                                          MONTH:     APRIL
                                          YEAR:      2016
                                          LATITUDE:   44 28 N
                                          LONGITUDE:  73  9 W

  TEMPERATURE IN F:       :PCPN:    SNOW:  WIND      :SUNSHINE: SKY     :PK WND
================================================================================
1   2   3   4   5  6A  6B    7    8   9   10  11  12  13   14  15   16   17  18
                                     12Z  AVG MX 2MIN
DY MAX MIN AVG DEP HDD CDD  WTR  SNW DPTH SPD SPD DIR MIN PSBL S-S WX    SPD DR
================================================================================

 1  66  45  56  18   9   0 0.10  0.0    0 12.9 26 180   M    M   6 1      38 180
 2  52  34  43   5  22   0 0.06  0.0    0  9.1 25 290   M    M   6        32 290
 3  34  20  27 -12  38   0    T    T    0 18.3 29 320   M    M   7        37 330
 4  29  18  24 -16  41   0    T    T    0  7.3 21 320   M    M   6        25 320
 5  33  14  24 -16  41   0 0.00  0.0    0  6.4 20 330   M    M   1        26 310
 6  39  18  29 -11  36   0 0.09  0.8    0 10.1 24 190   M    M   7 12     33 190
 7  61  35  48   7  17   0 0.32  0.0    1  8.9 21 130   M    M   9 1      29 120
 8  43  28  36  -5  29   0 0.25  0.4    0  7.6 20 260   M    M   8 189    24 320
 9  36  24  30 -12  35   0 0.01  0.2    0  9.4 21 330   M    M   6 1      27  20
10  41  23  32 -10  33   0 0.00  0.0    0  6.9 18 350   M    M   7        24 340
11  50  32  41  -2  24   0 0.01    T    T 16.2 28 190   M    M  10 1      38 180
12  51  39  45   2  20   0 0.20  0.0    0 10.1 24 340   M    M   8 1      29 340
13  47  32  40  -4  25   0 0.00  0.0    0  8.2 16 330   M    M   3 8      19 330
14  52  27  40  -4  25   0 0.00  0.0    0  5.9 20 330   M    M   0        24 330
15  59  28  44  -1  21   0 0.00  0.0    0  6.9 22 330   M    M   1        26 330
16  61  31  46   1  19   0 0.00  0.0    0  5.0 17 310   M    M   3        22 320
17  73  34  54   8  11   0 0.00  0.0    0  3.5 17 360   M    M   2        23 360
18  60  40  50   4  15   0 0.09  0.0    0  8.9 17 340   M    M   6 1      22 330
19  59  39  49   3  16   0 0.07  0.0    0 14.2 22 340   M    M   5 1      29 340
20  56  36  46  -1  19   0 0.00  0.0    0  7.4 17  20   M    M   1        23 360
21  76  32  54   7  11   0    T    M    0  3.5 14 190   M    M   4        18 190
22  71  49  60  12   5   0 0.18    M    0  8.8 18 360   M    M   9 1      26 180
23  53  40  47  -1  18   0    T    M    0 12.8 22 360   M    M   5 1      29 360
24  53  33  43  -6  22   0 0.00  0.0    0  7.1 17 330   M    M   1        21 320
25  52  30  41  -8  24   0 0.00  0.0    0  6.3 17 360   M    M   5        21 350
26  44  31  38 -11  27   0 0.42  2.1    0  5.4 12 320   M    M   7 1      14 340
27  51  27  39 -11  26   0 0.00  0.0    0  5.0 17 330   M    M   1 1      20 320
28  48  27  38 -12  27   0 0.00  0.0    0  6.9 16  20   M    M   3        23 330
29  57  28  43  -8  22   0 0.00  0.0    0  5.3 13 340   M    M   4        18 330
30  61  33  47  -4  18   0 0.00  0.0    0  7.0 18 320   M    M   2        20 320
================================================================================
SM 1568  927       696   0  1.80     3.5 251.3          M      143
================================================================================
AV 52.3 30.9                               8.4 FASTST   M    M   5    MAX(MPH)
                                 MISC ---->  # 29 320               # 38  180
================================================================================
NOTES:
# LAST OF SEVERAL OCCURRENCES

COLUMN 17 PEAK WIND IN M.P.H.

PRELIMINARY LOCAL CLIMATOLOGICAL DATA (WS FORM: F-6) , PAGE 2

                                          STATION:  BURLINGTON VT
                                          MONTH:    APRIL
                                          YEAR:     2016
                                          LATITUDE:   44 28 N
                                          LONGITUDE:  73  9 W

[TEMPERATURE DATA]      [PRECIPITATION DATA]       SYMBOLS USED IN COLUMN 16

AVERAGE MONTHLY: 41.6   TOTAL FOR MONTH:   1.80    1 = FOG OR MIST
DPTR FM NORMAL:  -3.2   DPTR FM NORMAL:   -1.02    2 = FOG REDUCING VISIBILITY
HIGHEST:    76 ON 21    GRTST 24HR  0.57 ON  7- 8      TO 1/4 MILE OR LESS
LOWEST:     14 ON  5                               3 = THUNDER
                        SNOW, ICE PELLETS, HAIL    4 = ICE PELLETS
                        TOTAL MONTH:   3.5 INCHES  5 = HAIL
                        GRTST 24HR   2.1 ON   M    6 = FREEZING RAIN OR DRIZZLE
                        GRTST DEPTH:   1 ON  7     7 = DUSTSTORM OR SANDSTORM:
                                                       VSBY 1/2 MILE OR LESS
                                                   8 = SMOKE OR HAZE
[NO. OF DAYS WITH]      [WEATHER - DAYS WITH]      9 = BLOWING SNOW
                                                   X = TORNADO
MAX 32 OR BELOW:   1    0.01 INCH OR MORE:  12
MAX 90 OR ABOVE:   0    0.10 INCH OR MORE:   6
MIN 32 OR BELOW:  18    0.50 INCH OR MORE:   0
MIN  0 OR BELOW:   0    1.00 INCH OR MORE:   0

[HDD (BASE 65) ]
TOTAL THIS MO.   696    CLEAR  (SCALE 0-3)  10
DPTR FM NORMAL    86    PTCLDY (SCALE 4-7)  16
TOTAL FM JUL 1  5947    CLOUDY (SCALE 8-10)  4
DPTR FM NORMAL -1127

[CDD (BASE 65) ]
TOTAL THIS MO.     0
DPTR FM NORMAL    -2    [PRESSURE DATA]
TOTAL FM JAN 1     0    HIGHEST SLP M ON M
DPTR FM NORMAL    -2    LOWEST  SLP 29.26 ON  3

[REMARKS]
#FINAL-04-16#
