511
CXUS54 KTSA 290840
CF6BVO
PRELIMINARY LOCAL CLIMATOLOGICAL DATA (WS FORM: F-6)

                                          STATION:   BARTLESVILLE OKLAHOMA
                                          MONTH:     AUGUST
                                          YEAR:      2016
                                          LATITUDE:   36 45 N
                                          LONGITUDE:  96  0 W

  TEMPERATURE IN F:       :PCPN:    SNOW:  WIND      :SUNSHINE: SKY     :PK WND
================================================================================
1   2   3   4   5  6A  6B    7    8   9   10  11  12  13   14  15   16   17  18
                                     12Z  AVG MX 2MIN
DY MAX MIN AVG DEP HDD CDD  WTR  SNW DPTH SPD SPD DIR MIN PSBL S-S WX    SPD DR
================================================================================

 1  99  74  87   6   0  22 0.00  0.0    0  6.0 16 200   M    M   0        24 200
 2  99  70  85   4   0  20 0.00  0.0    0  3.3 13 220   M    M   0        17 230
 3 101  74  88   7   0  23 0.00  0.0    0  3.5 12 200   M    M   0        16 190
 4 101  71  86   5   0  21 0.00  0.0    0  4.0 13 220   M    M   0        16 220
 5  94  75  85   4   0  20 0.22  0.0    0  1.8 10 270   M    M   2 13     17 260
 6  85  70  78  -3   0  13 0.74  0.0    0  4.1 12 230   M    M   3 13     19 250
 7  93  73  83   2   0  18 0.00  0.0    0  5.7 16  10   M    M   3        19  10
 8  89  72  81   0   0  16 0.00  0.0    0  3.2  9 110   M    M   2        13 120
 9  96  70  83   2   0  18 0.00  0.0    0  3.4 15 150   M    M   1 18     24 140
10  99  71  85   4   0  20 0.00  0.0    0  5.1 14 150   M    M   0        20 150
11 102  75  89   8   0  24 0.00  0.0    0  5.5 15 210   M    M   0        21 210
12  89  76  83   2   0  18 0.04  0.0    0  2.9 13  10   M    M   4 1      17  10
13  90  68  79  -2   0  14 0.00  0.0    0  6.8 24  10   M    M   0        29  10
14  88  65  77  -4   0  12 0.00  0.0    0  4.2 18  20   M    M   0        25  20
15  87  64  76  -5   0  11 0.00  0.0    0  2.4  9 110   M    M   0        12  80
16  93  58  76  -5   0  11 0.00  0.0    0  1.9 10 130   M    M   1 12     14  80
17  91  60  76  -4   0  11 0.00  0.0    0  3.0 13 150   M    M   2 1      17 150
18  91  67  79  -1   0  14    T  0.0    0  4.6 13 100   M    M   3 1      16 140
19  95  68  82   2   0  17    T  0.0    0  6.9 15 210   M    M   4 1      22 190
20   M   M   M   M   M   M    M    M    M   M   M   M   M    M   M         M  M
21  85  51  68 -12   0   3 0.00  0.0    0  2.0 14  90   M    M   0 1      19 100
22  91  51  71  -9   0   6 0.00  0.0    0  5.7 14 170   M    M   1        22 140
23  87  73  80   0   0  15 0.13  0.0    0  8.6 17 180   M    M   6 138    27 150
24 100  77  89  10   0  24 0.00  0.0    0  8.2 17 210   M    M   1        25 210
25  97  67  82   3   0  17 0.12  0.0    0  5.4 20 150   M    M   3 3      28 170
26  91  68  80   1   0  15 0.01  0.0    0  3.3 14  80   M    M   2 13     28  80
27  95  67  81   2   0  16 0.00  0.0    0  4.0 13 140   M    M   2 13     18 150
28  96  67  82   4   0  17 0.00  0.0    0  2.0 12 140   M    M   1 18     17 140
================================================================================
SM 2524 1842         0 436  1.26     0.0 117.5          M       41
================================================================================
AV 93.5 68.2                               4.4 FASTST   M    M   2    MAX(MPH)
                                 MISC ---->  # 24  10               # 29   10
================================================================================
NOTES:
# LAST OF SEVERAL OCCURRENCES

COLUMN 17 PEAK WIND IN M.P.H.

PRELIMINARY LOCAL CLIMATOLOGICAL DATA (WS FORM: F-6) , PAGE 2

                                          STATION:  BARTLESVILLE OKLAHOMA
                                          MONTH:    AUGUST
                                          YEAR:     2016
                                          LATITUDE:   36 45 N
                                          LONGITUDE:  96  0 W

[TEMPERATURE DATA]      [PRECIPITATION DATA]       SYMBOLS USED IN COLUMN 16

AVERAGE MONTHLY: 80.9   TOTAL FOR MONTH:   1.26    1 = FOG OR MIST
DPTR FM NORMAL:   0.5   DPTR FM NORMAL:   -1.52    2 = FOG REDUCING VISIBILITY
HIGHEST:   102 ON 11    GRTST 24HR  0.83 ON  5- 6      TO 1/4 MILE OR LESS
LOWEST:     51 ON 22,21                            3 = THUNDER
                        SNOW, ICE PELLETS, HAIL    4 = ICE PELLETS
                        TOTAL MONTH:   0.0 INCH    5 = HAIL
                        GRTST 24HR     0.0         6 = FREEZING RAIN OR DRIZZLE
                        GRTST DEPTH:   0           7 = DUSTSTORM OR SANDSTORM:
                                                       VSBY 1/2 MILE OR LESS
                                                   8 = SMOKE OR HAZE
[NO. OF DAYS WITH]      [WEATHER - DAYS WITH]      9 = BLOWING SNOW
                                                   X = TORNADO
MAX 32 OR BELOW:   0    0.01 INCH OR MORE:   6
MAX 90 OR ABOVE:  20    0.10 INCH OR MORE:   4
MIN 32 OR BELOW:   0    0.50 INCH OR MORE:   1
MIN  0 OR BELOW:   0    1.00 INCH OR MORE:   0

[HDD (BASE 65) ]
TOTAL THIS MO.     0    CLEAR  (SCALE 0-3)  22
DPTR FM NORMAL     0    PTCLDY (SCALE 4-7)   5
TOTAL FM JUL 1     0    CLOUDY (SCALE 8-10)  0
DPTR FM NORMAL     0

[CDD (BASE 65) ]
TOTAL THIS MO.   436
DPTR FM NORMAL     6    [PRESSURE DATA]
TOTAL FM JAN 1  1520    HIGHEST SLP M ON M
DPTR FM NORMAL    71    LOWEST  SLP 29.73 ON 19

[REMARKS]
