000
CXUS54 KTSA 250840
CF6BVO
PRELIMINARY LOCAL CLIMATOLOGICAL DATA (WS FORM: F-6)

                                          STATION:   BARTLESVILLE OKLAHOMA
                                          MONTH:     MAY
                                          YEAR:      2015
                                          LATITUDE:   36 45 N
                                          LONGITUDE:  96  0 W

  TEMPERATURE IN F:       :PCPN:    SNOW:  WIND      :SUNSHINE: SKY     :PK WND
================================================================================
1   2   3   4   5  6A  6B    7    8   9   10  11  12  13   14  15   16   17  18
                                     12Z  AVG MX 2MIN
DY MAX MIN AVG DEP HDD CDD  WTR  SNW DPTH SPD SPD DIR MIN PSBL S-S WX    SPD DR
================================================================================

 1  78  40  59  -5   6   0 0.00  0.0    0  2.1 13 140   M    M   0        17 140
 2  82  44  63  -1   2   0 0.00  0.0    0  6.3 16 170   M    M   0        22 170
 3  85  56  71   7   0   6 0.00  0.0    0  9.1 23 200   M    M   0        33 200
 4  84  55  70   5   0   5 0.00  0.0    0  7.2 20 220   M    M   1        26 180
 5  79  51  65   0   0   0 0.16  0.0    0  7.3 22 150   M    M   4 1      28 150
 6  78  60  69   4   0   4 0.14  0.0    0 12.1 23 170   M    M   5 1      33 170
 7  85  65  75  10   0  10 0.01  0.0    0  6.3 15 210   M    M   5 13     23 230
 8  81  60  71   5   0   6 0.48  0.0    0  3.7 30 110   M    M   7 123    39 110
 9  74  60  67   1   0   2 0.20  0.0    0  5.6 22 140   M    M   7 13     32 120
10  76  58  67   1   0   2 0.01  0.0    0  6.8 17 190   M    M   5 13     27 200
11  70  44  57  -9   8   0 0.00  0.0    0  3.2 13 260   M    M   1        18 290
12  70  41  56 -11   9   0 0.00  0.0    0  3.4 13  80   M    M   0        16  80
13  63  43  53 -14  12   0 0.81    M    0  6.3 15 130   M    M   7 1      21 140
14  80  57  69   2   0   4 0.35  0.0    0  7.6 18 210   M    M   7 13     24 210
15  79  61  70   2   0   5 0.21  0.0    0  7.1 20 160   M    M   5 123    28 170
16  83  63  73   5   0   8 1.44  0.0    0  9.0 28 240   M    M   7 13     45 260
17  83  64  74   6   0   9 0.00  0.0    0  7.2 17 180   M    M   3        23 180
18  79  58  69   1   0   4 0.00  0.0    0  7.4 17  10   M    M   2 12     22  20
19  63  54  59  -9   6   0 0.40  0.0    0  9.0 18  90   M    M   7 1      25  60
20  62  53  58 -11   7   0 0.20  0.0    0  4.0 16  10   M    M  10 1      22  10
21  65  45  55 -14  10   0 0.00  0.0    0  3.7 15  70   M    M   4        18  80
22  63  45  54 -15  11   0 0.10    M    0  4.2 14 150   M    M   7 1      18 160
23  71  57  64  -6   1   0 1.85  0.0    0  6.6 16 140   M    M   9 13     23 130
24  69  60  65  -5   0   0 0.42  0.0    0  3.7 10 160   M    M   9 1      17 160
================================================================================
SM 1802 1294        72  65  6.78     0.0 148.9          M      112
================================================================================
AV 75.1 53.9                               6.2 FASTST   M    M   5    MAX(MPH)
                                 MISC ---->  # 30 110               # 45  260
================================================================================
NOTES:
# LAST OF SEVERAL OCCURRENCES

COLUMN 17 PEAK WIND IN M.P.H.

PRELIMINARY LOCAL CLIMATOLOGICAL DATA (WS FORM: F-6) , PAGE 2

                                          STATION:  BARTLESVILLE OKLAHOMA
                                          MONTH:    MAY
                                          YEAR:     2015
                                          LATITUDE:   36 45 N
                                          LONGITUDE:  96  0 W

[TEMPERATURE DATA]      [PRECIPITATION DATA]       SYMBOLS USED IN COLUMN 16

AVERAGE MONTHLY: 64.5   TOTAL FOR MONTH:   6.78    1 = FOG OR MIST
DPTR FM NORMAL:  -2.3   DPTR FM NORMAL:    2.68    2 = FOG REDUCING VISIBILITY
HIGHEST:    85 ON  7, 3 GRTST 24HR  1.95 ON 23-24      TO 1/4 MILE OR LESS
LOWEST:     40 ON  1                               3 = THUNDER
                        SNOW, ICE PELLETS, HAIL    4 = ICE PELLETS
                        TOTAL MONTH:   0.0 INCH    5 = HAIL
                        GRTST 24HR     0.0         6 = FREEZING RAIN OR DRIZZLE
                        GRTST DEPTH:   0           7 = DUSTSTORM OR SANDSTORM:
                                                       VSBY 1/2 MILE OR LESS
                                                   8 = SMOKE OR HAZE
[NO. OF DAYS WITH]      [WEATHER - DAYS WITH]      9 = BLOWING SNOW
                                                   X = TORNADO
MAX 32 OR BELOW:   0    0.01 INCH OR MORE:  15
MAX 90 OR ABOVE:   0    0.10 INCH OR MORE:  13
MIN 32 OR BELOW:   0    0.50 INCH OR MORE:   3
MIN  0 OR BELOW:   0    1.00 INCH OR MORE:   2

[HDD (BASE 65) ]
TOTAL THIS MO.    72    CLEAR  (SCALE 0-3)   8
DPTR FM NORMAL    24    PTCLDY (SCALE 4-7)  13
TOTAL FM JUL 1  4175    CLOUDY (SCALE 8-10)  3
DPTR FM NORMAL   114

[CDD (BASE 65) ]
TOTAL THIS MO.    65
DPTR FM NORMAL   -26    [PRESSURE DATA]
TOTAL FM JAN 1   114    HIGHEST SLP M ON M
DPTR FM NORMAL   -22    LOWEST  SLP 29.64 ON  9

[REMARKS]
