000
CXUS53 KLMK 280800
CF6BWG
PRELIMINARY LOCAL CLIMATOLOGICAL DATA (WS FORM: F-6)

                                          STATION:   BOWLING GREEN KY
                                          MONTH:     AUGUST
                                          YEAR:      2016
                                          LATITUDE:   36 58 N
                                          LONGITUDE:  86 26 W

  TEMPERATURE IN F:       :PCPN:    SNOW:  WIND      :SUNSHINE: SKY     :PK WND
================================================================================
1   2   3   4   5  6A  6B    7    8   9   10  11  12  13   14  15   16   17  18
                                     12Z  AVG MX 2MIN
DY MAX MIN AVG DEP HDD CDD  WTR  SNW DPTH SPD SPD DIR MIN PSBL S-S WX    SPD DR
================================================================================

 1  90  73  82   4   0  17 0.05  0.0    0  5.7 22 240   M    M   2 13     29 240
 2  90  73  82   4   0  17 0.00  0.0    0  1.3  9  30   M    M   6 18     13  20
 3  91  73  82   4   0  17 0.00  0.0    0  3.4 15 260   M    M   1 18     17 270
 4  91  74  83   5   0  18 0.26  0.0    0  3.4 13 280   M    M   5 1238   16 240
 5  92  72  82   4   0  17 0.39  0.0    0  3.0 23  40   M    M   3 13     38 340
 6  89  74  82   4   0  17 0.57  0.0    0  2.5 14 160   M    M   6 13     18  40
 7  89  72  81   3   0  16 0.00  0.0    0  4.6 13  40   M    M   4        17  50
 8  89  68  79   1   0  14 0.00  0.0    0  3.0 12  50   M    M   1        14  50
 9  92  73  83   5   0  18 0.13  0.0    0  3.3 17 220   M    M   4 13     20 210
10  91  76  84   6   0  19 0.00  0.0    0  5.7 15 170   M    M   4 1      22 140
11  90  76  83   5   0  18 0.00  0.0    0  5.9 16 150   M    M   5        21 140
12  92  77  85   7   0  20 0.00  0.0    0  7.8 20 200   M    M   7        24 210
13  87  74  81   3   0  16 0.07  0.0    0  9.3 23 200   M    M   7 18     27 210
14  89  72  81   3   0  16 0.15  0.0    0  6.0 16 270   M    M   3 13     22 270
15  92  73  83   5   0  18 0.02  0.0    0  7.3 18 200   M    M   1 13     26 200
16  87  73  80   2   0  15 0.23  0.0    0  6.8 16 240   M    M   4 138    21 230
17  83  73  78   0   0  13 0.61  0.0    0  4.2 16 280   M    M   7 13     19 270
18  82  74  78   0   0  13 0.47  0.0    0  3.6 12 210   M    M   7 1      16 220
19  84  73  79   1   0  14 0.00  0.0    0  5.6 12 160   M    M   5        15 180
20  86  72  79   2   0  14 1.19  0.0    0  8.7 18 220   M    M   6 13     24 220
21  83  63  73  -4   0   8 0.62  0.0    0  3.3 13 290   M    M   5 1      19 300
22  83  60  72  -5   0   7 0.00  0.0    0  2.4  9  40   M    M   1 12     14  20
23  86  59  73  -4   0   8 0.00  0.0    0  2.2  9 150   M    M   1 12     12 310
24  92  69  81   4   0  16 0.00  0.0    0  6.4 17 180   M    M   1        22 200
25  94  74  84   7   0  19 0.00  0.0    0  4.3 15 220   M    M   1        20 270
26  94  73  84   8   0  19 0.00  0.0    0  2.8 17 250   M    M   1 18     24 260
27  93  72  83   7   0  18 0.00  0.0    0  3.0 16 230   M    M   2        20 230
================================================================================
SM 2401 1935         0 422  4.76     0.0 125.5          M      100
================================================================================
AV 88.9 71.7                               4.6 FASTST   M    M   4    MAX(MPH)
                                 MISC ---->  # 23  40               # 38  340
================================================================================
NOTES:
# LAST OF SEVERAL OCCURRENCES

COLUMN 17 PEAK WIND IN M.P.H.

PRELIMINARY LOCAL CLIMATOLOGICAL DATA (WS FORM: F-6) , PAGE 2

                                          STATION:  BOWLING GREEN KY
                                          MONTH:    AUGUST
                                          YEAR:     2016
                                          LATITUDE:   36 58 N
                                          LONGITUDE:  86 26 W

[TEMPERATURE DATA]      [PRECIPITATION DATA]       SYMBOLS USED IN COLUMN 16

AVERAGE MONTHLY: 80.3   TOTAL FOR MONTH:   4.76    1 = FOG OR MIST
DPTR FM NORMAL:   2.7   DPTR FM NORMAL:    1.91    2 = FOG REDUCING VISIBILITY
HIGHEST:    94 ON 26,25 GRTST 24HR  1.81 ON 20-21      TO 1/4 MILE OR LESS
LOWEST:     59 ON 23                               3 = THUNDER
                        SNOW, ICE PELLETS, HAIL    4 = ICE PELLETS
                        TOTAL MONTH:   0.0 INCH    5 = HAIL
                        GRTST 24HR     0.0         6 = FREEZING RAIN OR DRIZZLE
                        GRTST DEPTH:   0           7 = DUSTSTORM OR SANDSTORM:
                                                       VSBY 1/2 MILE OR LESS
                                                   8 = SMOKE OR HAZE
[NO. OF DAYS WITH]      [WEATHER - DAYS WITH]      9 = BLOWING SNOW
                                                   X = TORNADO
MAX 32 OR BELOW:   0    0.01 INCH OR MORE:  13
MAX 90 OR ABOVE:  14    0.10 INCH OR MORE:  10
MIN 32 OR BELOW:   0    0.50 INCH OR MORE:   4
MIN  0 OR BELOW:   0    1.00 INCH OR MORE:   1

[HDD (BASE 65) ]
TOTAL THIS MO.     0    CLEAR  (SCALE 0-3)  12
DPTR FM NORMAL     0    PTCLDY (SCALE 4-7)  15
TOTAL FM JUL 1     0    CLOUDY (SCALE 8-10)  0
DPTR FM NORMAL     0

[CDD (BASE 65) ]
TOTAL THIS MO.   422
DPTR FM NORMAL    79    [PRESSURE DATA]
TOTAL FM JAN 1  1489    HIGHEST SLP M ON M
DPTR FM NORMAL   265    LOWEST  SLP 29.76 ON 20

[REMARKS]
