000
CXUS55 KCAE 281400
CF6CAE
PRELIMINARY LOCAL CLIMATOLOGICAL DATA (WS FORM: F-6)

                                          STATION:   COLUMBIA METRO AIRPORT SC
                                          MONTH:     FEBRUARY
                                          YEAR:      2015
                                          LATITUDE:   33 57 N
                                          LONGITUDE:  81  7 W

  TEMPERATURE IN F:       :PCPN:    SNOW:  WIND      :SUNSHINE: SKY     :PK WND
================================================================================
1   2   3   4   5  6A  6B    7    8   9   10  11  12  13   14  15   16   17  18
                                     12Z  AVG MX 2MIN
DY MAX MIN AVG DEP HDD CDD  WTR  SNW DPTH SPD SPD DIR MIN PSBL S-S WX    SPD DR
================================================================================

 1  67  38  53   7  12   0    T  0.0    0  7.2 23 190   M    M   9        29 180
 2  61  35  48   2  17   0 0.64  0.0    0 16.4 39 280   M    M   5 1      50 280
 3  50  25  38  -8  27   0 0.00  0.0    0  2.0 12 100   M    M   4        15 100
 4  55  28  42  -5  23   0    T  0.0    0  2.1  9 130   M    M   7 18     13  70
 5  60  36  48   1  17   0 0.01  0.0    0  6.8 20  20   M    M   5        27 330
 6  51  26  39  -8  26   0 0.00  0.0    0  4.1 10  90   M    M   3        15  50
 7  65  26  46  -1  19   0 0.00  0.0    0  6.3 18 250   M    M   1        24 230
 8  71  38  55   8  10   0 0.00  0.0    0  8.1 22 250   M    M   0        30 240
 9  68  44  56   9   9   0 0.18  0.0    0  5.4 14 260   M    M   9 12     17 250
10  56  38  47  -1  18   0    T  0.0    0  8.4 20  20   M    M   7 12     27  20
11  59  36  48   0  17   0 0.00  0.0    0  3.9 15 280   M    M   0 1      18 290
12  64  33  49   1  16   0 0.00  0.0    0  9.9 35 270   M    M   1 1      43 270
13  45  26  36 -12  29   0 0.00  0.0    0  4.1 10 360   M    M   3        14  40
14  60  25  43  -5  22   0 0.00  0.0    0 12.5 29 280   M    M   0        37 270
15  54  28  41  -7  24   0 0.00  0.0    0  8.2 36 300   M    M   2        46 300
16  42  30  36 -13  29   0 0.25  0.0    0  8.7 15  70   M    M   8 18     17  70
17  39  33  36 -13  29   0 0.48  0.0    0  4.7 14 350   M    M   9 1      19  10
18  50  29  40  -9  25   0 0.00  0.0    0 13.8 36 270   M    M   6 18     48 280
19  34  19  27 -22  38   0 0.00  0.0    0 11.5 22 270   M    M   1        28 260
20  38  12  25 -25  40   0 0.00  0.0    0  3.0  9 110   M    M   2        12 360
21  66  30  48  -2  17   0    T    T    0  9.2 26 190   M    M   8 4      32 180
22  65  51  58   8   7   0 0.89  0.0    0  3.9 16 240   M    M  10 1      22 250
23  59  43  51   1  14   0 0.50  0.0    0  7.5 16  40   M    M  10 1      21  30
24  43  32  38 -12  27   0 0.14    T    0  6.1 15  70   M    M  10 146    18  70
25  41  34  38 -13  27   0 1.45  0.0    0  5.8 17  80   M    M  10 148    20  60
26  44  34  39 -12  26   0 0.20  0.0    0  5.5 14  60   M    M   9 1      18  70
27  56  34  45  -6  20   0 0.00  0.0    0  1.7 10  70   M    M   7 18     14  70
================================================================================
SM 1463  863       585   0  4.74    T    186.8          M      146
================================================================================
AV 54.2 32.0                               6.9 FASTST   M    M   5    MAX(MPH)
                                 MISC ---->  # 39 280               # 50  280
================================================================================
NOTES:
# LAST OF SEVERAL OCCURRENCES

COLUMN 17 PEAK WIND IN M.P.H.

PRELIMINARY LOCAL CLIMATOLOGICAL DATA (WS FORM: F-6) , PAGE 2

                                          STATION:  COLUMBIA METRO AIRPORT SC
                                          MONTH:    FEBRUARY
                                          YEAR:     2015
                                          LATITUDE:   33 57 N
                                          LONGITUDE:  81  7 W

[TEMPERATURE DATA]      [PRECIPITATION DATA]       SYMBOLS USED IN COLUMN 16

AVERAGE MONTHLY: 43.1   TOTAL FOR MONTH:   4.74    1 = FOG OR MIST
DPTR FM NORMAL:  -5.3   DPTR FM NORMAL:    1.26    2 = FOG REDUCING VISIBILITY
HIGHEST:    71 ON  8    GRTST 24HR  1.65 ON 25-26      TO 1/4 MILE OR LESS
LOWEST:     12 ON 20                               3 = THUNDER
                        SNOW, ICE PELLETS, HAIL    4 = ICE PELLETS
                        TOTAL MONTH:    T          5 = HAIL
                        GRTST 24HR    T  ON 24-24  6 = FREEZING RAIN OR DRIZZLE
                        GRTST DEPTH:   0           7 = DUSTSTORM OR SANDSTORM:
                                                       VSBY 1/2 MILE OR LESS
                                                   8 = SMOKE OR HAZE
[NO. OF DAYS WITH]      [WEATHER - DAYS WITH]      9 = BLOWING SNOW
                                                   X = TORNADO
MAX 32 OR BELOW:   0    0.01 INCH OR MORE:  10
MAX 90 OR ABOVE:   0    0.10 INCH OR MORE:   9
MIN 32 OR BELOW:  13    0.50 INCH OR MORE:   4
MIN  0 OR BELOW:   0    1.00 INCH OR MORE:   1

[HDD (BASE 65) ]
TOTAL THIS MO.   585    CLEAR  (SCALE 0-3)  10
DPTR FM NORMAL   135    PTCLDY (SCALE 4-7)   9
TOTAL FM JUL 1  2168    CLOUDY (SCALE 8-10)  8
DPTR FM NORMAL    82

[CDD (BASE 65) ]
TOTAL THIS MO.     0
DPTR FM NORMAL     0    [PRESSURE DATA]
TOTAL FM JAN 1     0    HIGHEST SLP M ON M
DPTR FM NORMAL    -1    LOWEST  SLP 29.61 ON 26

[REMARKS]
