000
CXUS55 KCAE 181400
CF6CAE
PRELIMINARY LOCAL CLIMATOLOGICAL DATA (WS FORM: F-6)

                                          STATION:   COLUMBIA METRO AIRPORT SC
                                          MONTH:     NOVEMBER
                                          YEAR:      2017
                                          LATITUDE:   33 57 N
                                          LONGITUDE:  81  7 W

  TEMPERATURE IN F:       :PCPN:    SNOW:  WIND      :SUNSHINE: SKY     :PK WND
================================================================================
1   2   3   4   5  6A  6B    7    8   9   10  11  12  13   14  15   16   17  18
                                     12Z  AVG MX 2MIN
DY MAX MIN AVG DEP HDD CDD  WTR  SNW DPTH SPD SPD DIR MIN PSBL S-S WX    SPD DR
================================================================================

 1  79  44  62   3   3   0 0.00  0.0    0  4.2 14 170   M    M   3        18 180
 2  81  56  69  10   0   4 0.00  0.0    0  2.2  9 180   M    M   5        14 180
 3  85  52  69  11   0   4 0.00  0.0    0  3.2 14 270   M    M   0 18     16 270
 4  84  57  71  13   0   6 0.02  0.0    0  3.5 13 260   M    M   4 1      17 120
 5  72  56  64   6   1   0 0.00  0.0    0  2.1  9 100   M    M   7 12     16  90
 6  81  57  69  11   0   4 0.00  0.0    0  1.9  9 260   M    M   8 128    12 250
 7  84  60  72  15   0   7 0.08  0.0    0  4.8 15 260   M    M   6 18     18 220
 8  70  50  60   3   5   0 0.01  0.0    0  6.6 15  30   M    M   9 1      21  60
 9  53  49  51  -6  14   0 0.56  0.0    0  4.7 10  30   M    M  10 1      14  50
10  68  41  55  -1  10   0 0.00  0.0    0  4.1 12  60   M    M   2 12     16  50
11  55  39  47  -9  18   0 0.00  0.0    0  9.7 18  60   M    M   5        27  30
12  57  43  50  -6  15   0 0.02  0.0    0  6.3 12  20   M    M   9        17 200
13  63  46  55  -1  10   0 0.33  0.0    0  3.7  9 320   M    M   5 128    14 330
14  61  37  49  -6  16   0 0.00  0.0    0  5.4 14  60   M    M   3        18  50
15  59  40  50  -5  15   0 0.00  0.0    0  5.0 14  80   M    M   3        18  90
16  71  37  54  -1  11   0 0.00  0.0    0  2.3 12 280   M    M   2 18     19 320
17  66  35  51  -3  14   0 0.00  0.0    0  2.0 12 100   M    M   1 1      14 100
================================================================================
SM 1189  799       132  25  1.02     0.0  71.7          M       82
================================================================================
AV 69.9 47.0                               4.2 FASTST   M    M   5    MAX(MPH)
                                 MISC ---->  # 18  60               # 27   30
================================================================================
NOTES:
# LAST OF SEVERAL OCCURRENCES

COLUMN 17 PEAK WIND IN M.P.H.

PRELIMINARY LOCAL CLIMATOLOGICAL DATA (WS FORM: F-6) , PAGE 2

                                          STATION:  COLUMBIA METRO AIRPORT SC
                                          MONTH:    NOVEMBER
                                          YEAR:     2017
                                          LATITUDE:   33 57 N
                                          LONGITUDE:  81  7 W

[TEMPERATURE DATA]      [PRECIPITATION DATA]       SYMBOLS USED IN COLUMN 16

AVERAGE MONTHLY: 58.5   TOTAL FOR MONTH:   1.02    1 = FOG OR MIST
DPTR FM NORMAL:   1.8   DPTR FM NORMAL:   -0.47    2 = FOG REDUCING VISIBILITY
HIGHEST:    85 ON  3    GRTST 24HR  0.56 ON  9- 9      TO 1/4 MILE OR LESS
LOWEST:     35 ON 17                               3 = THUNDER
                        SNOW, ICE PELLETS, HAIL    4 = ICE PELLETS
                        TOTAL MONTH:   0.0 INCH    5 = HAIL
                        GRTST 24HR     0.0         6 = FREEZING RAIN OR DRIZZLE
                        GRTST DEPTH:   0           7 = DUSTSTORM OR SANDSTORM:
                                                       VSBY 1/2 MILE OR LESS
                                                   8 = SMOKE OR HAZE
[NO. OF DAYS WITH]      [WEATHER - DAYS WITH]      9 = BLOWING SNOW
                                                   X = TORNADO
MAX 32 OR BELOW:   0    0.01 INCH OR MORE:   6
MAX 90 OR ABOVE:   0    0.10 INCH OR MORE:   2
MIN 32 OR BELOW:   0    0.50 INCH OR MORE:   1
MIN  0 OR BELOW:   0    1.00 INCH OR MORE:   0

[HDD (BASE 65) ]
TOTAL THIS MO.   132    CLEAR  (SCALE 0-3)   6
DPTR FM NORMAL   -19    PTCLDY (SCALE 4-7)   8
TOTAL FM JUL 1   210    CLOUDY (SCALE 8-10)  3
DPTR FM NORMAL   -61

[CDD (BASE 65) ]
TOTAL THIS MO.    25
DPTR FM NORMAL    11    [PRESSURE DATA]
TOTAL FM JAN 1  2684    HIGHEST SLP M ON M
DPTR FM NORMAL   518    LOWEST  SLP 29.90 ON  7

[REMARKS]
