000
CXUS55 KGJT 011000
CF6CAG
PRELIMINARY LOCAL CLIMATOLOGICAL DATA (WS FORM: F-6)

                                          STATION:   CRAIG CO
                                          MONTH:     SEPTEMBER
                                          YEAR:      2014
                                          LATITUDE:   40 30 N
                                          LONGITUDE: 107 32 W

  TEMPERATURE IN F:       :PCPN:    SNOW:  WIND      :SUNSHINE: SKY     :PK WND
================================================================================
1   2   3   4   5  6A  6B    7    8   9   10  11  12  13   14  15   16   17  18
                                     12Z  AVG MX 2MIN
DY MAX MIN AVG DEP HDD CDD  WTR  SNW DPTH SPD SPD DIR MIN PSBL S-S WX    SPD DR
================================================================================

 1  76  39  58  -3   7   0 0.00    M    M  5.6 23 260   M    M   0        29 270
 2  84  36  60   0   5   0 0.00    M    M  4.8 26 270   M    M   0        34 260
 3  87  44  66   6   0   1 0.00    M    M  7.3 25 220   M    M   1        32 220
 4  81  39  60   0   5   0    T    M    M  3.6 22 210   M    M   2        27 210
 5  78  44  61   1   4   0    T    M    M  6.7 22 160   M    M   1        27 160
 6  81  40  61   2   4   0 0.00    M    M  2.7 10 220   M    M   0        15 320
 7  79  41  60   1   5   0    T    M    M  6.6 20 200   M    M   2        24 200
 8  74  42  58   0   7   0 0.01    M    M  3.5 20 180   M    M   4        24 180
 9  60  52  56  -2   9   0 0.62    M    M  4.0 13 330   M    M   9 1      16 330
10  71  41  56  -2   9   0    T    M    M  5.8 24 260   M    M   4        31 260
11  75  34  55  -2  10   0 0.00    M    M  9.5 28 270   M    M   1 1      41 250
12  64  29  47 -10  18   0 0.00    M    M  2.0 12 280   M    M   1        13 280
13  77  30  54  -3  11   0 0.00    M    M  3.4 18 240   M    M   0        22 240
14  83  36  60   4   5   0 0.00    M    M  6.3 25 280   M    M   1        31 290
15  83  37  60   4   5   0 0.00    M    M  2.8 21 200   M    M   2        26 200
16  84  38  61   6   4   0 0.00    M    M  2.7 12 240   M    M   1        16 290
17  86  40  63   8   2   0 0.00    M    M  2.9 12 250   M    M   0        14 290
18  87  37  62   7   3   0 0.00    M    M  2.6 16 270   M    M   1        19 270
19  83  42  63   9   2   0 0.00    M    M  4.5 15 290   M    M   1        19 290
20  82  37  60   6   5   0 0.00    M    M  2.3  8 230   M    M   0        10 240
21  69  38  54   1  11   0 0.13    M    M  4.9 24 290   M    M   4 1      32 280
22  73  49  61   8   4   0 0.13    M    M  5.1 22 250   M    M   6 1      29 260
23  75  46  61   9   4   0    T    M    M  4.6 18 270   M    M   6        22 280
24  81  39  60   8   5   0 0.00    M    M  2.4 13  70   M    M   0 1      15  60
25  85  39  62  10   3   0 0.00    M    M  3.5 17 290   M    M   0        21 290
26  86  39  63  12   2   0 0.00    M    M  3.7 16 270   M    M   0        21 210
27  82  42  62  11   3   0 0.22    M    M  4.1 28 190   M    M   2 3      33 200
28  61  45  53   3  12   0 0.54    M    M  6.9 31 250   M    M   8 1      38 250
29  60  41  51   1  14   0 0.01    M    M  7.9 20 280   M    M   5 3      24 280
30  58  43  51   1  14   0 0.16    M    M  8.8 22 270   M    M   9 13     27 260
================================================================================
SM 2305 1199       192   1  1.82    M    141.5          M       71
================================================================================
AV 76.8 40.0                               4.7 FASTST   M    M   2    MAX(MPH)
                                 MISC ---->  # 31 250               # 41  250
================================================================================
NOTES:
# LAST OF SEVERAL OCCURRENCES

COLUMN 17 PEAK WIND IN M.P.H.

PRELIMINARY LOCAL CLIMATOLOGICAL DATA (WS FORM: F-6) , PAGE 2

                                          STATION:  CRAIG CO
                                          MONTH:    SEPTEMBER
                                          YEAR:     2014
                                          LATITUDE:   40 30 N
                                          LONGITUDE: 107 32 W

[TEMPERATURE DATA]      [PRECIPITATION DATA]       SYMBOLS USED IN COLUMN 16

AVERAGE MONTHLY: 58.4   TOTAL FOR MONTH:   1.82    1 = FOG OR MIST
DPTR FM NORMAL:   2.9   DPTR FM NORMAL:   -0.08    2 = FOG REDUCING VISIBILITY
HIGHEST:    87 ON 18, 3 GRTST 24HR  0.63 ON  8- 9      TO 1/4 MILE OR LESS
LOWEST:     29 ON 12                               3 = THUNDER
                        SNOW, ICE PELLETS, HAIL    4 = ICE PELLETS
                        TOTAL MONTH:    M          5 = HAIL
                        GRTST 24HR    M  ON   M    6 = FREEZING RAIN OR DRIZZLE
                        GRTST DEPTH:  M  ON   M    7 = DUSTSTORM OR SANDSTORM:
                                                       VSBY 1/2 MILE OR LESS
                                                   8 = SMOKE OR HAZE
[NO. OF DAYS WITH]      [WEATHER - DAYS WITH]      9 = BLOWING SNOW
                                                   X = TORNADO
MAX 32 OR BELOW:   0    0.01 INCH OR MORE:   8
MAX 90 OR ABOVE:   0    0.10 INCH OR MORE:   6
MIN 32 OR BELOW:   2    0.50 INCH OR MORE:   2
MIN  0 OR BELOW:   0    1.00 INCH OR MORE:   0

[HDD (BASE 65) ]
TOTAL THIS MO.   192    CLEAR  (SCALE 0-3)  21
DPTR FM NORMAL   -96    PTCLDY (SCALE 4-7)   7
TOTAL FM JUL 1   295    CLOUDY (SCALE 8-10)  2
DPTR FM NORMAL   -70

[CDD (BASE 65) ]
TOTAL THIS MO.     1
DPTR FM NORMAL    -1    [PRESSURE DATA]
TOTAL FM JAN 1    71    HIGHEST SLP 30.42 ON 12
DPTR FM NORMAL   -71    LOWEST  SLP 29.70 ON  3

[REMARKS]
#FINAL-09-14#
