000
CXUS56 KEKA 271230
CF6CEC
PRELIMINARY LOCAL CLIMATOLOGICAL DATA (WS FORM: F-6)

                                          STATION:   CRESCENT CITY CA
                                          MONTH:     JULY
                                          YEAR:      2015
                                          LATITUDE:   41 46 N
                                          LONGITUDE: 124 14 W

  TEMPERATURE IN F:       :PCPN:    SNOW:  WIND      :SUNSHINE: SKY     :PK WND
================================================================================
1   2   3   4   5  6A  6B    7    8   9   10  11  12  13   14  15   16   17  18
                                     12Z  AVG MX 2MIN
DY MAX MIN AVG DEP HDD CDD  WTR  SNW DPTH SPD SPD DIR MIN PSBL S-S WX    SPD DR
================================================================================

 1  62  53  58   2   7   0 0.00  0.0    0  6.9 20 160   M    M   7 28     25 160
 2  63  52  58   2   7   0 0.00  0.0    0  7.7 20 180   M    M   9 28     22 180
 3  62  52  57   1   8   0 0.00  0.0    0  5.1 14 190   M    M   6 28     16 160
 4  62  55  59   3   6   0 0.00  0.0    0  4.5 10 190   M    M   6 28     14 190
 5  64  54  59   3   6   0 0.00  0.0    0 10.9 17 190   M    M   9 18     21 190
 6  65  56  61   5   4   0 0.00  0.0    0  7.0 15 190   M    M   8 18     17 180
 7  64  53  59   3   6   0 0.00  0.0    0  5.2 12 320   M    M   4 1      15 320
 8  62  55  59   3   6   0 0.07  0.0    0  4.6 13 170   M    M   7 1      16 180
 9  63  57  60   4   5   0    T  0.0    0  4.1  9 170   M    M  10 1      11 170
10  65  58  62   6   3   0 0.00  0.0    0  5.8 12 180   M    M  10        14 180
11  68  57  63   7   2   0 0.00  0.0    0  4.9 13 180   M    M   6        16 180
12  67  56  62   6   3   0 0.00  0.0    0  3.5 12 190   M    M   3 2      14 190
13  66  52  59   3   6   0 0.00  0.0    0  5.8 15 330   M    M   9 2      20 320
14  66  58  62   6   3   0 0.00  0.0    0  9.6 23 340   M    M   6 18     34 340
15  67  52  60   4   5   0 0.00  0.0    0 10.8 24 350   M    M   4 1      34 350
16  65  55  60   4   5   0 0.00  0.0    0 20.8 32 340   M    M   0 8      44 330
17  65  54  60   4   5   0 0.00  0.0    0 14.7 24 340   M    M   0 18     34 330
18  65  53  59   3   6   0 0.00  0.0    0  5.9 15 180   M    M   3 1      18 170
19  66  53  60   4   5   0 0.00  0.0    0  5.8 13 330   M    M   1 18     16 340
20  63  53  58   2   7   0 0.00  0.0    0  7.4 14 160   M    M   9 2      18 160
21  65  56  61   5   4   0 0.00  0.0    0  7.7 18 330   M    M   6 1      25 330
22  64  52  58   2   7   0 0.00  0.0    0  9.3 22 340   M    M   4        29 340
23  68  53  61   5   4   0 0.00  0.0    0  4.1 15 170   M    M   2        20 170
24  67  55  61   5   4   0 0.00  0.0    0  4.3 10 320   M    M   5 1      14 280
25  70  57  64   8   1   0 0.00  0.0    0  5.5 12 330   M    M   5 18     16 340
26  68  54  61   4   4   0 0.00  0.0    0 10.1 24 320   M    M   2 18     32 320
================================================================================
SM 1692 1415       129   0  0.07     0.0 192.0          M      141
================================================================================
AV 65.1 54.4                               7.4 FASTST   M    M   5    MAX(MPH)
                                 MISC ---->  # 32 340               # 44  330
================================================================================
NOTES:
# LAST OF SEVERAL OCCURRENCES

COLUMN 17 PEAK WIND IN M.P.H.

PRELIMINARY LOCAL CLIMATOLOGICAL DATA (WS FORM: F-6) , PAGE 2

                                          STATION:  CRESCENT CITY CA
                                          MONTH:    JULY
                                          YEAR:     2015
                                          LATITUDE:   41 46 N
                                          LONGITUDE: 124 14 W

[TEMPERATURE DATA]      [PRECIPITATION DATA]       SYMBOLS USED IN COLUMN 16

AVERAGE MONTHLY: 59.8   TOTAL FOR MONTH:   0.07    1 = FOG OR MIST
DPTR FM NORMAL:   3.7   DPTR FM NORMAL:   -0.31    2 = FOG REDUCING VISIBILITY
HIGHEST:    70 ON 25    GRTST 24HR  0.07 ON  8- 8      TO 1/4 MILE OR LESS
LOWEST:     52 ON 22,15                            3 = THUNDER
                        SNOW, ICE PELLETS, HAIL    4 = ICE PELLETS
                        TOTAL MONTH:   0.0 INCH    5 = HAIL
                        GRTST 24HR     0.0         6 = FREEZING RAIN OR DRIZZLE
                        GRTST DEPTH:   0           7 = DUSTSTORM OR SANDSTORM:
                                                       VSBY 1/2 MILE OR LESS
                                                   8 = SMOKE OR HAZE
[NO. OF DAYS WITH]      [WEATHER - DAYS WITH]      9 = BLOWING SNOW
                                                   X = TORNADO
MAX 32 OR BELOW:   0    0.01 INCH OR MORE:   1
MAX 90 OR ABOVE:   0    0.10 INCH OR MORE:   0
MIN 32 OR BELOW:   0    0.50 INCH OR MORE:   0
MIN  0 OR BELOW:   0    1.00 INCH OR MORE:   0

[HDD (BASE 65) ]
TOTAL THIS MO.   129    CLEAR  (SCALE 0-3)   5
DPTR FM NORMAL  -103    PTCLDY (SCALE 4-7)  15
TOTAL FM JUL 1   129    CLOUDY (SCALE 8-10)  6
DPTR FM NORMAL  -103

[CDD (BASE 65) ]
TOTAL THIS MO.     0
DPTR FM NORMAL     0    [PRESSURE DATA]
TOTAL FM JAN 1     0    HIGHEST SLP M ON M
DPTR FM NORMAL     0    LOWEST  SLP 29.75 ON 17

[REMARKS]
