000
CXUS55 KPAH 280632
CF6CGI
PRELIMINARY LOCAL CLIMATOLOGICAL DATA (WS FORM: F-6)

                                          STATION:   CAPE GIRARDEAU MO
                                          MONTH:     DECEMBER
                                          YEAR:      2014
                                          LATITUDE:   37 13 N
                                          LONGITUDE:  89 35 W

  TEMPERATURE IN F:       :PCPN:    SNOW:  WIND      :SUNSHINE: SKY     :PK WND
================================================================================
1   2   3   4   5  6A  6B    7    8   9   10  11  12  13   14  15   16   17  18
                                     12Z  AVG MX 2MIN
DY MAX MIN AVG DEP HDD CDD  WTR  SNW DPTH SPD SPD DIR MIN PSBL S-S WX    SPD DR
================================================================================

 1  42  30  36  -4  29   0 0.27  0.0    0 14.4 23  10   M    M  10 16     30 360
 2  36  29  33  -7  32   0 0.00  0.0    0  6.6 12 210   M    M  10 1      14 210
 3  47  32  40   1  25   0 0.00  0.0    0  2.4  9 250   M    M   4 8      11 260
 4  42  39  41   2  24   0 0.22    M    0  4.4 12  80   M    M  10 1      15  70
 5  55  41  48   9  17   0 0.72    M    0  3.6 17 350   M    M  10 12     23 330
 6  48  40  44   6  21   0    T    M    0 14.3 24 350   M    M  10 18     31 350
 7  44  37  41   3  24   0 0.00  0.0    0  4.6 15  50   M    M   5 1      17  60
 8  51  31  41   3  24   0    T    M    0  3.7 14 250   M    M   5 18     16 250
 9  42  29  36  -1  29   0 0.00  0.0    0 10.6 23 350   M    M   8 12     27 360
10  38  31  35  -2  30   0 0.00  0.0    0  6.0 10  20   M    M  10        13  20
11  41  27  34  -3  31   0 0.00  0.0    0  3.9 10  20   M    M   5 1      12  20
12  50  28  39   3  26   0 0.00  0.0    0  3.3 12 210   M    M   6 1      14 210
13  50  43  47  11  18   0 0.00  0.0    0  4.2  9 220   M    M  10 18     12 210
14  59  47  53  17  12   0 0.00  0.0    0  6.5 13 180   M    M   7 18     17 160
15   M   M   M   M   M   M 0.39    M    0 11.5 23 261   M    M   7 18     28 140
16   M   M   M   M   M   M 0.00  0.0    M 12.2 23 270   M    M  10        29 270
17  39  30  35   0  30   0 0.07    M    0  3.9 12 330   M    M   7 1      15 310
18  36  33  35   0  30   0 0.12    M    0  4.0  8  70   M    M   9 1       9  90
19  39  33  36   1  29   0 0.00  0.0    0  5.2 12  30   M    M  10        14  30
20  43  33  38   3  27   0 0.00  0.0    0  2.3  7  70   M    M  10         9  70
21  46  28  37   3  28   0 0.00  0.0    0  4.2 10 110   M    M   6 18     12 110
22  54  41  48  14  17   0 0.39  0.0    0 10.5 22 160   M    M  10 1      26 150
23  53  42  48  14  17   0 0.04  0.0    0  4.4 13 230   M    M   8 12     17 210
24  46  39  43   9  22   0 0.13  0.0    0  9.8 21 320   M    M  10 1      26 320
25  49  34  42   8  23   0 0.00  0.0    0 10.3 21 180   M    M   2        26 180
26  53  36  45  11  20   0 0.00  0.0    0  9.8 21 210   M    M   6        25 210
27  50  37  44  10  21   0 0.46    M    0  7.5 18 340   M    M  10 1      23 350
================================================================================
SM 1153  870       606   0  2.81     0.0 184.1          M      215
================================================================================
AV 46.1 34.8                               6.8 FASTST   M    M   8    MAX(MPH)
                                 MISC ---->  # 24 350               # 31  350
================================================================================
NOTES:
# LAST OF SEVERAL OCCURRENCES

COLUMN 17 PEAK WIND IN M.P.H.

PRELIMINARY LOCAL CLIMATOLOGICAL DATA (WS FORM: F-6) , PAGE 2

                                          STATION:  CAPE GIRARDEAU MO
                                          MONTH:    DECEMBER
                                          YEAR:     2014
                                          LATITUDE:   37 13 N
                                          LONGITUDE:  89 35 W

[TEMPERATURE DATA]      [PRECIPITATION DATA]       SYMBOLS USED IN COLUMN 16

AVERAGE MONTHLY: 40.5   TOTAL FOR MONTH:   2.81    1 = FOG OR MIST
DPTR FM NORMAL:   4.2   DPTR FM NORMAL:   -0.96    2 = FOG REDUCING VISIBILITY
HIGHEST:    59 ON 14    GRTST 24HR  0.72 ON  5- 5      TO 1/4 MILE OR LESS
LOWEST:     27 ON 11                               3 = THUNDER
                        SNOW, ICE PELLETS, HAIL    4 = ICE PELLETS
                        TOTAL MONTH:   0.0 INCH    5 = HAIL
                        GRTST 24HR     0.0         6 = FREEZING RAIN OR DRIZZLE
                        GRTST DEPTH:   0           7 = DUSTSTORM OR SANDSTORM:
                                                       VSBY 1/2 MILE OR LESS
                                                   8 = SMOKE OR HAZE
[NO. OF DAYS WITH]      [WEATHER - DAYS WITH]      9 = BLOWING SNOW
                                                   X = TORNADO
MAX 32 OR BELOW:   0    0.01 INCH OR MORE:  10
MAX 90 OR ABOVE:   0    0.10 INCH OR MORE:   8
MIN 32 OR BELOW:  10    0.50 INCH OR MORE:   1
MIN  0 OR BELOW:   0    1.00 INCH OR MORE:   0

[HDD (BASE 65) ]
TOTAL THIS MO.   606    CLEAR  (SCALE 0-3)   1
DPTR FM NORMAL  -167    PTCLDY (SCALE 4-7)  11
TOTAL FM JUL 1  1602    CLOUDY (SCALE 8-10) 15
DPTR FM NORMAL   -22

[CDD (BASE 65) ]
TOTAL THIS MO.     0
DPTR FM NORMAL     0    [PRESSURE DATA]
TOTAL FM JAN 1  1424    HIGHEST SLP M ON M
DPTR FM NORMAL   -29    LOWEST  SLP 29.56 ON 24

[REMARKS]
