000
CXUS51 KLWX 290620
CF6CHO
PRELIMINARY LOCAL CLIMATOLOGICAL DATA (WS FORM: F-6)

                                          STATION:   CHARLOTTESVILLE VA
                                          MONTH:     MAY
                                          YEAR:      2016
                                          LATITUDE:   38  7 N
                                          LONGITUDE:  78 27 W

  TEMPERATURE IN F:       :PCPN:    SNOW:  WIND      :SUNSHINE: SKY     :PK WND
================================================================================
1   2   3   4   5  6A  6B    7    8   9   10  11  12  13   14  15   16   17  18
                                     12Z  AVG MX 2MIN
DY MAX MIN AVG DEP HDD CDD  WTR  SNW DPTH SPD SPD DIR MIN PSBL S-S WX    SPD DR
================================================================================

 1  69  53  61   2   4   0 0.69    M    M  5.1 16 140   M    M   9 13     19 140
 2  87  60  74  14   0   9 0.24    M    M  4.6 18 190   M    M   6 1238   25 200
 3  77  59  68   8   0   3 0.33    M    M  3.2 18 330   M    M   7 13     24 360
 4  67  56  62   2   3   0 0.20    M    M  4.6 12  30   M    M   9 1238   15  90
 5  56  51  54  -6  11   0 0.56    M    M  7.8 15  40   M    M  10 1      20  40
 6  59  49  54  -6  11   0 0.26    M    M  3.0 10 320   M    M  10 1      17 350
 7  69  48  59  -2   6   0    T    M    M  2.9  9 160   M    M   5        13  50
 8  76  52  64   3   1   0 0.01    M    M  5.0 15 340   M    M   2 1      23 350
 9  63  51  57  -4   8   0    T    M    M  2.3  8  20   M    M   4        12  10
10  63  55  59  -3   6   0 0.14    M    M  4.0 10  50   M    M   8 138    14  50
11  67  59  63   1   2   0 0.09    M    M  3.3 10  30   M    M  10 18     13  50
12  67  59  63   1   2   0 0.07    M    M  1.7 18 150   M    M  10 128    21 150
13  80  57  69   7   0   4 0.05    M    M  4.9 13 350   M    M   6 12     17 350
14  75  52  64   2   1   0 0.17    M    M  6.5 22 320   M    M   3 1      32 340
15  62  45  54  -9  11   0 0.00    M    M  7.5 17 310   M    M   4        29 330
16  68  38  53 -10  12   0 0.00    M    M  4.4 14 190   M    M   0        18 200
17  57  51  54  -9  11   0 0.42    M    M  3.5 10  40   M    M  10 18     12  40
18  62  53  58  -6   7   0    T    M    M  3.7 13  30   M    M  10 1      18  60
19  70  51  61  -3   4   0 0.00    M    M  1.5  9  20   M    M   6 18     12  20
20  73  46  60  -4   5   0    T    M    M  3.7 14 160   M    M   3        23 110
21  63  54  59  -5   6   0 1.25    M    M  6.9 16  30   M    M  10 1      20  30
22  63  54  59  -6   6   0 0.20    M    M  3.3 12  20   M    M   9 1      19  10
23  71  54  63  -2   2   0 0.34    M    M  3.2 15 120   M    M   6 13     21 110
24  84  55  70   5   0   5 0.00    M    M  3.3 14 350   M    M   4        20 360
25  86  55  71   5   0   6 0.00    M    M  3.8 12 190   M    M   0        14 180
26  87  60  74   8   0   9 0.00    M    M  4.7 14 190   M    M   2        17 190
27  87  66  77  11   0  12 0.00    M    M  5.7 13 190   M    M   2        17 190
28  88  67  78  11   0  13 0.00    M    M  6.9 14 170   M    M   0        21 180
================================================================================
SM 1996 1510       119  61  5.02    M    121.0          M      165
================================================================================
AV 71.3 53.9                               4.3 FASTST   M    M   6    MAX(MPH)
                                 MISC ---->  # 22 320               # 32  340
================================================================================
NOTES:
# LAST OF SEVERAL OCCURRENCES

COLUMN 17 PEAK WIND IN M.P.H.

PRELIMINARY LOCAL CLIMATOLOGICAL DATA (WS FORM: F-6) , PAGE 2

                                          STATION:  CHARLOTTESVILLE VA
                                          MONTH:    MAY
                                          YEAR:     2016
                                          LATITUDE:   38  7 N
                                          LONGITUDE:  78 27 W

[TEMPERATURE DATA]      [PRECIPITATION DATA]       SYMBOLS USED IN COLUMN 16

AVERAGE MONTHLY: 62.6   TOTAL FOR MONTH:   5.02    1 = FOG OR MIST
DPTR FM NORMAL:  -0.1   DPTR FM NORMAL:    1.50    2 = FOG REDUCING VISIBILITY
HIGHEST:    88 ON 28    GRTST 24HR  1.25 ON 21-21      TO 1/4 MILE OR LESS
LOWEST:     38 ON 16                               3 = THUNDER
                        SNOW, ICE PELLETS, HAIL    4 = ICE PELLETS
                        TOTAL MONTH:    M          5 = HAIL
                        GRTST 24HR    M  ON   M    6 = FREEZING RAIN OR DRIZZLE
                        GRTST DEPTH:  M  ON   M    7 = DUSTSTORM OR SANDSTORM:
                                                       VSBY 1/2 MILE OR LESS
                                                   8 = SMOKE OR HAZE
[NO. OF DAYS WITH]      [WEATHER - DAYS WITH]      9 = BLOWING SNOW
                                                   X = TORNADO
MAX 32 OR BELOW:   0    0.01 INCH OR MORE:  16
MAX 90 OR ABOVE:   0    0.10 INCH OR MORE:  12
MIN 32 OR BELOW:   0    0.50 INCH OR MORE:   3
MIN  0 OR BELOW:   0    1.00 INCH OR MORE:   1

[HDD (BASE 65) ]
TOTAL THIS MO.   119    CLEAR  (SCALE 0-3)   8
DPTR FM NORMAL     3    PTCLDY (SCALE 4-7)   9
TOTAL FM JUL 1  3480    CLOUDY (SCALE 8-10) 11
DPTR FM NORMAL  -948

[CDD (BASE 65) ]
TOTAL THIS MO.    61
DPTR FM NORMAL     8    [PRESSURE DATA]
TOTAL FM JAN 1    88    HIGHEST SLP M ON M
DPTR FM NORMAL    14    LOWEST  SLP 29.62 ON  5

[REMARKS]
