000
CXUS51 KLWX 280620
CF6CHO
PRELIMINARY LOCAL CLIMATOLOGICAL DATA (WS FORM: F-6)

                                          STATION:   CHARLOTTESVILLE VA
                                          MONTH:     AUGUST
                                          YEAR:      2014
                                          LATITUDE:   38  7 N
                                          LONGITUDE:  78 27 W

  TEMPERATURE IN F:       :PCPN:    SNOW:  WIND      :SUNSHINE: SKY     :PK WND
================================================================================
1   2   3   4   5  6A  6B    7    8   9   10  11  12  13   14  15   16   17  18
                                     12Z  AVG MX 2MIN
DY MAX MIN AVG DEP HDD CDD  WTR  SNW DPTH SPD SPD DIR MIN PSBL S-S WX    SPD DR
================================================================================

 1  75  64  70  -5   0   5 0.06    M    M  2.7 13 140   M    M   8 1      17 140
 2  76  62  69  -6   0   4    T    M    M  2.8 10 150   M    M   9 1      14 120
 3  84  66  75   0   0  10 0.00    M    M  3.8 13 190   M    M   4 1      15 170
 4  86  62  74  -1   0   9 0.00    M    M  2.8  9  50   M    M   2 1      12 150
 5  89  62  76   1   0  11 0.00    M    M  2.2 12 170   M    M   3 1      14 160
 6  86  64  75   0   0  10 0.00    M    M  3.1 14  30   M    M   3 18     19  20
 7  85  62  74  -1   0   9 0.00    M    M  3.5 13  70   M    M   3 18     18  30
 8  83  60  72  -3   0   7 0.00    M    M  2.4 13 170   M    M   5 18     17 180
 9  78  62  70  -5   0   5 0.00    M    M  4.0 10 200   M    M   6 18     14 170
10  83  60  72  -3   0   7 0.00    M    M  2.3 12 180   M    M   6 18     16 180
11  73  64  69  -6   0   4 0.19    M    M  3.0  9 180   M    M   9 18     15 180
12  79  66  73  -1   0   8 1.09    M    M  3.2 15 190   M    M  10 138    20 180
13  82  60  71  -3   0   6 0.00    M    M  4.8 14 330   M    M   3 138    20 270
14  82  54  68  -6   0   3 0.00    M    M  4.6 14 260   M    M   1        19 210
15  81  52  67  -7   0   2 0.00    M    M  4.3 14 180   M    M   2 1      20 180
16  82  53  68  -6   0   3 0.00    M    M  3.1 13 200   M    M   0 1      17 180
17  83  68  76   2   0  11 0.01    M    M  3.5 10 210   M    M   6 1      14 200
18  79  67  73  -1   0   8    T    M    M  2.9  8  40   M    M   6 18     10  10
19  84  69  77   3   0  12 0.00    M    M  3.3 12  60   M    M   8 18     17  60
20  86  67  77   3   0  12 1.40    M    M  6.0 22  90   M    M   8 1238   36  70
21  85  64  75   1   0  10    T    M    M  2.6  9 280   M    M   6 12     13 210
22  81  68  75   1   0  10 0.41    M    M  2.6  9 350   M    M   6 1      21  90
23  76  66  71  -2   0   6 1.12    M    M  5.0 17  50   M    M  10 1      22  40
24  76  63  70  -3   0   5 0.05    M    M  4.8 13  40   M    M   8 1      17  30
25  79  56  68  -5   0   3 0.00    M    M  4.4 13  60   M    M   1 12     18  70
26  83  55  69  -4   0   4 0.00    M    M  2.2  9 120   M    M   0 1      13 110
27  86  56  71  -2   0   6 0.00    M    M  1.4  6 180   M    M   0 1       9  10
================================================================================
SM 2202 1672         0 190  4.33    M     91.3          M      133
================================================================================
AV 81.6 61.9                               3.4 FASTST   M    M   5    MAX(MPH)
                                 MISC ---->  # 22  90               # 36   70
================================================================================
NOTES:
# LAST OF SEVERAL OCCURRENCES

COLUMN 17 PEAK WIND IN M.P.H.

PRELIMINARY LOCAL CLIMATOLOGICAL DATA (WS FORM: F-6) , PAGE 2

                                          STATION:  CHARLOTTESVILLE VA
                                          MONTH:    AUGUST
                                          YEAR:     2014
                                          LATITUDE:   38  7 N
                                          LONGITUDE:  78 27 W

[TEMPERATURE DATA]      [PRECIPITATION DATA]       SYMBOLS USED IN COLUMN 16

AVERAGE MONTHLY: 71.7   TOTAL FOR MONTH:   4.33    1 = FOG OR MIST
DPTR FM NORMAL:  -2.5   DPTR FM NORMAL:    1.06    2 = FOG REDUCING VISIBILITY
HIGHEST:    89 ON  5    GRTST 24HR  1.49 ON 22-23      TO 1/4 MILE OR LESS
LOWEST:     52 ON 15                               3 = THUNDER
                        SNOW, ICE PELLETS, HAIL    4 = ICE PELLETS
                        TOTAL MONTH:    M          5 = HAIL
                        GRTST 24HR    M  ON   M    6 = FREEZING RAIN OR DRIZZLE
                        GRTST DEPTH:  M  ON   M    7 = DUSTSTORM OR SANDSTORM:
                                                       VSBY 1/2 MILE OR LESS
                                                   8 = SMOKE OR HAZE
[NO. OF DAYS WITH]      [WEATHER - DAYS WITH]      9 = BLOWING SNOW
                                                   X = TORNADO
MAX 32 OR BELOW:   0    0.01 INCH OR MORE:   8
MAX 90 OR ABOVE:   0    0.10 INCH OR MORE:   5
MIN 32 OR BELOW:   0    0.50 INCH OR MORE:   3
MIN  0 OR BELOW:   0    1.00 INCH OR MORE:   3

[HDD (BASE 65) ]
TOTAL THIS MO.     0    CLEAR  (SCALE 0-3)  11
DPTR FM NORMAL     0    PTCLDY (SCALE 4-7)  12
TOTAL FM JUL 1     0    CLOUDY (SCALE 8-10)  4
DPTR FM NORMAL    -1

[CDD (BASE 65) ]
TOTAL THIS MO.   190
DPTR FM NORMAL   -60    [PRESSURE DATA]
TOTAL FM JAN 1   883    HIGHEST SLP M ON M
DPTR FM NORMAL     3    LOWEST  SLP 29.74 ON 13

[REMARKS]
