000
CXUS52 KCHS 280915
CF6CHS
PRELIMINARY LOCAL CLIMATOLOGICAL DATA (WS FORM: F-6)

                                          STATION:   NORTH CHARLESTON SC
                                          MONTH:     JULY
                                          YEAR:      2014
                                          LATITUDE:   32 54 N
                                          LONGITUDE:  80  2 W

  TEMPERATURE IN F:       :PCPN:    SNOW:  WIND      :SUNSHINE: SKY     :PK WND
================================================================================
1   2   3   4   5  6A  6B    7    8   9   10  11  12  13   14  15   16   17  18
                                     12Z  AVG MX 2MIN
DY MAX MIN AVG DEP HDD CDD  WTR  SNW DPTH SPD SPD DIR MIN PSBL S-S WX    SPD DR
================================================================================

 1  93  73  83   2   0  18 0.00  0.0    0  4.8 16 140   M    M   4        20 150
 2  93  76  85   4   0  20 0.00  0.0    0  6.9 20 160   M    M   3        24 150
 3  88  75  82   0   0  17 0.16  0.0    0 12.0 26 350   M    M   7 1      36 350
 4  94  75  85   3   0  20    T  0.0    0  4.4 14 270   M    M   4        21 230
 5  87  74  81  -1   0  16 0.00  0.0    0 10.2 22  90   M    M   6        29  70
 6  85  73  79  -3   0  14    T  0.0    0  7.1 14 160   M    M   6        21  50
 7  92  71  82   0   0  17 0.00  0.0    0  6.3 20 200   M    M   4        24 210
 8  96  78  87   5   0  22 0.00  0.0    0  9.8 20 210   M    M   2        24 210
 9  97  78  88   6   0  23 0.00  0.0    0  9.8 21 190   M    M   3        28 200
10  94  78  86   4   0  21    T  0.0    0  9.5 20 180   M    M   5        25 210
11  88  74  81  -1   0  16 0.95  0.0    0  2.9 24 150   M    M   7 13     29 150
12  87  74  81  -1   0  16 1.05  0.0    0  3.8 20  80   M    M   5 13     24 110
13  88  73  81  -1   0  16 1.01  0.0    0  4.2 24 210   M    M   5 13     30 210
14  95  76  86   4   0  21 0.35  0.0    0  8.1 25 290   M    M   6 13     33 290
15  93  75  84   2   0  19 0.39  0.0    0  9.9 32 250   M    M   5 13     45 250
16  91  74  83   1   0  18 0.34  0.0    0  4.5 17 120   M    M   7 13     22 130
17  89  73  81  -1   0  16 0.00  0.0    0  6.3 14 120   M    M   6        24  50
18  89  73  81  -1   0  16 0.00  0.0    0  6.2 15 100   M    M   5        22 120
19  88  72  80  -2   0  15 0.00  0.0    0  4.6 13 350   M    M   6        86 210
20  88  76  82   0   0  17 0.39  0.0    0  4.3 21 240   M    M   6 138    24 240
21  88  76  82   0   0  17    T  0.0    0  4.5 12  90   M    M   8 3      39  60
22  88  76  82   0   0  17 0.02  0.0    0  5.1 28 240   M    M   7 1238   70 210
23  94  74  84   2   0  19 0.29  0.0    0  3.6 15 180   M    M   5 13    163  90
24  95  78  87   5   0  22 0.00  0.0    0  9.1 17 220   M    M   2        22 200
25  93  74  84   2   0  19 0.41  0.0    0  6.3 25 320   M    M   5 13     30 330
26  94  73  84   2   0  19 0.00  0.0    0  4.6 14 210   M    M   4        16 210
27  95  80  88   6   0  23 0.00  0.0    0  8.1 17 230   M    M   4 1      38 270
================================================================================
SM 2462 2022         0 494  5.36     0.0 176.9          M      137
================================================================================
AV 91.2 74.9                               6.6 FASTST   M    M   5    MAX(MPH)
                                 MISC ---->  # 32 250               #163   90
================================================================================
NOTES:
# LAST OF SEVERAL OCCURRENCES

COLUMN 17 PEAK WIND IN M.P.H.

PRELIMINARY LOCAL CLIMATOLOGICAL DATA (WS FORM: F-6) , PAGE 2

                                          STATION:  NORTH CHARLESTON SC
                                          MONTH:    JULY
                                          YEAR:     2014
                                          LATITUDE:   32 54 N
                                          LONGITUDE:  80  2 W

[TEMPERATURE DATA]      [PRECIPITATION DATA]       SYMBOLS USED IN COLUMN 16

AVERAGE MONTHLY: 83.0   TOTAL FOR MONTH:   5.36    1 = FOG OR MIST
DPTR FM NORMAL:   1.1   DPTR FM NORMAL:   -0.35    2 = FOG REDUCING VISIBILITY
HIGHEST:    97 ON  9    GRTST 24HR  2.00 ON 11-12      TO 1/4 MILE OR LESS
LOWEST:     71 ON  7                               3 = THUNDER
                        SNOW, ICE PELLETS, HAIL    4 = ICE PELLETS
                        TOTAL MONTH:   0.0 INCH    5 = HAIL
                        GRTST 24HR     0.0         6 = FREEZING RAIN OR DRIZZLE
                        GRTST DEPTH:   0           7 = DUSTSTORM OR SANDSTORM:
                                                       VSBY 1/2 MILE OR LESS
                                                   8 = SMOKE OR HAZE
[NO. OF DAYS WITH]      [WEATHER - DAYS WITH]      9 = BLOWING SNOW
                                                   X = TORNADO
MAX 32 OR BELOW:   0    0.01 INCH OR MORE:  11
MAX 90 OR ABOVE:  15    0.10 INCH OR MORE:  10
MIN 32 OR BELOW:   0    0.50 INCH OR MORE:   3
MIN  0 OR BELOW:   0    1.00 INCH OR MORE:   2

[HDD (BASE 65) ]
TOTAL THIS MO.     0    CLEAR  (SCALE 0-3)   4
DPTR FM NORMAL     0    PTCLDY (SCALE 4-7)  22
TOTAL FM JUL 1     0    CLOUDY (SCALE 8-10)  1
DPTR FM NORMAL     0

[CDD (BASE 65) ]
TOTAL THIS MO.   494
DPTR FM NORMAL    38    [PRESSURE DATA]
TOTAL FM JAN 1  1522    HIGHEST SLP M ON M
DPTR FM NORMAL   283    LOWEST  SLP 29.79 ON  3

[REMARKS]
