000
CXUS52 KCHS 210915
CF6CHS
PRELIMINARY LOCAL CLIMATOLOGICAL DATA (WS FORM: F-6)

                                          STATION:   NORTH CHARLESTON SC
                                          MONTH:     DECEMBER
                                          YEAR:      2014
                                          LATITUDE:   32 54 N
                                          LONGITUDE:  80  2 W

  TEMPERATURE IN F:       :PCPN:    SNOW:  WIND      :SUNSHINE: SKY     :PK WND
================================================================================
1   2   3   4   5  6A  6B    7    8   9   10  11  12  13   14  15   16   17  18
                                     12Z  AVG MX 2MIN
DY MAX MIN AVG DEP HDD CDD  WTR  SNW DPTH SPD SPD DIR MIN PSBL S-S WX    SPD DR
================================================================================

 1  76  45  61   7   4   0 0.00  0.0    0  3.2 13 230   M    M   1 1      16 230
 2  69  52  61   7   4   0 0.12  0.0    0  3.3 12  30   M    M   8 1      20  80
 3  72  54  63   9   2   0 0.00  0.0    0  3.0  8 330   M    M   9 12     18 280
 4  67  52  60   6   5   0 0.00  0.0    0  4.6 10  70   M    M   8 128    15  60
 5  65  49  57   4   8   0 0.00  0.0    0  5.1 13  40   M    M   6 1      15  40
 6  74  51  63  10   2   0 0.03  0.0    0  4.7 14 210   M    M   7 18     17 210
 7  64  47  56   3   9   0 0.00  0.0    0 14.4 24  20   M    M   8 1      31  20
 8  48  43  46  -6  19   0 0.11    M    0 12.2 20  10   M    M   9 1      24  20
 9  56  42  49  -3  16   0 0.00  0.0    0 10.4 17 320   M    M   8        22 330
10  57  37  47  -5  18   0 0.00  0.0    0  7.5 16 290   M    M   1        22 320
11  57  31  44  -8  21   0 0.00  0.0    0  2.1  9 300   M    M   1        22 270
12  61  27  44  -8  21   0 0.00  0.0    0  2.9 10 270   M    M   0        14 310
13  67  30  49  -2  16   0 0.00  0.0    0  1.7  9 270   M    M   0        12 270
14  69  33  51   0  14   0 0.00  0.0    0  1.4  9 150   M    M   0        10 130
15  69  36  53   2  12   0 0.00  0.0    0  3.1 13 150   M    M   2 1      16 160
16  72  37  55   4  10   0    T  0.0    0  7.4 20 210   M    M   2 1      24 210
17  65  42  54   4  11   0 0.00  0.0    0  4.1 10 300   M    M   2        14 290
18  63  39  51   1  14   0 0.00  0.0    0  2.1  9 150   M    M   4 1      13 150
19  61  40  51   1  14   0 0.00  0.0    0  2.9  9 120   M    M   6 1      21 270
20  54  47  51   1  14   0 0.10    M    0  7.0 14  40   M    M  10 1      17  40
================================================================================
SM 1286  834       234   0  0.36     0.0 103.1          M       92
================================================================================
AV 64.3 41.7                               5.2 FASTST   M    M   5    MAX(MPH)
                                 MISC ---->  # 24  20               # 31   20
================================================================================
NOTES:
# LAST OF SEVERAL OCCURRENCES

COLUMN 17 PEAK WIND IN M.P.H.

PRELIMINARY LOCAL CLIMATOLOGICAL DATA (WS FORM: F-6) , PAGE 2

                                          STATION:  NORTH CHARLESTON SC
                                          MONTH:    DECEMBER
                                          YEAR:     2014
                                          LATITUDE:   32 54 N
                                          LONGITUDE:  80  2 W

[TEMPERATURE DATA]      [PRECIPITATION DATA]       SYMBOLS USED IN COLUMN 16

AVERAGE MONTHLY: 53.0   TOTAL FOR MONTH:   0.36    1 = FOG OR MIST
DPTR FM NORMAL:   1.0   DPTR FM NORMAL:   -1.57    2 = FOG REDUCING VISIBILITY
HIGHEST:    76 ON  1    GRTST 24HR  0.12 ON  2- 2      TO 1/4 MILE OR LESS
LOWEST:     27 ON 12                               3 = THUNDER
                        SNOW, ICE PELLETS, HAIL    4 = ICE PELLETS
                        TOTAL MONTH:   0.0 INCH    5 = HAIL
                        GRTST 24HR     0.0         6 = FREEZING RAIN OR DRIZZLE
                        GRTST DEPTH:   0           7 = DUSTSTORM OR SANDSTORM:
                                                       VSBY 1/2 MILE OR LESS
                                                   8 = SMOKE OR HAZE
[NO. OF DAYS WITH]      [WEATHER - DAYS WITH]      9 = BLOWING SNOW
                                                   X = TORNADO
MAX 32 OR BELOW:   0    0.01 INCH OR MORE:   4
MAX 90 OR ABOVE:   0    0.10 INCH OR MORE:   3
MIN 32 OR BELOW:   3    0.50 INCH OR MORE:   0
MIN  0 OR BELOW:   0    1.00 INCH OR MORE:   0

[HDD (BASE 65) ]
TOTAL THIS MO.   234    CLEAR  (SCALE 0-3)   9
DPTR FM NORMAL   -33    PTCLDY (SCALE 4-7)   5
TOTAL FM JUL 1   572    CLOUDY (SCALE 8-10)  6
DPTR FM NORMAL    13

[CDD (BASE 65) ]
TOTAL THIS MO.     0
DPTR FM NORMAL     0    [PRESSURE DATA]
TOTAL FM JAN 1  2769    HIGHEST SLP M ON M
DPTR FM NORMAL   472    LOWEST  SLP 29.93 ON  9

[REMARKS]
