000
CXUS51 KCLE 271004
CF6CLE
PRELIMINARY LOCAL CLIMATOLOGICAL DATA (WS FORM: F-6)

                                          STATION:   CLEVELAND OH
                                          MONTH:     NOVEMBER
                                          YEAR:      2014
                                          LATITUDE:   41 24 N
                                          LONGITUDE:  81 51 W

  TEMPERATURE IN F:       :PCPN:    SNOW:  WIND      :SUNSHINE: SKY     :PK WND
================================================================================
1   2   3   4   5  6A  6B    7    8   9   10  11  12  13   14  15   16   17  18
                                     12Z  AVG MX 2MIN
DY MAX MIN AVG DEP HDD CDD  WTR  SNW DPTH SPD SPD DIR MIN PSBL S-S WX    SPD DR
================================================================================

 1  44  37  41  -8  24   0 0.70    T    0 20.1 29  10   M    M   9 1      39  20
 2  44  33  39 -10  26   0 0.00  0.0    0 10.1 25  10   M    M   7        32  10
 3  62  32  47  -1  18   0 0.00  0.0    0 10.7 23 240   M    M   7        29 230
 4  65  49  57   9   8   0 0.08  0.0    0 14.6 31 250   M    M   8 1      36 230
 5  58  40  49   1  16   0 0.00  0.0    0  9.9 21 250   M    M   6        25 240
 6  50  40  45  -3  20   0 0.57  0.0    0  7.9 25 340   M    M  10 1      36 340
 7  45  29  37 -10  28   0 0.01  0.0    0 12.4 26 340   M    M   8        34 340
 8  46  31  39  -8  26   0 0.02  0.0    0 12.0 22 260   M    M   9 1      28 190
 9  48  37  43  -3  22   0 0.01  0.0    0 10.4 21 240   M    M   9 1      26 200
10  60  43  52   6  13   0 0.00  0.0    0 10.8 21 160   M    M   8        25 160
11  66  42  54   8  11   0 0.03  0.0    0 13.7 28 210   M    M   5 1      36 210
12  42  32  37  -8  28   0    T  0.0    0 12.3 23 260   M    M  10 1      30 260
13  33  27  30 -15  35   0 0.27  3.6    0 10.6 22 280   M    M  10 1      27 280
14  32  22  27 -18  38   0 0.22  3.3    3 10.5 18 260   M    M   9 18     25 270
15  33  25  29 -15  36   0 0.00  0.0    4  7.8 18 240   M    M   6        21 230
16  34  28  31 -13  34   0 0.07  0.7    2  5.4 13 210   M    M  10 18     15 200
17  32  14  23 -21  42   0 0.17  1.8    3 12.4 33 250   M    M   9 1289   44 270
18  18  10  14 -29  51   0    T    T    3 20.9 32 250   M    M   4 8      41 250
19  34  12  23 -20  42   0    T    T    2 16.3 33 260   M    M   8        42 250
20  27  21  24 -18  41   0 0.05  0.9    2 18.4 30 240   M    M   8 9      37 240
21  24  16  20 -22  45   0 0.10  2.1    4  8.6 17 290   M    M   6        22 270
22  49  16  33  -8  32   0 0.16  0.0    3 13.6 20 200   M    M   8 8      26 210
23  58  44  51  10  14   0 0.20  0.0    0 12.6 25 150   M    M  10 1      35 150
24  63  39  51  11  14   0 0.14  0.0    0 23.2 48 230   M    M  10 18     64 220
25  39  31  35  -5  30   0 0.00  0.0    0 14.7 26 240   M    M   9        37 220
26  37  31  34  -6  31   0 0.00  0.0    0  4.2 10 100   M    M  10        12 100
================================================================================
SM 1143  781       725   0  2.80    12.4 324.1          M      213
================================================================================
AV 44.0 30.0                              12.5 FASTST   M    M   8    MAX(MPH)
                                 MISC ---->  # 48 230               # 64  220
================================================================================
NOTES:
# LAST OF SEVERAL OCCURRENCES

COLUMN 17 PEAK WIND IN M.P.H.

PRELIMINARY LOCAL CLIMATOLOGICAL DATA (WS FORM: F-6) , PAGE 2

                                          STATION:  CLEVELAND OH
                                          MONTH:    NOVEMBER
                                          YEAR:     2014
                                          LATITUDE:   41 24 N
                                          LONGITUDE:  81 51 W

[TEMPERATURE DATA]      [PRECIPITATION DATA]       SYMBOLS USED IN COLUMN 16

AVERAGE MONTHLY: 37.0   TOTAL FOR MONTH:   2.80    1 = FOG OR MIST
DPTR FM NORMAL:  -7.7   DPTR FM NORMAL:   -0.35    2 = FOG REDUCING VISIBILITY
HIGHEST:    66 ON 11    GRTST 24HR  0.87 ON 31- 1      TO 1/4 MILE OR LESS
LOWEST:     10 ON 18                               3 = THUNDER
                        SNOW, ICE PELLETS, HAIL    4 = ICE PELLETS
                        TOTAL MONTH:  12.4 INCHES  5 = HAIL
                        GRTST 24HR   3.6 ON   M    6 = FREEZING RAIN OR DRIZZLE
                        GRTST DEPTH:   4 ON 21,15  7 = DUSTSTORM OR SANDSTORM:
                                                       VSBY 1/2 MILE OR LESS
                                                   8 = SMOKE OR HAZE
[NO. OF DAYS WITH]      [WEATHER - DAYS WITH]      9 = BLOWING SNOW
                                                   X = TORNADO
MAX 32 OR BELOW:   5    0.01 INCH OR MORE:  16
MAX 90 OR ABOVE:   0    0.10 INCH OR MORE:   9
MIN 32 OR BELOW:  16    0.50 INCH OR MORE:   2
MIN  0 OR BELOW:   0    1.00 INCH OR MORE:   0

[HDD (BASE 65) ]
TOTAL THIS MO.   725    CLEAR  (SCALE 0-3)   0
DPTR FM NORMAL   195    PTCLDY (SCALE 4-7)  12
TOTAL FM JUL 1  1225    CLOUDY (SCALE 8-10) 14
DPTR FM NORMAL   235

[CDD (BASE 65) ]
TOTAL THIS MO.     0
DPTR FM NORMAL     0    [PRESSURE DATA]
TOTAL FM JAN 1   657    HIGHEST SLP M ON M
DPTR FM NORMAL  -159    LOWEST  SLP 29.27 ON 24

[REMARKS]
