000
CXUS51 KCLE 281004
CF6CLE
PRELIMINARY LOCAL CLIMATOLOGICAL DATA (WS FORM: F-6)

                                          STATION:   CLEVELAND OH
                                          MONTH:     FEBRUARY
                                          YEAR:      2015
                                          LATITUDE:   41 24 N
                                          LONGITUDE:  81 51 W

  TEMPERATURE IN F:       :PCPN:    SNOW:  WIND      :SUNSHINE: SKY     :PK WND
================================================================================
1   2   3   4   5  6A  6B    7    8   9   10  11  12  13   14  15   16   17  18
                                     12Z  AVG MX 2MIN
DY MAX MIN AVG DEP HDD CDD  WTR  SNW DPTH SPD SPD DIR MIN PSBL S-S WX    SPD DR
================================================================================

 1  32  29  31   2  34   0 0.72  7.2    1  7.0 13 100   M    M  10 12468  17 120
 2  29   4  17 -12  48   0 0.04  0.9    7 12.9 28  10   M    M   8 1469   35 360
 3  27   4  16 -13  49   0 0.04  0.4    7 10.3 20 240   M    M   8 1      26 240
 4  35  20  28  -1  37   0 0.35  4.4    8 11.1 21 360   M    M  10 128    27 350
 5  20   4  12 -17  53   0    T    T   10 10.2 22 350   M    M   4 8      29 360
 6  28   6  17 -12  48   0 0.00  0.0    9 12.2 20 240   M    M   8        25 220
 7  45  25  35   6  30   0 0.00  0.0    6  8.7 17 210   M    M   9        21 210
 8  47  24  36   7  29   0    T  0.0    6  9.4 22  20   M    M  10 16     28  20
 9  24  16  20 -10  45   0    T    T    4 15.2 25  20   M    M   9 16     32  30
10  22  15  19 -11  46   0    T    T    4  8.5 15  10   M    M   9 1      19 360
11  34  12  23  -7  42   0 0.02    T    4  9.5 21 280   M    M   9 168    26 270
12  29   3  16 -14  49   0 0.02  0.5    4 15.7 28 330   M    M   8 189    35 340
13  20  -2   9 -21  56   0    T    T    4  8.8 18 200   M    M   5        25 200
14  26   2  14 -16  51   0 0.17  5.2    5 16.2 33 350   M    M   9 1289   43 350
15   3  -5  -1 -31  66   0    T    T    7 11.0 24 320   M    M   5 89     32 310
16   8 -12  -2 -33  67   0 0.00  0.0    7  4.6  9  20   M    M   9 1      12 150
17  19  -8   6 -25  59   0 0.01  0.1    7  8.1 17 220   M    M   7        25 240
18  17   9  13 -18  52   0 0.01  0.5    6 14.6 25 250   M    M   9 19     33 250
19   9  -4   3 -28  62   0 0.02  1.0    7 12.7 24 290   M    M   9 19     30 290
20  13 -17  -2 -33  67   0 0.00  0.0    6  7.8 18 180   M    M   4        24 190
21  26  12  19 -13  46   0 0.38  2.7    9  7.4 20 180   M    M  10 128    24 170
22  29  13  21 -11  44   0 0.04  0.9    9  7.6 16 360   M    M  10 128    20 330
23  15  -5   5 -27  60   0 0.03  0.8   10  8.7 23 350   M    M   3 189    28 360
24  22  -3  10 -22  55   0    T    T    9 14.2 25 230   M    M   7        34 210
25  23  10  17 -15  48   0    T    T    9  9.8 20 340   M    M   7        27 240
26  14   7  11 -22  54   0 0.01  0.3    8 14.3 21  10   M    M  10 19     25 350
27  15  -5   5 -28  60   0 0.00  0.0    8  6.1  9 260   M    M   2 8       9 260
================================================================================
SM  631  154      1357   0  1.86    24.9 282.6          M      208
================================================================================
AV 23.4  5.7                              10.5 FASTST   M    M   8    MAX(MPH)
                                 MISC ---->  # 33 350               # 43  350
================================================================================
NOTES:
# LAST OF SEVERAL OCCURRENCES

COLUMN 17 PEAK WIND IN M.P.H.

PRELIMINARY LOCAL CLIMATOLOGICAL DATA (WS FORM: F-6) , PAGE 2

                                          STATION:  CLEVELAND OH
                                          MONTH:    FEBRUARY
                                          YEAR:     2015
                                          LATITUDE:   41 24 N
                                          LONGITUDE:  81 51 W

[TEMPERATURE DATA]      [PRECIPITATION DATA]       SYMBOLS USED IN COLUMN 16

AVERAGE MONTHLY: 14.5   TOTAL FOR MONTH:   1.86    1 = FOG OR MIST
DPTR FM NORMAL: -15.9   DPTR FM NORMAL:   -0.39    2 = FOG REDUCING VISIBILITY
HIGHEST:    47 ON  8    GRTST 24HR  0.84 ON  1- 1      TO 1/4 MILE OR LESS
LOWEST:    -17 ON 20                               3 = THUNDER
                        SNOW, ICE PELLETS, HAIL    4 = ICE PELLETS
                        TOTAL MONTH:  24.9 INCHES  5 = HAIL
                        GRTST 24HR   7.2 ON   M    6 = FREEZING RAIN OR DRIZZLE
                        GRTST DEPTH:  10 ON 23, 5  7 = DUSTSTORM OR SANDSTORM:
                                                       VSBY 1/2 MILE OR LESS
                                                   8 = SMOKE OR HAZE
[NO. OF DAYS WITH]      [WEATHER - DAYS WITH]      9 = BLOWING SNOW
                                                   X = TORNADO
MAX 32 OR BELOW:  23    0.01 INCH OR MORE:  14
MAX 90 OR ABOVE:   0    0.10 INCH OR MORE:   4
MIN 32 OR BELOW:  27    0.50 INCH OR MORE:   1
MIN  0 OR BELOW:   9    1.00 INCH OR MORE:   0

[HDD (BASE 65) ]
TOTAL THIS MO.  1357    CLEAR  (SCALE 0-3)   2
DPTR FM NORMAL   425    PTCLDY (SCALE 4-7)  11
TOTAL FM JUL 1  4893    CLOUDY (SCALE 8-10) 14
DPTR FM NORMAL   709

[CDD (BASE 65) ]
TOTAL THIS MO.     0
DPTR FM NORMAL     0    [PRESSURE DATA]
TOTAL FM JAN 1     0    HIGHEST SLP M ON M
DPTR FM NORMAL     0    LOWEST  SLP 29.42 ON  2

[REMARKS]
