000
CXUS54 KHGX 251423
CF6CLL
PRELIMINARY LOCAL CLIMATOLOGICAL DATA (WS FORM: F-6)

                                          STATION:   COLLEGE STATION
                                          MONTH:     JANUARY
                                          YEAR:      2015
                                          LATITUDE:   30 34 N
                                          LONGITUDE:  96 22 W

  TEMPERATURE IN F:       :PCPN:    SNOW:  WIND      :SUNSHINE: SKY     :PK WND
================================================================================
1   2   3   4   5  6A  6B    7    8   9   10  11  12  13   14  15   16   17  18
                                     12Z  AVG MX 2MIN
DY MAX MIN AVG DEP HDD CDD  WTR  SNW DPTH SPD SPD DIR MIN PSBL S-S WX    SPD DR
================================================================================

 1  42  37  40 -11  25   0 0.49    M    0  8.5 15  30   M    M  10 1      19  30
 2  45  41  43  -8  22   0 0.20  0.0    0  8.0 13 300   M    M  10 1      16 300
 3  50  39  45  -6  20   0 1.05  0.0    0  5.5 20 310   M    M   7 13     25 290
 4  49  33  41 -10  24   0 0.00  0.0    0 10.6 23 350   M    M   0 1      29 320
 5  51  29  40 -11  25   0 0.00  0.0    0  5.6 14  50   M    M   0        16  20
 6  65  33  49  -2  16   0 0.00  0.0    0  3.8 12 230   M    M   0        13 230
 7  55  29  42  -9  23   0 0.00  0.0    0 13.6 28 360   M    M   3        35 350
 8  37  22  30 -21  35   0 0.04  0.0    0  6.8 23 360   M    M   1        29 350
 9  37  34  36 -15  29   0 0.15  0.0    0  8.8 16  10   M    M  10 1      21  50
10  39  35  37 -14  28   0 0.05    M    0  7.7 14  40   M    M  10 18     16  40
11  43  35  39 -12  26   0 1.44    M    0  4.7 16  50   M    M  10 13     20  40
12  46  41  44  -7  21   0 0.00  0.0    0 10.5 18 360   M    M  10 1      24 360
13  43  37  40 -11  25   0 0.00  0.0    0 11.4 17 360   M    M  10 18     22  10
14  44  40  42  -9  23   0 0.00  0.0    0  9.4 14  10   M    M  10        16  30
15  56  37  47  -4  18   0 0.00  0.0    0  7.9 17 340   M    M   3 18     24  10
16  60  30  45  -6  20   0 0.00  0.0    0  3.1  9 180   M    M   0 1      12 190
17  66  37  52   1  13   0 0.00  0.0    0  7.0 21 210   M    M   2        27 210
18  69  39  54   3  11   0 0.00  0.0    0  4.5 12 360   M    M   0        14  20
19  71  36  54   3  11   0 0.00  0.0    0  6.6 16 210   M    M   0        22 180
20  73  52  63  12   2   0 0.00  0.0    0  5.1 13 130   M    M   4 12     14 190
21  61  50  56   5   9   0 0.06  0.0    0  8.7 18  50   M    M   8 1      24  70
22  53  42  48  -3  17   0 2.90    M    0 15.3 35  70   M    M  10 1      44  80
23  47  36  42  -9  23   0 0.26    M    0 10.5 22 360   M    M   7 1      28 360
24  59  32  46  -5  19   0 0.00  0.0    0  5.3 12 250   M    M   0 1      16 240
================================================================================
SM 1261  876       485   0  6.64     0.0 188.9          M      125
================================================================================
AV 52.5 36.5                               7.9 FASTST   M    M   5    MAX(MPH)
                                 MISC ---->  # 35  70               # 44   80
================================================================================
NOTES:
# LAST OF SEVERAL OCCURRENCES

COLUMN 17 PEAK WIND IN M.P.H.

PRELIMINARY LOCAL CLIMATOLOGICAL DATA (WS FORM: F-6) , PAGE 2

                                          STATION:  COLLEGE STATION
                                          MONTH:    JANUARY
                                          YEAR:     2015
                                          LATITUDE:   30 34 N
                                          LONGITUDE:  96 22 W

[TEMPERATURE DATA]      [PRECIPITATION DATA]       SYMBOLS USED IN COLUMN 16

AVERAGE MONTHLY: 44.5   TOTAL FOR MONTH:   6.64    1 = FOG OR MIST
DPTR FM NORMAL:  -6.5   DPTR FM NORMAL:    4.13    2 = FOG REDUCING VISIBILITY
HIGHEST:    73 ON 20    GRTST 24HR  2.95 ON 21-22      TO 1/4 MILE OR LESS
LOWEST:     22 ON  8                               3 = THUNDER
                        SNOW, ICE PELLETS, HAIL    4 = ICE PELLETS
                        TOTAL MONTH:   0.0 INCH    5 = HAIL
                        GRTST 24HR     0.0         6 = FREEZING RAIN OR DRIZZLE
                        GRTST DEPTH:   0           7 = DUSTSTORM OR SANDSTORM:
                                                       VSBY 1/2 MILE OR LESS
                                                   8 = SMOKE OR HAZE
[NO. OF DAYS WITH]      [WEATHER - DAYS WITH]      9 = BLOWING SNOW
                                                   X = TORNADO
MAX 32 OR BELOW:   0    0.01 INCH OR MORE:  10
MAX 90 OR ABOVE:   0    0.10 INCH OR MORE:   7
MIN 32 OR BELOW:   5    0.50 INCH OR MORE:   3
MIN  0 OR BELOW:   0    1.00 INCH OR MORE:   3

[HDD (BASE 65) ]
TOTAL THIS MO.   485    CLEAR  (SCALE 0-3)  10
DPTR FM NORMAL   136    PTCLDY (SCALE 4-7)   4
TOTAL FM JUL 1  1094    CLOUDY (SCALE 8-10) 10
DPTR FM NORMAL   109

[CDD (BASE 65) ]
TOTAL THIS MO.     0
DPTR FM NORMAL     0    [PRESSURE DATA]
TOTAL FM JAN 1     0    HIGHEST SLP M ON M
DPTR FM NORMAL     0    LOWEST  SLP 29.87 ON  3

[REMARKS]
