000
CXUS54 KHGX 281426
CF6CLL
PRELIMINARY LOCAL CLIMATOLOGICAL DATA (WS FORM: F-6)

                                          STATION:   COLLEGE STATION
                                          MONTH:     FEBRUARY
                                          YEAR:      2015
                                          LATITUDE:   30 34 N
                                          LONGITUDE:  96 22 W

  TEMPERATURE IN F:       :PCPN:    SNOW:  WIND      :SUNSHINE: SKY     :PK WND
================================================================================
1   2   3   4   5  6A  6B    7    8   9   10  11  12  13   14  15   16   17  18
                                     12Z  AVG MX 2MIN
DY MAX MIN AVG DEP HDD CDD  WTR  SNW DPTH SPD SPD DIR MIN PSBL S-S WX    SPD DR
================================================================================

 1  75  44  60   8   5   0 0.04    M    0 13.0 25 340   M    M   6 1      32 340
 2  47  32  40 -12  25   0 0.00  0.0    0  9.7 21 360   M    M   0        29 360
 3  44  39  42 -10  23   0 0.22    M    0  4.1  8 150   M    M   6 1      10 140
 4  53  42  48  -5  17   0 0.04  0.0    0  3.6 10 350   M    M   9 1      12 350
 5  51  37  44  -9  21   0 0.02  0.0    0 10.9 20 350   M    M  10 1      25 340
 6  57  37  47  -6  18   0 0.00  0.0    0  4.8 12 190   M    M   6 18     21 210
 7  69  43  56   3   9   0 0.00  0.0    0 12.7 23 180   M    M   3 12     31 190
 8  72  54  63  10   2   0 0.00  0.0    0  9.4 22 200   M    M   5        33 210
 9  82  47  65  12   0   0 0.00  0.0    0  6.0 18 360   M    M   0 18     23 340
10  77  45  61   7   4   0 0.00  0.0    0  6.7 15 160   M    M   0        19 180
11  74  56  65  11   0   0 0.00  0.0    0  7.6 16 170   M    M   4 1      21 240
12  62  44  53  -1  12   0 0.00  0.0    0 11.2 22 350   M    M   2        28 360
13  65  41  53  -1  12   0 0.00  0.0    0  5.9 13 240   M    M   1        16 220
14  79  44  62   8   3   0 0.00  0.0    0  4.7 13 290   M    M   0 128    16 300
15  68  53  61   7   4   0 0.02  0.0    0  7.2 18 160   M    M   5 1      23 180
16  66  36  51  -4  14   0 0.25    M    0 15.0 24 340   M    M  10 1      31 340
17  51  32  42 -13  23   0 0.00  0.0    0  9.0 17  10   M    M   6        21  10
18  63  30  47  -8  18   0 0.00  0.0    0  2.0 10 260   M    M   0        13 260
19  67  37  52  -3  13   0 0.00  0.0    0 10.1 20 160   M    M   2        25 140
20  72  51  62   6   3   0    T  0.0    0 16.9 30 170   M    M  10 1      39 190
21  75  57  66  10   0   1    T  0.0    0 13.0 26 180   M    M   8        37 180
22  58  42  50  -6  15   0 0.08    M    0 11.9 23  10   M    M  10 1      29  20
23  42  31  37 -19  28   0 0.01    T    0 14.5 21 360   M    M  10 1      26 350
24  37  29  33 -23  32   0    T    M    0  8.2 15 360   M    M  10 16     17  10
25  50  34  42 -15  23   0 0.06  0.0    0  7.6 17 310   M    M   7 1      23 300
26  48  31  40 -17  25   0 0.00  0.0    0 10.4 18 350   M    M   3 18     23 350
27  42  35  39 -18  26   0 0.00  0.0    0 11.4 17  50   M    M  10        24  30
================================================================================
SM 1646 1103       375   1  0.74    T    247.5          M      143
================================================================================
AV 61.0 40.9                               9.2 FASTST   M    M   5    MAX(MPH)
                                 MISC ---->  # 30 170               # 39  190
================================================================================
NOTES:
# LAST OF SEVERAL OCCURRENCES

COLUMN 17 PEAK WIND IN M.P.H.

PRELIMINARY LOCAL CLIMATOLOGICAL DATA (WS FORM: F-6) , PAGE 2

                                          STATION:  COLLEGE STATION
                                          MONTH:    FEBRUARY
                                          YEAR:     2015
                                          LATITUDE:   30 34 N
                                          LONGITUDE:  96 22 W

[TEMPERATURE DATA]      [PRECIPITATION DATA]       SYMBOLS USED IN COLUMN 16

AVERAGE MONTHLY: 50.9   TOTAL FOR MONTH:   0.74    1 = FOG OR MIST
DPTR FM NORMAL:  -3.5   DPTR FM NORMAL:   -2.01    2 = FOG REDUCING VISIBILITY
HIGHEST:    82 ON  9    GRTST 24HR  0.27 ON 15-16      TO 1/4 MILE OR LESS
LOWEST:     29 ON 24                               3 = THUNDER
                        SNOW, ICE PELLETS, HAIL    4 = ICE PELLETS
                        TOTAL MONTH:    T          5 = HAIL
                        GRTST 24HR    T  ON 23-23  6 = FREEZING RAIN OR DRIZZLE
                        GRTST DEPTH:   0           7 = DUSTSTORM OR SANDSTORM:
                                                       VSBY 1/2 MILE OR LESS
                                                   8 = SMOKE OR HAZE
[NO. OF DAYS WITH]      [WEATHER - DAYS WITH]      9 = BLOWING SNOW
                                                   X = TORNADO
MAX 32 OR BELOW:   0    0.01 INCH OR MORE:   9
MAX 90 OR ABOVE:   0    0.10 INCH OR MORE:   2
MIN 32 OR BELOW:   6    0.50 INCH OR MORE:   0
MIN  0 OR BELOW:   0    1.00 INCH OR MORE:   0

[HDD (BASE 65) ]
TOTAL THIS MO.   375    CLEAR  (SCALE 0-3)  10
DPTR FM NORMAL    75    PTCLDY (SCALE 4-7)   9
TOTAL FM JUL 1  1519    CLOUDY (SCALE 8-10)  8
DPTR FM NORMAL   141

[CDD (BASE 65) ]
TOTAL THIS MO.     1
DPTR FM NORMAL   -23    [PRESSURE DATA]
TOTAL FM JAN 1     1    HIGHEST SLP M ON M
DPTR FM NORMAL   -34    LOWEST  SLP 29.82 ON 25

[REMARKS]
