000
CXUS52 KGSP 180817
CF6CLT
PRELIMINARY LOCAL CLIMATOLOGICAL DATA (WS FORM: F-6)

                                          STATION:   CHARLOTTE NC
                                          MONTH:     APRIL
                                          YEAR:      2014
                                          LATITUDE:   35 12 N
                                          LONGITUDE:  80 57 W

  TEMPERATURE IN F:       :PCPN:    SNOW:  WIND      :SUNSHINE: SKY     :PK WND
================================================================================
1   2   3   4   5  6A  6B    7    8   9   10  11  12  13   14  15   16   17  18
                                     12Z  AVG MX 2MIN
DY MAX MIN AVG DEP HDD CDD  WTR  SNW DPTH SPD SPD DIR MIN PSBL S-S WX    SPD DR
================================================================================

 1  82  39  61   5   4   0 0.00  0.0    0  4.4 14 220   M    M   5        17 220
 2  86  53  70  14   0   5 0.00  0.0    0  6.7 17 200   M    M   2        23 210
 3  86  59  73  17   0   8 0.00  0.0    0  8.1 21 190   M    M   6        28 210
 4  80  55  68  12   0   3 0.00  0.0    0 11.5 22 210   M    M   8        31 220
 5  73  53  63   6   2   0 0.00  0.0    0  6.5 14 330   M    M   6        17  40
 6  59  48  54  -3  11   0 0.00  0.0    0  9.1 15  70   M    M  10        23  50
 7  61  47  54  -3  11   0 1.74  0.0    0  8.2 21 130   M    M  10 1      30 290
 8  68  55  62   4   3   0 0.01  0.0    0  7.3 13 340   M    M   9 1      20 320
 9  68  44  56  -2   9   0    T  0.0    0  6.0 18 320   M    M   4        23 290
10  73  36  55  -3  10   0 0.00  0.0    0  4.8 16 180   M    M   0        22 240
11  77  47  62   4   3   0 0.00  0.0    0  8.7 21 210   M    M   3        30 230
12  81  48  65   7   0   0 0.00  0.0    0  5.3 13 150   M    M   2        17 160
13  80  54  67   8   0   2 0.00  0.0    0  9.8 20 150   M    M   6        23 150
14  77  60  69  10   0   4 0.13  0.0    0 11.2 18 170   M    M  10 1      26 200
15  70  37  54  -5  11   0 1.73  0.0    0 10.8 23 280   M    M   8 1      31 340
16  57  32  45 -15  20   0 0.00  0.0    0  8.9 20  20   M    M   0        26  70
17  64  37  51  -9  14   0 0.00  0.0    0  7.6 15  70   M    M   3        24  90
================================================================================
SM 1242  804        98  22  3.61     0.0 134.9          M       92
================================================================================
AV 73.1 47.3                               7.9 FASTST   M    M   5    MAX(MPH)
                                 MISC ---->  # 23 280               # 31  220
================================================================================
NOTES:
# LAST OF SEVERAL OCCURRENCES

COLUMN 17 PEAK WIND IN M.P.H.

PRELIMINARY LOCAL CLIMATOLOGICAL DATA (WS FORM: F-6) , PAGE 2

                                          STATION:  CHARLOTTE NC
                                          MONTH:    APRIL
                                          YEAR:     2014
                                          LATITUDE:   35 12 N
                                          LONGITUDE:  80 57 W

[TEMPERATURE DATA]      [PRECIPITATION DATA]       SYMBOLS USED IN COLUMN 16

AVERAGE MONTHLY: 60.2   TOTAL FOR MONTH:   3.61    1 = FOG OR MIST
DPTR FM NORMAL:   2.4   DPTR FM NORMAL:    1.88    2 = FOG REDUCING VISIBILITY
HIGHEST:    86 ON  3, 2 GRTST 24HR  1.86 ON 14-15      TO 1/4 MILE OR LESS
LOWEST:     32 ON 16                               3 = THUNDER
                        SNOW, ICE PELLETS, HAIL    4 = ICE PELLETS
                        TOTAL MONTH:   0.0 INCH    5 = HAIL
                        GRTST 24HR     0.0         6 = FREEZING RAIN OR DRIZZLE
                        GRTST DEPTH:   0           7 = DUSTSTORM OR SANDSTORM:
                                                       VSBY 1/2 MILE OR LESS
                                                   8 = SMOKE OR HAZE
[NO. OF DAYS WITH]      [WEATHER - DAYS WITH]      9 = BLOWING SNOW
                                                   X = TORNADO
MAX 32 OR BELOW:   0    0.01 INCH OR MORE:   4
MAX 90 OR ABOVE:   0    0.10 INCH OR MORE:   3
MIN 32 OR BELOW:   1    0.50 INCH OR MORE:   2
MIN  0 OR BELOW:   0    1.00 INCH OR MORE:   2

[HDD (BASE 65) ]
TOTAL THIS MO.    98    CLEAR  (SCALE 0-3)   5
DPTR FM NORMAL   -38    PTCLDY (SCALE 4-7)   7
TOTAL FM JUL 1  3315    CLOUDY (SCALE 8-10)  5
DPTR FM NORMAL    47

[CDD (BASE 65) ]
TOTAL THIS MO.    22
DPTR FM NORMAL     6    [PRESSURE DATA]
TOTAL FM JAN 1    23    HIGHEST SLP M ON M
DPTR FM NORMAL     2    LOWEST  SLP 29.60 ON  8

[REMARKS]
